{"version":"1.0","provider_name":"El Diario - Bolivia","provider_url":"https:\/\/www.eldiario.net\/portal","title":"De la lectura del mundo - El Diario - Bolivia","type":"rich","width":600,"height":338,"html":"<blockquote class=\"wp-embedded-content\" data-secret=\"kSyfRhs8KB\"><a href=\"https:\/\/www.eldiario.net\/portal\/2023\/11\/17\/de-la-lectura-del-mundo\/\">De la lectura del mundo<\/a><\/blockquote><iframe sandbox=\"allow-scripts\" security=\"restricted\" src=\"https:\/\/www.eldiario.net\/portal\/2023\/11\/17\/de-la-lectura-del-mundo\/embed\/#?secret=kSyfRhs8KB\" width=\"600\" height=\"338\" title=\"\u00abDe la lectura del mundo\u00bb \u2014 El Diario - Bolivia\" data-secret=\"kSyfRhs8KB\" frameborder=\"0\" marginwidth=\"0\" marginheight=\"0\" scrolling=\"no\" class=\"wp-embedded-content\"><\/iframe><script>\n\/*! This file is auto-generated *\/\n!function(d,l){\"use strict\";l.querySelector&&d.addEventListener&&\"undefined\"!=typeof URL&&(d.wp=d.wp||{},d.wp.receiveEmbedMessage||(d.wp.receiveEmbedMessage=function(e){var t=e.data;if((t||t.secret||t.message||t.value)&&!\/[^a-zA-Z0-9]\/.test(t.secret)){for(var s,r,n,a=l.querySelectorAll('iframe[data-secret=\"'+t.secret+'\"]'),o=l.querySelectorAll('blockquote[data-secret=\"'+t.secret+'\"]'),c=new RegExp(\"^https?:$\",\"i\"),i=0;i<o.length;i++)o[i].style.display=\"none\";for(i=0;i<a.length;i++)s=a[i],e.source===s.contentWindow&&(s.removeAttribute(\"style\"),\"height\"===t.message?(1e3<(r=parseInt(t.value,10))?r=1e3:~~r<200&&(r=200),s.height=r):\"link\"===t.message&&(r=new URL(s.getAttribute(\"src\")),n=new URL(t.value),c.test(n.protocol))&&n.host===r.host&&l.activeElement===s&&(d.top.location.href=t.value))}},d.addEventListener(\"message\",d.wp.receiveEmbedMessage,!1),l.addEventListener(\"DOMContentLoaded\",function(){for(var e,t,s=l.querySelectorAll(\"iframe.wp-embedded-content\"),r=0;r<s.length;r++)(t=(e=s[r]).getAttribute(\"data-secret\"))||(t=Math.random().toString(36).substring(2,12),e.src+=\"#?secret=\"+t,e.setAttribute(\"data-secret\",t)),e.contentWindow.postMessage({message:\"ready\",secret:t},\"*\")},!1)))}(window,document);\n\/\/# sourceURL=https:\/\/www.eldiario.net\/portal\/wp-includes\/js\/wp-embed.min.js\n<\/script>\n","description":"Ronney Galvez Galvez Existe la creencia de que el acto de leer inicia cuando el ni\u00f1o o ni\u00f1a tiene su primer contacto con un texto y, por ende, con los signos ling\u00fc\u00edsticos. Sin embargo, de acuerdo con diferentes autores, entre los m\u00e1s renombrados Paulo Freire, la lectura del mundo antecede a la palabra, es decir, [&hellip;]"}

Ronney Galvez Galvez Existe la creencia de que el acto de leer inicia cuando el niño o niña tiene su primer contacto con un texto y, por ende, con los signos lingüísticos. Sin embargo, de acuerdo con diferentes autores, entre los más renombrados Paulo Freire, la lectura del mundo antecede a la palabra, es decir, [&hellip;]
