{"version":"1.0","provider_name":"El Diario - Bolivia","provider_url":"https:\/\/www.eldiario.net\/portal","title":"Relanzamiento del grupo femenino Voces Morenas - El Diario - Bolivia","type":"rich","width":600,"height":338,"html":"<blockquote class=\"wp-embedded-content\" data-secret=\"5oXPtbqIsw\"><a href=\"https:\/\/www.eldiario.net\/portal\/2023\/10\/11\/relanzamiento-del-grupo-femenino-voces-morenas\/\">Relanzamiento del grupo femenino Voces Morenas<\/a><\/blockquote><iframe sandbox=\"allow-scripts\" security=\"restricted\" src=\"https:\/\/www.eldiario.net\/portal\/2023\/10\/11\/relanzamiento-del-grupo-femenino-voces-morenas\/embed\/#?secret=5oXPtbqIsw\" width=\"600\" height=\"338\" title=\"\u00abRelanzamiento del grupo femenino Voces Morenas\u00bb \u2014 El Diario - Bolivia\" data-secret=\"5oXPtbqIsw\" frameborder=\"0\" marginwidth=\"0\" marginheight=\"0\" scrolling=\"no\" class=\"wp-embedded-content\"><\/iframe><script>\n\/*! This file is auto-generated *\/\n!function(d,l){\"use strict\";l.querySelector&&d.addEventListener&&\"undefined\"!=typeof URL&&(d.wp=d.wp||{},d.wp.receiveEmbedMessage||(d.wp.receiveEmbedMessage=function(e){var t=e.data;if((t||t.secret||t.message||t.value)&&!\/[^a-zA-Z0-9]\/.test(t.secret)){for(var s,r,n,a=l.querySelectorAll('iframe[data-secret=\"'+t.secret+'\"]'),o=l.querySelectorAll('blockquote[data-secret=\"'+t.secret+'\"]'),c=new RegExp(\"^https?:$\",\"i\"),i=0;i<o.length;i++)o[i].style.display=\"none\";for(i=0;i<a.length;i++)s=a[i],e.source===s.contentWindow&&(s.removeAttribute(\"style\"),\"height\"===t.message?(1e3<(r=parseInt(t.value,10))?r=1e3:~~r<200&&(r=200),s.height=r):\"link\"===t.message&&(r=new URL(s.getAttribute(\"src\")),n=new URL(t.value),c.test(n.protocol))&&n.host===r.host&&l.activeElement===s&&(d.top.location.href=t.value))}},d.addEventListener(\"message\",d.wp.receiveEmbedMessage,!1),l.addEventListener(\"DOMContentLoaded\",function(){for(var e,t,s=l.querySelectorAll(\"iframe.wp-embedded-content\"),r=0;r<s.length;r++)(t=(e=s[r]).getAttribute(\"data-secret\"))||(t=Math.random().toString(36).substring(2,12),e.src+=\"#?secret=\"+t,e.setAttribute(\"data-secret\",t)),e.contentWindow.postMessage({message:\"ready\",secret:t},\"*\")},!1)))}(window,document);\n\/\/# sourceURL=https:\/\/www.eldiario.net\/portal\/wp-includes\/js\/wp-embed.min.js\n<\/script>\n","thumbnail_url":"https:\/\/www.eldiario.net\/portal\/wp-content\/uploads\/2023\/10\/voces-1.jpeg","thumbnail_width":1600,"thumbnail_height":800,"description":"La agrupaci\u00f3n femenina Voces Morenas retorna a los escenarios despu\u00e9s de un per\u00edodo de investigaci\u00f3n, trabajo individual y renovaci\u00f3n dentro de la m\u00fasica folkl\u00f3rica nacional. Voces Morenas naci\u00f3 el 11 de octubre de 2001, fecha en que se recuerda el d\u00eda de la Mujer Boliviana, con el objetivo de seguir motivando a la juventud femenina [&hellip;]"}

La agrupación femenina Voces Morenas retorna a los escenarios después de un período de investigación, trabajo individual y renovación dentro de la música folklórica nacional. Voces Morenas nació el 11 de octubre de 2001, fecha en que se recuerda el día de la Mujer Boliviana, con el objetivo de seguir motivando a la juventud femenina [&hellip;]
