{"version":"1.0","provider_name":"El Diario - Bolivia","provider_url":"https:\/\/www.eldiario.net\/portal","title":"FEST\u00cdN DE OCAS Y CORDERO - El Diario - Bolivia","type":"rich","width":600,"height":338,"html":"<blockquote class=\"wp-embedded-content\" data-secret=\"HoS8qjCANj\"><a href=\"https:\/\/www.eldiario.net\/portal\/2023\/10\/11\/festin-de-ocas-y-cordero\/\">FEST\u00cdN DE OCAS Y CORDERO<\/a><\/blockquote><iframe sandbox=\"allow-scripts\" security=\"restricted\" src=\"https:\/\/www.eldiario.net\/portal\/2023\/10\/11\/festin-de-ocas-y-cordero\/embed\/#?secret=HoS8qjCANj\" width=\"600\" height=\"338\" title=\"\u00abFEST\u00cdN DE OCAS Y CORDERO\u00bb \u2014 El Diario - Bolivia\" data-secret=\"HoS8qjCANj\" frameborder=\"0\" marginwidth=\"0\" marginheight=\"0\" scrolling=\"no\" class=\"wp-embedded-content\"><\/iframe><script>\n\/*! This file is auto-generated *\/\n!function(d,l){\"use strict\";l.querySelector&&d.addEventListener&&\"undefined\"!=typeof URL&&(d.wp=d.wp||{},d.wp.receiveEmbedMessage||(d.wp.receiveEmbedMessage=function(e){var t=e.data;if((t||t.secret||t.message||t.value)&&!\/[^a-zA-Z0-9]\/.test(t.secret)){for(var s,r,n,a=l.querySelectorAll('iframe[data-secret=\"'+t.secret+'\"]'),o=l.querySelectorAll('blockquote[data-secret=\"'+t.secret+'\"]'),c=new RegExp(\"^https?:$\",\"i\"),i=0;i<o.length;i++)o[i].style.display=\"none\";for(i=0;i<a.length;i++)s=a[i],e.source===s.contentWindow&&(s.removeAttribute(\"style\"),\"height\"===t.message?(1e3<(r=parseInt(t.value,10))?r=1e3:~~r<200&&(r=200),s.height=r):\"link\"===t.message&&(r=new URL(s.getAttribute(\"src\")),n=new URL(t.value),c.test(n.protocol))&&n.host===r.host&&l.activeElement===s&&(d.top.location.href=t.value))}},d.addEventListener(\"message\",d.wp.receiveEmbedMessage,!1),l.addEventListener(\"DOMContentLoaded\",function(){for(var e,t,s=l.querySelectorAll(\"iframe.wp-embedded-content\"),r=0;r<s.length;r++)(t=(e=s[r]).getAttribute(\"data-secret\"))||(t=Math.random().toString(36).substring(2,12),e.src+=\"#?secret=\"+t,e.setAttribute(\"data-secret\",t)),e.contentWindow.postMessage({message:\"ready\",secret:t},\"*\")},!1)))}(window,document);\n\/\/# sourceURL=https:\/\/www.eldiario.net\/portal\/wp-includes\/js\/wp-embed.min.js\n<\/script>\n","thumbnail_url":"https:\/\/www.eldiario.net\/portal\/wp-content\/uploads\/2023\/10\/NOTA-4-FOTO-1-1.jpg","thumbnail_width":992,"thumbnail_height":558,"description":"Queridos lectores, hoy los invito a embarcarse en un viaje culinario que nos llevar\u00e1 a las alturas majestuosas de Bolivia, donde los sabores de hoga\u00f1o se mezclan con la creatividad contempor\u00e1nea en un fest\u00edn que deleitar\u00e1 todos nuestros sentidos. En esta ocasi\u00f3n, nos centraremos en un ingrediente excepcional y relativamente desconocido: la oca. Acompa\u00f1ada por [&hellip;]"}

FESTÍN DE OCAS Y CORDERO - El Diario - Bolivia

<blockquote class="wp-embedded-content" data-secret="HoS8qjCANj"><a href="https://www.eldiario.net/portal/2023/10/11/festin-de-ocas-y-cordero/">FESTÍN DE OCAS Y CORDERO</a></blockquote><iframe sandbox="allow-scripts" security="restricted" src="https://www.eldiario.net/portal/2023/10/11/festin-de-ocas-y-cordero/embed/#?secret=HoS8qjCANj" width="600" height="338" title="«FESTÍN DE OCAS Y CORDERO» — El Diario - Bolivia" data-secret="HoS8qjCANj" frameborder="0" marginwidth="0" marginheight="0" scrolling="no" class="wp-embedded-content"></iframe><script>
/*! This file is auto-generated */
!function(d,l){"use strict";l.querySelector&&d.addEventListener&&"undefined"!=typeof URL&&(d.wp=d.wp||{},d.wp.receiveEmbedMessage||(d.wp.receiveEmbedMessage=function(e){var t=e.data;if((t||t.secret||t.message||t.value)&&!/[^a-zA-Z0-9]/.test(t.secret)){for(var s,r,n,a=l.querySelectorAll('iframe[data-secret="'+t.secret+'"]'),o=l.querySelectorAll('blockquote[data-secret="'+t.secret+'"]'),c=new RegExp("^https?:$","i"),i=0;i<o.length;i++)o[i].style.display="none";for(i=0;i<a.length;i++)s=a[i],e.source===s.contentWindow&&(s.removeAttribute("style"),"height"===t.message?(1e3<(r=parseInt(t.value,10))?r=1e3:~~r<200&&(r=200),s.height=r):"link"===t.message&&(r=new URL(s.getAttribute("src")),n=new URL(t.value),c.test(n.protocol))&&n.host===r.host&&l.activeElement===s&&(d.top.location.href=t.value))}},d.addEventListener("message",d.wp.receiveEmbedMessage,!1),l.addEventListener("DOMContentLoaded",function(){for(var e,t,s=l.querySelectorAll("iframe.wp-embedded-content"),r=0;r<s.length;r++)(t=(e=s[r]).getAttribute("data-secret"))||(t=Math.random().toString(36).substring(2,12),e.src+="#?secret="+t,e.setAttribute("data-secret",t)),e.contentWindow.postMessage({message:"ready",secret:t},"*")},!1)))}(window,document);
//# sourceURL=https://www.eldiario.net/portal/wp-includes/js/wp-embed.min.js
</script>

Queridos lectores, hoy los invito a embarcarse en un viaje culinario que nos llevará a las alturas majestuosas de Bolivia, donde los sabores de hogaño se mezclan con la creatividad contemporánea en un festín que deleitará todos nuestros sentidos. En esta ocasión, nos centraremos en un ingrediente excepcional y relativamente desconocido: la oca. Acompañada por [&hellip;]
