{"version":"1.0","provider_name":"El Diario - Bolivia","provider_url":"https:\/\/www.eldiario.net\/portal","title":"Subida de presupuesto en Asamblea Legislativa - El Diario - Bolivia","type":"rich","width":600,"height":338,"html":"<blockquote class=\"wp-embedded-content\" data-secret=\"W9s8RbFsVo\"><a href=\"https:\/\/www.eldiario.net\/portal\/2023\/10\/08\/subida-de-presupuesto-en-asamblea-legislativa\/\">Subida de presupuesto  en Asamblea Legislativa<\/a><\/blockquote><iframe sandbox=\"allow-scripts\" security=\"restricted\" src=\"https:\/\/www.eldiario.net\/portal\/2023\/10\/08\/subida-de-presupuesto-en-asamblea-legislativa\/embed\/#?secret=W9s8RbFsVo\" width=\"600\" height=\"338\" title=\"\u00abSubida de presupuesto  en Asamblea Legislativa\u00bb \u2014 El Diario - Bolivia\" data-secret=\"W9s8RbFsVo\" frameborder=\"0\" marginwidth=\"0\" marginheight=\"0\" scrolling=\"no\" class=\"wp-embedded-content\"><\/iframe><script>\n\/*! This file is auto-generated *\/\n!function(d,l){\"use strict\";l.querySelector&&d.addEventListener&&\"undefined\"!=typeof URL&&(d.wp=d.wp||{},d.wp.receiveEmbedMessage||(d.wp.receiveEmbedMessage=function(e){var t=e.data;if((t||t.secret||t.message||t.value)&&!\/[^a-zA-Z0-9]\/.test(t.secret)){for(var s,r,n,a=l.querySelectorAll('iframe[data-secret=\"'+t.secret+'\"]'),o=l.querySelectorAll('blockquote[data-secret=\"'+t.secret+'\"]'),c=new RegExp(\"^https?:$\",\"i\"),i=0;i<o.length;i++)o[i].style.display=\"none\";for(i=0;i<a.length;i++)s=a[i],e.source===s.contentWindow&&(s.removeAttribute(\"style\"),\"height\"===t.message?(1e3<(r=parseInt(t.value,10))?r=1e3:~~r<200&&(r=200),s.height=r):\"link\"===t.message&&(r=new URL(s.getAttribute(\"src\")),n=new URL(t.value),c.test(n.protocol))&&n.host===r.host&&l.activeElement===s&&(d.top.location.href=t.value))}},d.addEventListener(\"message\",d.wp.receiveEmbedMessage,!1),l.addEventListener(\"DOMContentLoaded\",function(){for(var e,t,s=l.querySelectorAll(\"iframe.wp-embedded-content\"),r=0;r<s.length;r++)(t=(e=s[r]).getAttribute(\"data-secret\"))||(t=Math.random().toString(36).substring(2,12),e.src+=\"#?secret=\"+t,e.setAttribute(\"data-secret\",t)),e.contentWindow.postMessage({message:\"ready\",secret:t},\"*\")},!1)))}(window,document);\n\/\/# sourceURL=https:\/\/www.eldiario.net\/portal\/wp-includes\/js\/wp-embed.min.js\n<\/script>\n","description":"En el curso de \u00faltimas semanas, las c\u00e1maras baja y alta del \u00d3rgano Legislativo Plurinacional sesionaron, despu\u00e9s de varios recesos temporales cuando se proced\u00eda al tratamiento de una ley relacionada con las elecciones de magistrados, programadas inicialmente para fines de este a\u00f1o, pero ahora se espera que se efect\u00faen a principios del siguiente, si se [&hellip;]"}

En el curso de últimas semanas, las cámaras baja y alta del Órgano Legislativo Plurinacional sesionaron, después de varios recesos temporales cuando se procedía al tratamiento de una ley relacionada con las elecciones de magistrados, programadas inicialmente para fines de este año, pero ahora se espera que se efectúen a principios del siguiente, si se [&hellip;]
