{"version":"1.0","provider_name":"El Diario - Bolivia","provider_url":"https:\/\/www.eldiario.net\/portal","title":"RELLENO DE YUCA - El Diario - Bolivia","type":"rich","width":600,"height":338,"html":"<blockquote class=\"wp-embedded-content\" data-secret=\"7jzK6EfIXs\"><a href=\"https:\/\/www.eldiario.net\/portal\/2023\/07\/19\/relleno-de-yuca\/\">RELLENO DE YUCA<\/a><\/blockquote><iframe sandbox=\"allow-scripts\" security=\"restricted\" src=\"https:\/\/www.eldiario.net\/portal\/2023\/07\/19\/relleno-de-yuca\/embed\/#?secret=7jzK6EfIXs\" width=\"600\" height=\"338\" title=\"\u00abRELLENO DE YUCA\u00bb \u2014 El Diario - Bolivia\" data-secret=\"7jzK6EfIXs\" frameborder=\"0\" marginwidth=\"0\" marginheight=\"0\" scrolling=\"no\" class=\"wp-embedded-content\"><\/iframe><script>\n\/*! This file is auto-generated *\/\n!function(d,l){\"use strict\";l.querySelector&&d.addEventListener&&\"undefined\"!=typeof URL&&(d.wp=d.wp||{},d.wp.receiveEmbedMessage||(d.wp.receiveEmbedMessage=function(e){var t=e.data;if((t||t.secret||t.message||t.value)&&!\/[^a-zA-Z0-9]\/.test(t.secret)){for(var s,r,n,a=l.querySelectorAll('iframe[data-secret=\"'+t.secret+'\"]'),o=l.querySelectorAll('blockquote[data-secret=\"'+t.secret+'\"]'),c=new RegExp(\"^https?:$\",\"i\"),i=0;i<o.length;i++)o[i].style.display=\"none\";for(i=0;i<a.length;i++)s=a[i],e.source===s.contentWindow&&(s.removeAttribute(\"style\"),\"height\"===t.message?(1e3<(r=parseInt(t.value,10))?r=1e3:~~r<200&&(r=200),s.height=r):\"link\"===t.message&&(r=new URL(s.getAttribute(\"src\")),n=new URL(t.value),c.test(n.protocol))&&n.host===r.host&&l.activeElement===s&&(d.top.location.href=t.value))}},d.addEventListener(\"message\",d.wp.receiveEmbedMessage,!1),l.addEventListener(\"DOMContentLoaded\",function(){for(var e,t,s=l.querySelectorAll(\"iframe.wp-embedded-content\"),r=0;r<s.length;r++)(t=(e=s[r]).getAttribute(\"data-secret\"))||(t=Math.random().toString(36).substring(2,12),e.src+=\"#?secret=\"+t,e.setAttribute(\"data-secret\",t)),e.contentWindow.postMessage({message:\"ready\",secret:t},\"*\")},!1)))}(window,document);\n\/\/# sourceURL=https:\/\/www.eldiario.net\/portal\/wp-includes\/js\/wp-embed.min.js\n<\/script>\n","thumbnail_url":"https:\/\/www.eldiario.net\/portal\/wp-content\/uploads\/2023\/07\/NOTA-4-FOTO-1-3.jpg","thumbnail_width":1024,"thumbnail_height":680,"description":"Queridos lectores, amantes de la gastronom\u00eda, bienvenidos a este espacio culinario, en el que exploraremos los sabores exquisitos que la cocina nos regala. Hoy nos adentramos en el apasionante mundo de la yuca, un tub\u00e9rculo originario de Am\u00e9rica que ha conquistado paladares en todo el mundo. En esta ocasi\u00f3n, nos deleitaremos con una receta tradicional [&hellip;]"}

Queridos lectores, amantes de la gastronomía, bienvenidos a este espacio culinario, en el que exploraremos los sabores exquisitos que la cocina nos regala. Hoy nos adentramos en el apasionante mundo de la yuca, un tubérculo originario de América que ha conquistado paladares en todo el mundo. En esta ocasión, nos deleitaremos con una receta tradicional [&hellip;]
