{"version":"1.0","provider_name":"El Diario - Bolivia","provider_url":"https:\/\/www.eldiario.net\/portal","title":"Gala musical italiana - El Diario - Bolivia","type":"rich","width":600,"height":338,"html":"<blockquote class=\"wp-embedded-content\" data-secret=\"F9kvnYG08I\"><a href=\"https:\/\/www.eldiario.net\/portal\/2023\/06\/30\/gala-musical-italiana\/\">Gala musical italiana<\/a><\/blockquote><iframe sandbox=\"allow-scripts\" security=\"restricted\" src=\"https:\/\/www.eldiario.net\/portal\/2023\/06\/30\/gala-musical-italiana\/embed\/#?secret=F9kvnYG08I\" width=\"600\" height=\"338\" title=\"\u00abGala musical italiana\u00bb \u2014 El Diario - Bolivia\" data-secret=\"F9kvnYG08I\" frameborder=\"0\" marginwidth=\"0\" marginheight=\"0\" scrolling=\"no\" class=\"wp-embedded-content\"><\/iframe><script>\n\/*! This file is auto-generated *\/\n!function(d,l){\"use strict\";l.querySelector&&d.addEventListener&&\"undefined\"!=typeof URL&&(d.wp=d.wp||{},d.wp.receiveEmbedMessage||(d.wp.receiveEmbedMessage=function(e){var t=e.data;if((t||t.secret||t.message||t.value)&&!\/[^a-zA-Z0-9]\/.test(t.secret)){for(var s,r,n,a=l.querySelectorAll('iframe[data-secret=\"'+t.secret+'\"]'),o=l.querySelectorAll('blockquote[data-secret=\"'+t.secret+'\"]'),c=new RegExp(\"^https?:$\",\"i\"),i=0;i<o.length;i++)o[i].style.display=\"none\";for(i=0;i<a.length;i++)s=a[i],e.source===s.contentWindow&&(s.removeAttribute(\"style\"),\"height\"===t.message?(1e3<(r=parseInt(t.value,10))?r=1e3:~~r<200&&(r=200),s.height=r):\"link\"===t.message&&(r=new URL(s.getAttribute(\"src\")),n=new URL(t.value),c.test(n.protocol))&&n.host===r.host&&l.activeElement===s&&(d.top.location.href=t.value))}},d.addEventListener(\"message\",d.wp.receiveEmbedMessage,!1),l.addEventListener(\"DOMContentLoaded\",function(){for(var e,t,s=l.querySelectorAll(\"iframe.wp-embedded-content\"),r=0;r<s.length;r++)(t=(e=s[r]).getAttribute(\"data-secret\"))||(t=Math.random().toString(36).substring(2,12),e.src+=\"#?secret=\"+t,e.setAttribute(\"data-secret\",t)),e.contentWindow.postMessage({message:\"ready\",secret:t},\"*\")},!1)))}(window,document);\n\/\/# sourceURL=https:\/\/www.eldiario.net\/portal\/wp-includes\/js\/wp-embed.min.js\n<\/script>\n","thumbnail_url":"https:\/\/www.eldiario.net\/portal\/wp-content\/uploads\/2023\/06\/DSC_0565.jpg","thumbnail_width":1000,"thumbnail_height":667,"description":"Dentro de la agenda conmemorativa por el 77 aniversario de la Rep\u00fablica italiana, la Embajada de Italia y la Societ\u00e1 Dante Alighieri presentaron la gala musical denominada Sentire l\u2019Italia El coro La Paz EnCanto, dirigido por \u00c1ngela Lucuy, fue protagonista del espect\u00e1culo, celebrado en el teatro Do\u00f1a Albina de la Fundaci\u00f3n Pati\u00f1o. Los asistentes realizaron [&hellip;]"}

Dentro de la agenda conmemorativa por el 77 aniversario de la República italiana, la Embajada de Italia y la Societá Dante Alighieri presentaron la gala musical denominada Sentire l’Italia El coro La Paz EnCanto, dirigido por Ángela Lucuy, fue protagonista del espectáculo, celebrado en el teatro Doña Albina de la Fundación Patiño. Los asistentes realizaron [&hellip;]
