{"version":"1.0","provider_name":"El Diario - Bolivia","provider_url":"https:\/\/www.eldiario.net\/portal","title":"Invitan a primera feria de medicina tradicional - El Diario - Bolivia","type":"rich","width":600,"height":338,"html":"<blockquote class=\"wp-embedded-content\" data-secret=\"qxKNmvMVND\"><a href=\"https:\/\/www.eldiario.net\/portal\/2023\/06\/24\/invitan-a-primera-feria-de-medicina-tradicional\/\">Invitan a primera feria  de medicina tradicional<\/a><\/blockquote><iframe sandbox=\"allow-scripts\" security=\"restricted\" src=\"https:\/\/www.eldiario.net\/portal\/2023\/06\/24\/invitan-a-primera-feria-de-medicina-tradicional\/embed\/#?secret=qxKNmvMVND\" width=\"600\" height=\"338\" title=\"\u00abInvitan a primera feria  de medicina tradicional\u00bb \u2014 El Diario - Bolivia\" data-secret=\"qxKNmvMVND\" frameborder=\"0\" marginwidth=\"0\" marginheight=\"0\" scrolling=\"no\" class=\"wp-embedded-content\"><\/iframe><script>\n\/*! This file is auto-generated *\/\n!function(d,l){\"use strict\";l.querySelector&&d.addEventListener&&\"undefined\"!=typeof URL&&(d.wp=d.wp||{},d.wp.receiveEmbedMessage||(d.wp.receiveEmbedMessage=function(e){var t=e.data;if((t||t.secret||t.message||t.value)&&!\/[^a-zA-Z0-9]\/.test(t.secret)){for(var s,r,n,a=l.querySelectorAll('iframe[data-secret=\"'+t.secret+'\"]'),o=l.querySelectorAll('blockquote[data-secret=\"'+t.secret+'\"]'),c=new RegExp(\"^https?:$\",\"i\"),i=0;i<o.length;i++)o[i].style.display=\"none\";for(i=0;i<a.length;i++)s=a[i],e.source===s.contentWindow&&(s.removeAttribute(\"style\"),\"height\"===t.message?(1e3<(r=parseInt(t.value,10))?r=1e3:~~r<200&&(r=200),s.height=r):\"link\"===t.message&&(r=new URL(s.getAttribute(\"src\")),n=new URL(t.value),c.test(n.protocol))&&n.host===r.host&&l.activeElement===s&&(d.top.location.href=t.value))}},d.addEventListener(\"message\",d.wp.receiveEmbedMessage,!1),l.addEventListener(\"DOMContentLoaded\",function(){for(var e,t,s=l.querySelectorAll(\"iframe.wp-embedded-content\"),r=0;r<s.length;r++)(t=(e=s[r]).getAttribute(\"data-secret\"))||(t=Math.random().toString(36).substring(2,12),e.src+=\"#?secret=\"+t,e.setAttribute(\"data-secret\",t)),e.contentWindow.postMessage({message:\"ready\",secret:t},\"*\")},!1)))}(window,document);\n\/\/# sourceURL=https:\/\/www.eldiario.net\/portal\/wp-includes\/js\/wp-embed.min.js\n<\/script>\n","description":"La Federaci\u00f3n Departamental de Medicina Tradicional de La Paz, en coordinaci\u00f3n con ministerios gubernamentales, organiza la primera Feria departamental de medicina tradicional ancestral, evento que ser\u00e1 este domingo (ma\u00f1ana) en predios del Multifuncional de la Ceja de El Alto. El viceministro de la Micro, Peque\u00f1a Empresa y Artesan\u00eda, Nelson Aruquipa, inform\u00f3 que, en la feria, [&hellip;]"}

La Federación Departamental de Medicina Tradicional de La Paz, en coordinación con ministerios gubernamentales, organiza la primera Feria departamental de medicina tradicional ancestral, evento que será este domingo (mañana) en predios del Multifuncional de la Ceja de El Alto. El viceministro de la Micro, Pequeña Empresa y Artesanía, Nelson Aruquipa, informó que, en la feria, [&hellip;]
