{"version":"1.0","provider_name":"El Diario - Bolivia","provider_url":"https:\/\/www.eldiario.net\/portal","title":"Gobierno exigir\u00e1 c\u00e1maras de seguridad en colegios - El Diario - Bolivia","type":"rich","width":600,"height":338,"html":"<blockquote class=\"wp-embedded-content\" data-secret=\"0gVFaCc1Gg\"><a href=\"https:\/\/www.eldiario.net\/portal\/2023\/06\/24\/gobierno-exigira-camaras-de-seguridad-en-colegios\/\">Gobierno exigir\u00e1 c\u00e1maras de seguridad en colegios<\/a><\/blockquote><iframe sandbox=\"allow-scripts\" security=\"restricted\" src=\"https:\/\/www.eldiario.net\/portal\/2023\/06\/24\/gobierno-exigira-camaras-de-seguridad-en-colegios\/embed\/#?secret=0gVFaCc1Gg\" width=\"600\" height=\"338\" title=\"\u00abGobierno exigir\u00e1 c\u00e1maras de seguridad en colegios\u00bb \u2014 El Diario - Bolivia\" data-secret=\"0gVFaCc1Gg\" frameborder=\"0\" marginwidth=\"0\" marginheight=\"0\" scrolling=\"no\" class=\"wp-embedded-content\"><\/iframe><script>\n\/*! This file is auto-generated *\/\n!function(d,l){\"use strict\";l.querySelector&&d.addEventListener&&\"undefined\"!=typeof URL&&(d.wp=d.wp||{},d.wp.receiveEmbedMessage||(d.wp.receiveEmbedMessage=function(e){var t=e.data;if((t||t.secret||t.message||t.value)&&!\/[^a-zA-Z0-9]\/.test(t.secret)){for(var s,r,n,a=l.querySelectorAll('iframe[data-secret=\"'+t.secret+'\"]'),o=l.querySelectorAll('blockquote[data-secret=\"'+t.secret+'\"]'),c=new RegExp(\"^https?:$\",\"i\"),i=0;i<o.length;i++)o[i].style.display=\"none\";for(i=0;i<a.length;i++)s=a[i],e.source===s.contentWindow&&(s.removeAttribute(\"style\"),\"height\"===t.message?(1e3<(r=parseInt(t.value,10))?r=1e3:~~r<200&&(r=200),s.height=r):\"link\"===t.message&&(r=new URL(s.getAttribute(\"src\")),n=new URL(t.value),c.test(n.protocol))&&n.host===r.host&&l.activeElement===s&&(d.top.location.href=t.value))}},d.addEventListener(\"message\",d.wp.receiveEmbedMessage,!1),l.addEventListener(\"DOMContentLoaded\",function(){for(var e,t,s=l.querySelectorAll(\"iframe.wp-embedded-content\"),r=0;r<s.length;r++)(t=(e=s[r]).getAttribute(\"data-secret\"))||(t=Math.random().toString(36).substring(2,12),e.src+=\"#?secret=\"+t,e.setAttribute(\"data-secret\",t)),e.contentWindow.postMessage({message:\"ready\",secret:t},\"*\")},!1)))}(window,document);\n\/\/# sourceURL=https:\/\/www.eldiario.net\/portal\/wp-includes\/js\/wp-embed.min.js\n<\/script>\n","description":"A tiempo de condenar la violencia f\u00edsica, sexual y psicol\u00f3gica que se ejerce en algunas unidades educativas del territorio nacional, el Gobierno, mediante el Ministerio de Educaci\u00f3n, anunci\u00f3 que se exigir\u00e1 la instalaci\u00f3n de c\u00e1maras de seguridad tanto en establecimientos p\u00fablicos como en privados. Un caso reciente fue denunciado por pap\u00e1s de un colegio pace\u00f1o, [&hellip;]"}

Gobierno exigirá cámaras de seguridad en colegios - El Diario - Bolivia

<blockquote class="wp-embedded-content" data-secret="0gVFaCc1Gg"><a href="https://www.eldiario.net/portal/2023/06/24/gobierno-exigira-camaras-de-seguridad-en-colegios/">Gobierno exigirá cámaras de seguridad en colegios</a></blockquote><iframe sandbox="allow-scripts" security="restricted" src="https://www.eldiario.net/portal/2023/06/24/gobierno-exigira-camaras-de-seguridad-en-colegios/embed/#?secret=0gVFaCc1Gg" width="600" height="338" title="«Gobierno exigirá cámaras de seguridad en colegios» — El Diario - Bolivia" data-secret="0gVFaCc1Gg" frameborder="0" marginwidth="0" marginheight="0" scrolling="no" class="wp-embedded-content"></iframe><script>
/*! This file is auto-generated */
!function(d,l){"use strict";l.querySelector&&d.addEventListener&&"undefined"!=typeof URL&&(d.wp=d.wp||{},d.wp.receiveEmbedMessage||(d.wp.receiveEmbedMessage=function(e){var t=e.data;if((t||t.secret||t.message||t.value)&&!/[^a-zA-Z0-9]/.test(t.secret)){for(var s,r,n,a=l.querySelectorAll('iframe[data-secret="'+t.secret+'"]'),o=l.querySelectorAll('blockquote[data-secret="'+t.secret+'"]'),c=new RegExp("^https?:$","i"),i=0;i<o.length;i++)o[i].style.display="none";for(i=0;i<a.length;i++)s=a[i],e.source===s.contentWindow&&(s.removeAttribute("style"),"height"===t.message?(1e3<(r=parseInt(t.value,10))?r=1e3:~~r<200&&(r=200),s.height=r):"link"===t.message&&(r=new URL(s.getAttribute("src")),n=new URL(t.value),c.test(n.protocol))&&n.host===r.host&&l.activeElement===s&&(d.top.location.href=t.value))}},d.addEventListener("message",d.wp.receiveEmbedMessage,!1),l.addEventListener("DOMContentLoaded",function(){for(var e,t,s=l.querySelectorAll("iframe.wp-embedded-content"),r=0;r<s.length;r++)(t=(e=s[r]).getAttribute("data-secret"))||(t=Math.random().toString(36).substring(2,12),e.src+="#?secret="+t,e.setAttribute("data-secret",t)),e.contentWindow.postMessage({message:"ready",secret:t},"*")},!1)))}(window,document);
//# sourceURL=https://www.eldiario.net/portal/wp-includes/js/wp-embed.min.js
</script>

A tiempo de condenar la violencia física, sexual y psicológica que se ejerce en algunas unidades educativas del territorio nacional, el Gobierno, mediante el Ministerio de Educación, anunció que se exigirá la instalación de cámaras de seguridad tanto en establecimientos públicos como en privados. Un caso reciente fue denunciado por papás de un colegio paceño, [&hellip;]
