{"version":"1.0","provider_name":"El Diario - Bolivia","provider_url":"https:\/\/www.eldiario.net\/portal","title":"Apuntes sobre democracia - El Diario - Bolivia","type":"rich","width":600,"height":338,"html":"<blockquote class=\"wp-embedded-content\" data-secret=\"c70gJmwFnG\"><a href=\"https:\/\/www.eldiario.net\/portal\/2023\/06\/07\/apuntes-sobre-democracia\/\">Apuntes sobre democracia<\/a><\/blockquote><iframe sandbox=\"allow-scripts\" security=\"restricted\" src=\"https:\/\/www.eldiario.net\/portal\/2023\/06\/07\/apuntes-sobre-democracia\/embed\/#?secret=c70gJmwFnG\" width=\"600\" height=\"338\" title=\"\u00abApuntes sobre democracia\u00bb \u2014 El Diario - Bolivia\" data-secret=\"c70gJmwFnG\" frameborder=\"0\" marginwidth=\"0\" marginheight=\"0\" scrolling=\"no\" class=\"wp-embedded-content\"><\/iframe><script>\n\/*! This file is auto-generated *\/\n!function(d,l){\"use strict\";l.querySelector&&d.addEventListener&&\"undefined\"!=typeof URL&&(d.wp=d.wp||{},d.wp.receiveEmbedMessage||(d.wp.receiveEmbedMessage=function(e){var t=e.data;if((t||t.secret||t.message||t.value)&&!\/[^a-zA-Z0-9]\/.test(t.secret)){for(var s,r,n,a=l.querySelectorAll('iframe[data-secret=\"'+t.secret+'\"]'),o=l.querySelectorAll('blockquote[data-secret=\"'+t.secret+'\"]'),c=new RegExp(\"^https?:$\",\"i\"),i=0;i<o.length;i++)o[i].style.display=\"none\";for(i=0;i<a.length;i++)s=a[i],e.source===s.contentWindow&&(s.removeAttribute(\"style\"),\"height\"===t.message?(1e3<(r=parseInt(t.value,10))?r=1e3:~~r<200&&(r=200),s.height=r):\"link\"===t.message&&(r=new URL(s.getAttribute(\"src\")),n=new URL(t.value),c.test(n.protocol))&&n.host===r.host&&l.activeElement===s&&(d.top.location.href=t.value))}},d.addEventListener(\"message\",d.wp.receiveEmbedMessage,!1),l.addEventListener(\"DOMContentLoaded\",function(){for(var e,t,s=l.querySelectorAll(\"iframe.wp-embedded-content\"),r=0;r<s.length;r++)(t=(e=s[r]).getAttribute(\"data-secret\"))||(t=Math.random().toString(36).substring(2,12),e.src+=\"#?secret=\"+t,e.setAttribute(\"data-secret\",t)),e.contentWindow.postMessage({message:\"ready\",secret:t},\"*\")},!1)))}(window,document);\n\/\/# sourceURL=https:\/\/www.eldiario.net\/portal\/wp-includes\/js\/wp-embed.min.js\n<\/script>\n","thumbnail_url":"https:\/\/www.eldiario.net\/portal\/wp-content\/uploads\/2023\/06\/Severo-Cruz-1.jpg","thumbnail_width":1200,"thumbnail_height":628,"description":"\u201cAcontece que, sin apoyo en la realidad de una democracia econ\u00f3mica bien trazada, la democracia pol\u00edtica es tan precaria en el seno de una naci\u00f3n como en el seno de una asamblea de naciones, universal o continental\u201d, puntualiz\u00f3, hace m\u00e1s de 70 a\u00f1os, el presidente mexicano Manuel \u00c1vila Camacho (1). El dignatario de Estado se [&hellip;]"}

“Acontece que, sin apoyo en la realidad de una democracia económica bien trazada, la democracia política es tan precaria en el seno de una nación como en el seno de una asamblea de naciones, universal o continental”, puntualizó, hace más de 70 años, el presidente mexicano Manuel Ávila Camacho (1). El dignatario de Estado se [&hellip;]
