{"version":"1.0","provider_name":"El Diario - Bolivia","provider_url":"https:\/\/www.eldiario.net\/portal","title":"Es primordial defender los derechos humanos - El Diario - Bolivia","type":"rich","width":600,"height":338,"html":"<blockquote class=\"wp-embedded-content\" data-secret=\"Nt1uxbyM17\"><a href=\"https:\/\/www.eldiario.net\/portal\/2023\/04\/28\/es-primordial-defender-los-derechos-humanos\/\">Es primordial defender los derechos humanos<\/a><\/blockquote><iframe sandbox=\"allow-scripts\" security=\"restricted\" src=\"https:\/\/www.eldiario.net\/portal\/2023\/04\/28\/es-primordial-defender-los-derechos-humanos\/embed\/#?secret=Nt1uxbyM17\" width=\"600\" height=\"338\" title=\"\u00abEs primordial defender los derechos humanos\u00bb \u2014 El Diario - Bolivia\" data-secret=\"Nt1uxbyM17\" frameborder=\"0\" marginwidth=\"0\" marginheight=\"0\" scrolling=\"no\" class=\"wp-embedded-content\"><\/iframe><script>\n\/*! This file is auto-generated *\/\n!function(d,l){\"use strict\";l.querySelector&&d.addEventListener&&\"undefined\"!=typeof URL&&(d.wp=d.wp||{},d.wp.receiveEmbedMessage||(d.wp.receiveEmbedMessage=function(e){var t=e.data;if((t||t.secret||t.message||t.value)&&!\/[^a-zA-Z0-9]\/.test(t.secret)){for(var s,r,n,a=l.querySelectorAll('iframe[data-secret=\"'+t.secret+'\"]'),o=l.querySelectorAll('blockquote[data-secret=\"'+t.secret+'\"]'),c=new RegExp(\"^https?:$\",\"i\"),i=0;i<o.length;i++)o[i].style.display=\"none\";for(i=0;i<a.length;i++)s=a[i],e.source===s.contentWindow&&(s.removeAttribute(\"style\"),\"height\"===t.message?(1e3<(r=parseInt(t.value,10))?r=1e3:~~r<200&&(r=200),s.height=r):\"link\"===t.message&&(r=new URL(s.getAttribute(\"src\")),n=new URL(t.value),c.test(n.protocol))&&n.host===r.host&&l.activeElement===s&&(d.top.location.href=t.value))}},d.addEventListener(\"message\",d.wp.receiveEmbedMessage,!1),l.addEventListener(\"DOMContentLoaded\",function(){for(var e,t,s=l.querySelectorAll(\"iframe.wp-embedded-content\"),r=0;r<s.length;r++)(t=(e=s[r]).getAttribute(\"data-secret\"))||(t=Math.random().toString(36).substring(2,12),e.src+=\"#?secret=\"+t,e.setAttribute(\"data-secret\",t)),e.contentWindow.postMessage({message:\"ready\",secret:t},\"*\")},!1)))}(window,document);\n\/\/# sourceURL=https:\/\/www.eldiario.net\/portal\/wp-includes\/js\/wp-embed.min.js\n<\/script>\n","description":"Cuando en organismos internacionales, como Naciones Unidas, OEA y otras organizaciones, se aborda el trato que se da a los derechos humanos en los pa\u00edses, surge siempre la convicci\u00f3n de que los gobiernos son responsables de cualquier falla que haya en ese \u00e1mbito. En cada pa\u00eds esa labor de proteger los derechos humanos est\u00e1 a [&hellip;]"}

Cuando en organismos internacionales, como Naciones Unidas, OEA y otras organizaciones, se aborda el trato que se da a los derechos humanos en los países, surge siempre la convicción de que los gobiernos son responsables de cualquier falla que haya en ese ámbito. En cada país esa labor de proteger los derechos humanos está a [&hellip;]
