{"version":"1.0","provider_name":"El Diario - Bolivia","provider_url":"https:\/\/www.eldiario.net\/portal","title":"\u201cEl que se va soy yo\u201d con Tupay - El Diario - Bolivia","type":"rich","width":600,"height":338,"html":"<blockquote class=\"wp-embedded-content\" data-secret=\"oclrcKG16s\"><a href=\"https:\/\/www.eldiario.net\/portal\/2023\/04\/17\/el-que-se-va-soy-yo-con\/\">\u201cEl que se va soy yo\u201d con Tupay<\/a><\/blockquote><iframe sandbox=\"allow-scripts\" security=\"restricted\" src=\"https:\/\/www.eldiario.net\/portal\/2023\/04\/17\/el-que-se-va-soy-yo-con\/embed\/#?secret=oclrcKG16s\" width=\"600\" height=\"338\" title=\"\u00ab\u201cEl que se va soy yo\u201d con Tupay\u00bb \u2014 El Diario - Bolivia\" data-secret=\"oclrcKG16s\" frameborder=\"0\" marginwidth=\"0\" marginheight=\"0\" scrolling=\"no\" class=\"wp-embedded-content\"><\/iframe><script>\n\/*! This file is auto-generated *\/\n!function(d,l){\"use strict\";l.querySelector&&d.addEventListener&&\"undefined\"!=typeof URL&&(d.wp=d.wp||{},d.wp.receiveEmbedMessage||(d.wp.receiveEmbedMessage=function(e){var t=e.data;if((t||t.secret||t.message||t.value)&&!\/[^a-zA-Z0-9]\/.test(t.secret)){for(var s,r,n,a=l.querySelectorAll('iframe[data-secret=\"'+t.secret+'\"]'),o=l.querySelectorAll('blockquote[data-secret=\"'+t.secret+'\"]'),c=new RegExp(\"^https?:$\",\"i\"),i=0;i<o.length;i++)o[i].style.display=\"none\";for(i=0;i<a.length;i++)s=a[i],e.source===s.contentWindow&&(s.removeAttribute(\"style\"),\"height\"===t.message?(1e3<(r=parseInt(t.value,10))?r=1e3:~~r<200&&(r=200),s.height=r):\"link\"===t.message&&(r=new URL(s.getAttribute(\"src\")),n=new URL(t.value),c.test(n.protocol))&&n.host===r.host&&l.activeElement===s&&(d.top.location.href=t.value))}},d.addEventListener(\"message\",d.wp.receiveEmbedMessage,!1),l.addEventListener(\"DOMContentLoaded\",function(){for(var e,t,s=l.querySelectorAll(\"iframe.wp-embedded-content\"),r=0;r<s.length;r++)(t=(e=s[r]).getAttribute(\"data-secret\"))||(t=Math.random().toString(36).substring(2,12),e.src+=\"#?secret=\"+t,e.setAttribute(\"data-secret\",t)),e.contentWindow.postMessage({message:\"ready\",secret:t},\"*\")},!1)))}(window,document);\n\/\/# sourceURL=https:\/\/www.eldiario.net\/portal\/wp-includes\/js\/wp-embed.min.js\n<\/script>\n","description":"\u201cEl que se va soy yo\u201d, as\u00ed titula el nuevo sencillo que acaba de lanzar al mercado la agrupaci\u00f3n nacional Tupay. \u201cEs el tercer corte que estamos lanzando este a\u00f1o. Hemos empezado con la canci\u00f3n T\u00f3xica. Luego hemos hecho una regrabaci\u00f3n un poco m\u00e1s contempor\u00e1nea del tema Soy caporal, que es un tema emblem\u00e1tico en [&hellip;]"}

“El que se va soy yo”, así titula el nuevo sencillo que acaba de lanzar al mercado la agrupación nacional Tupay. “Es el tercer corte que estamos lanzando este año. Hemos empezado con la canción Tóxica. Luego hemos hecho una regrabación un poco más contemporánea del tema Soy caporal, que es un tema emblemático en [&hellip;]
