{"version":"1.0","provider_name":"El Diario - Bolivia","provider_url":"https:\/\/www.eldiario.net\/portal","title":"Importar jueces - El Diario - Bolivia","type":"rich","width":600,"height":338,"html":"<blockquote class=\"wp-embedded-content\" data-secret=\"gJ9gjrlJSk\"><a href=\"https:\/\/www.eldiario.net\/portal\/2023\/03\/12\/importar-jueces\/\">Importar jueces<\/a><\/blockquote><iframe sandbox=\"allow-scripts\" security=\"restricted\" src=\"https:\/\/www.eldiario.net\/portal\/2023\/03\/12\/importar-jueces\/embed\/#?secret=gJ9gjrlJSk\" width=\"600\" height=\"338\" title=\"\u00abImportar jueces\u00bb \u2014 El Diario - Bolivia\" data-secret=\"gJ9gjrlJSk\" frameborder=\"0\" marginwidth=\"0\" marginheight=\"0\" scrolling=\"no\" class=\"wp-embedded-content\"><\/iframe><script>\n\/*! This file is auto-generated *\/\n!function(d,l){\"use strict\";l.querySelector&&d.addEventListener&&\"undefined\"!=typeof URL&&(d.wp=d.wp||{},d.wp.receiveEmbedMessage||(d.wp.receiveEmbedMessage=function(e){var t=e.data;if((t||t.secret||t.message||t.value)&&!\/[^a-zA-Z0-9]\/.test(t.secret)){for(var s,r,n,a=l.querySelectorAll('iframe[data-secret=\"'+t.secret+'\"]'),o=l.querySelectorAll('blockquote[data-secret=\"'+t.secret+'\"]'),c=new RegExp(\"^https?:$\",\"i\"),i=0;i<o.length;i++)o[i].style.display=\"none\";for(i=0;i<a.length;i++)s=a[i],e.source===s.contentWindow&&(s.removeAttribute(\"style\"),\"height\"===t.message?(1e3<(r=parseInt(t.value,10))?r=1e3:~~r<200&&(r=200),s.height=r):\"link\"===t.message&&(r=new URL(s.getAttribute(\"src\")),n=new URL(t.value),c.test(n.protocol))&&n.host===r.host&&l.activeElement===s&&(d.top.location.href=t.value))}},d.addEventListener(\"message\",d.wp.receiveEmbedMessage,!1),l.addEventListener(\"DOMContentLoaded\",function(){for(var e,t,s=l.querySelectorAll(\"iframe.wp-embedded-content\"),r=0;r<s.length;r++)(t=(e=s[r]).getAttribute(\"data-secret\"))||(t=Math.random().toString(36).substring(2,12),e.src+=\"#?secret=\"+t,e.setAttribute(\"data-secret\",t)),e.contentWindow.postMessage({message:\"ready\",secret:t},\"*\")},!1)))}(window,document);\n\/\/# sourceURL=https:\/\/www.eldiario.net\/portal\/wp-includes\/js\/wp-embed.min.js\n<\/script>\n","description":"A ra\u00edz de la huelga de los maestros que no aceptan la intromisi\u00f3n de la ideolog\u00eda masista en la ense\u00f1anza, un diputado dijo que, entonces, habr\u00eda que traer maestros cubanos para reemplazar a los bolivianos. Dice este personaje que, si hemos tra\u00eddo m\u00e9dicos cubanos para reemplazar a los nuestros, \u00bfpor qu\u00e9 no aplicar la misma [&hellip;]"}

A raíz de la huelga de los maestros que no aceptan la intromisión de la ideología masista en la enseñanza, un diputado dijo que, entonces, habría que traer maestros cubanos para reemplazar a los bolivianos. Dice este personaje que, si hemos traído médicos cubanos para reemplazar a los nuestros, ¿por qué no aplicar la misma [&hellip;]
