{"version":"1.0","provider_name":"El Diario - Bolivia","provider_url":"https:\/\/www.eldiario.net\/portal","title":"\u201cEl gran salvador\u201d - El Diario - Bolivia","type":"rich","width":600,"height":338,"html":"<blockquote class=\"wp-embedded-content\" data-secret=\"kyQc2NRHzK\"><a href=\"https:\/\/www.eldiario.net\/portal\/2023\/03\/12\/el-gran-salvador\/\">\u201cEl gran salvador\u201d<\/a><\/blockquote><iframe sandbox=\"allow-scripts\" security=\"restricted\" src=\"https:\/\/www.eldiario.net\/portal\/2023\/03\/12\/el-gran-salvador\/embed\/#?secret=kyQc2NRHzK\" width=\"600\" height=\"338\" title=\"\u00ab\u201cEl gran salvador\u201d\u00bb \u2014 El Diario - Bolivia\" data-secret=\"kyQc2NRHzK\" frameborder=\"0\" marginwidth=\"0\" marginheight=\"0\" scrolling=\"no\" class=\"wp-embedded-content\"><\/iframe><script>\n\/*! This file is auto-generated *\/\n!function(d,l){\"use strict\";l.querySelector&&d.addEventListener&&\"undefined\"!=typeof URL&&(d.wp=d.wp||{},d.wp.receiveEmbedMessage||(d.wp.receiveEmbedMessage=function(e){var t=e.data;if((t||t.secret||t.message||t.value)&&!\/[^a-zA-Z0-9]\/.test(t.secret)){for(var s,r,n,a=l.querySelectorAll('iframe[data-secret=\"'+t.secret+'\"]'),o=l.querySelectorAll('blockquote[data-secret=\"'+t.secret+'\"]'),c=new RegExp(\"^https?:$\",\"i\"),i=0;i<o.length;i++)o[i].style.display=\"none\";for(i=0;i<a.length;i++)s=a[i],e.source===s.contentWindow&&(s.removeAttribute(\"style\"),\"height\"===t.message?(1e3<(r=parseInt(t.value,10))?r=1e3:~~r<200&&(r=200),s.height=r):\"link\"===t.message&&(r=new URL(s.getAttribute(\"src\")),n=new URL(t.value),c.test(n.protocol))&&n.host===r.host&&l.activeElement===s&&(d.top.location.href=t.value))}},d.addEventListener(\"message\",d.wp.receiveEmbedMessage,!1),l.addEventListener(\"DOMContentLoaded\",function(){for(var e,t,s=l.querySelectorAll(\"iframe.wp-embedded-content\"),r=0;r<s.length;r++)(t=(e=s[r]).getAttribute(\"data-secret\"))||(t=Math.random().toString(36).substring(2,12),e.src+=\"#?secret=\"+t,e.setAttribute(\"data-secret\",t)),e.contentWindow.postMessage({message:\"ready\",secret:t},\"*\")},!1)))}(window,document);\n\/\/# sourceURL=https:\/\/www.eldiario.net\/portal\/wp-includes\/js\/wp-embed.min.js\n<\/script>\n","description":"No es casual que el exvicepresidente, \u00c1lvaro Garc\u00eda Linera, en las \u00faltimas semanas haya reaparecido en los medios de comunicaci\u00f3n social del pa\u00eds, estando ausente de los mismos desde que dej\u00f3 la vicepresidencia del pa\u00eds en noviembre del 2019 para huir hacia M\u00e9xico junto a Evo Morales, despu\u00e9s de los cruentos hechos pol\u00edticos suscitados y [&hellip;]"}

No es casual que el exvicepresidente, Álvaro García Linera, en las últimas semanas haya reaparecido en los medios de comunicación social del país, estando ausente de los mismos desde que dejó la vicepresidencia del país en noviembre del 2019 para huir hacia México junto a Evo Morales, después de los cruentos hechos políticos suscitados y [&hellip;]
