{"version":"1.0","provider_name":"El Diario - Bolivia","provider_url":"https:\/\/www.eldiario.net\/portal","title":"\u201cDevu\u00e9lvanme mi derecho a defenderme en libertad\u201d - El Diario - Bolivia","type":"rich","width":600,"height":338,"html":"<blockquote class=\"wp-embedded-content\" data-secret=\"TbyFvcwrnv\"><a href=\"https:\/\/www.eldiario.net\/portal\/2023\/03\/09\/devuelvanme-mi-derecho-a-defenderme-en-libertad\/\">\u201cDevu\u00e9lvanme mi derecho  a defenderme en libertad\u201d<\/a><\/blockquote><iframe sandbox=\"allow-scripts\" security=\"restricted\" src=\"https:\/\/www.eldiario.net\/portal\/2023\/03\/09\/devuelvanme-mi-derecho-a-defenderme-en-libertad\/embed\/#?secret=TbyFvcwrnv\" width=\"600\" height=\"338\" title=\"\u00ab\u201cDevu\u00e9lvanme mi derecho  a defenderme en libertad\u201d\u00bb \u2014 El Diario - Bolivia\" data-secret=\"TbyFvcwrnv\" frameborder=\"0\" marginwidth=\"0\" marginheight=\"0\" scrolling=\"no\" class=\"wp-embedded-content\"><\/iframe><script>\n\/*! This file is auto-generated *\/\n!function(d,l){\"use strict\";l.querySelector&&d.addEventListener&&\"undefined\"!=typeof URL&&(d.wp=d.wp||{},d.wp.receiveEmbedMessage||(d.wp.receiveEmbedMessage=function(e){var t=e.data;if((t||t.secret||t.message||t.value)&&!\/[^a-zA-Z0-9]\/.test(t.secret)){for(var s,r,n,a=l.querySelectorAll('iframe[data-secret=\"'+t.secret+'\"]'),o=l.querySelectorAll('blockquote[data-secret=\"'+t.secret+'\"]'),c=new RegExp(\"^https?:$\",\"i\"),i=0;i<o.length;i++)o[i].style.display=\"none\";for(i=0;i<a.length;i++)s=a[i],e.source===s.contentWindow&&(s.removeAttribute(\"style\"),\"height\"===t.message?(1e3<(r=parseInt(t.value,10))?r=1e3:~~r<200&&(r=200),s.height=r):\"link\"===t.message&&(r=new URL(s.getAttribute(\"src\")),n=new URL(t.value),c.test(n.protocol))&&n.host===r.host&&l.activeElement===s&&(d.top.location.href=t.value))}},d.addEventListener(\"message\",d.wp.receiveEmbedMessage,!1),l.addEventListener(\"DOMContentLoaded\",function(){for(var e,t,s=l.querySelectorAll(\"iframe.wp-embedded-content\"),r=0;r<s.length;r++)(t=(e=s[r]).getAttribute(\"data-secret\"))||(t=Math.random().toString(36).substring(2,12),e.src+=\"#?secret=\"+t,e.setAttribute(\"data-secret\",t)),e.contentWindow.postMessage({message:\"ready\",secret:t},\"*\")},!1)))}(window,document);\n\/\/# sourceURL=https:\/\/www.eldiario.net\/portal\/wp-includes\/js\/wp-embed.min.js\n<\/script>\n","description":"Durante su audiencia de ampliaci\u00f3n a la detenci\u00f3n preventiva por el caso denominado golpe de Estado I, la expresidenta Jeanine A\u00f1ez afirm\u00f3 que en vez de prolongarle su confinamiento en la c\u00e1rcel, la justicia debe aceptar que se defienda en libertad. \u201cNo corresponde otra resoluci\u00f3n que devolverme mi derecho a defenderme en libertad y en [&hellip;]"}

“Devuélvanme mi derecho a defenderme en libertad” - El Diario - Bolivia

<blockquote class="wp-embedded-content" data-secret="TbyFvcwrnv"><a href="https://www.eldiario.net/portal/2023/03/09/devuelvanme-mi-derecho-a-defenderme-en-libertad/">“Devuélvanme mi derecho  a defenderme en libertad”</a></blockquote><iframe sandbox="allow-scripts" security="restricted" src="https://www.eldiario.net/portal/2023/03/09/devuelvanme-mi-derecho-a-defenderme-en-libertad/embed/#?secret=TbyFvcwrnv" width="600" height="338" title="«“Devuélvanme mi derecho  a defenderme en libertad”» — El Diario - Bolivia" data-secret="TbyFvcwrnv" frameborder="0" marginwidth="0" marginheight="0" scrolling="no" class="wp-embedded-content"></iframe><script>
/*! This file is auto-generated */
!function(d,l){"use strict";l.querySelector&&d.addEventListener&&"undefined"!=typeof URL&&(d.wp=d.wp||{},d.wp.receiveEmbedMessage||(d.wp.receiveEmbedMessage=function(e){var t=e.data;if((t||t.secret||t.message||t.value)&&!/[^a-zA-Z0-9]/.test(t.secret)){for(var s,r,n,a=l.querySelectorAll('iframe[data-secret="'+t.secret+'"]'),o=l.querySelectorAll('blockquote[data-secret="'+t.secret+'"]'),c=new RegExp("^https?:$","i"),i=0;i<o.length;i++)o[i].style.display="none";for(i=0;i<a.length;i++)s=a[i],e.source===s.contentWindow&&(s.removeAttribute("style"),"height"===t.message?(1e3<(r=parseInt(t.value,10))?r=1e3:~~r<200&&(r=200),s.height=r):"link"===t.message&&(r=new URL(s.getAttribute("src")),n=new URL(t.value),c.test(n.protocol))&&n.host===r.host&&l.activeElement===s&&(d.top.location.href=t.value))}},d.addEventListener("message",d.wp.receiveEmbedMessage,!1),l.addEventListener("DOMContentLoaded",function(){for(var e,t,s=l.querySelectorAll("iframe.wp-embedded-content"),r=0;r<s.length;r++)(t=(e=s[r]).getAttribute("data-secret"))||(t=Math.random().toString(36).substring(2,12),e.src+="#?secret="+t,e.setAttribute("data-secret",t)),e.contentWindow.postMessage({message:"ready",secret:t},"*")},!1)))}(window,document);
//# sourceURL=https://www.eldiario.net/portal/wp-includes/js/wp-embed.min.js
</script>

Durante su audiencia de ampliación a la detención preventiva por el caso denominado golpe de Estado I, la expresidenta Jeanine Añez afirmó que en vez de prolongarle su confinamiento en la cárcel, la justicia debe aceptar que se defienda en libertad. “No corresponde otra resolución que devolverme mi derecho a defenderme en libertad y en [&hellip;]
