{"version":"1.0","provider_name":"El Diario - Bolivia","provider_url":"https:\/\/www.eldiario.net\/portal","title":"Las eliminatorias se jugar\u00e1n desde septiembre - El Diario - Bolivia","type":"rich","width":600,"height":338,"html":"<blockquote class=\"wp-embedded-content\" data-secret=\"aM9C5QOxjy\"><a href=\"https:\/\/www.eldiario.net\/portal\/2023\/03\/01\/las-eliminatorias-se-jugaran-desde-septiembre\/\">Las eliminatorias se jugar\u00e1n desde septiembre<\/a><\/blockquote><iframe sandbox=\"allow-scripts\" security=\"restricted\" src=\"https:\/\/www.eldiario.net\/portal\/2023\/03\/01\/las-eliminatorias-se-jugaran-desde-septiembre\/embed\/#?secret=aM9C5QOxjy\" width=\"600\" height=\"338\" title=\"\u00abLas eliminatorias se jugar\u00e1n desde septiembre\u00bb \u2014 El Diario - Bolivia\" data-secret=\"aM9C5QOxjy\" frameborder=\"0\" marginwidth=\"0\" marginheight=\"0\" scrolling=\"no\" class=\"wp-embedded-content\"><\/iframe><script>\n\/*! This file is auto-generated *\/\n!function(d,l){\"use strict\";l.querySelector&&d.addEventListener&&\"undefined\"!=typeof URL&&(d.wp=d.wp||{},d.wp.receiveEmbedMessage||(d.wp.receiveEmbedMessage=function(e){var t=e.data;if((t||t.secret||t.message||t.value)&&!\/[^a-zA-Z0-9]\/.test(t.secret)){for(var s,r,n,a=l.querySelectorAll('iframe[data-secret=\"'+t.secret+'\"]'),o=l.querySelectorAll('blockquote[data-secret=\"'+t.secret+'\"]'),c=new RegExp(\"^https?:$\",\"i\"),i=0;i<o.length;i++)o[i].style.display=\"none\";for(i=0;i<a.length;i++)s=a[i],e.source===s.contentWindow&&(s.removeAttribute(\"style\"),\"height\"===t.message?(1e3<(r=parseInt(t.value,10))?r=1e3:~~r<200&&(r=200),s.height=r):\"link\"===t.message&&(r=new URL(s.getAttribute(\"src\")),n=new URL(t.value),c.test(n.protocol))&&n.host===r.host&&l.activeElement===s&&(d.top.location.href=t.value))}},d.addEventListener(\"message\",d.wp.receiveEmbedMessage,!1),l.addEventListener(\"DOMContentLoaded\",function(){for(var e,t,s=l.querySelectorAll(\"iframe.wp-embedded-content\"),r=0;r<s.length;r++)(t=(e=s[r]).getAttribute(\"data-secret\"))||(t=Math.random().toString(36).substring(2,12),e.src+=\"#?secret=\"+t,e.setAttribute(\"data-secret\",t)),e.contentWindow.postMessage({message:\"ready\",secret:t},\"*\")},!1)))}(window,document);\n\/\/# sourceURL=https:\/\/www.eldiario.net\/portal\/wp-includes\/js\/wp-embed.min.js\n<\/script>\n","description":"Ni marzo ni junio. El inicio de la eliminatoria sudamericana clasificatoria para la Copa Mundial de la FIFA 2026 estar\u00eda fijado para septiembre de 2023, seg\u00fan una conversaci\u00f3n que desvela el canal argentino TyC Sports entre su periodista Gast\u00f3n Edul y el presidente de la Conmebol, Alejandro Dom\u00ednguez. Durante la alfombra roja de los premios [&hellip;]"}

Las eliminatorias se jugarán desde septiembre - El Diario - Bolivia

<blockquote class="wp-embedded-content" data-secret="aM9C5QOxjy"><a href="https://www.eldiario.net/portal/2023/03/01/las-eliminatorias-se-jugaran-desde-septiembre/">Las eliminatorias se jugarán desde septiembre</a></blockquote><iframe sandbox="allow-scripts" security="restricted" src="https://www.eldiario.net/portal/2023/03/01/las-eliminatorias-se-jugaran-desde-septiembre/embed/#?secret=aM9C5QOxjy" width="600" height="338" title="«Las eliminatorias se jugarán desde septiembre» — El Diario - Bolivia" data-secret="aM9C5QOxjy" frameborder="0" marginwidth="0" marginheight="0" scrolling="no" class="wp-embedded-content"></iframe><script>
/*! This file is auto-generated */
!function(d,l){"use strict";l.querySelector&&d.addEventListener&&"undefined"!=typeof URL&&(d.wp=d.wp||{},d.wp.receiveEmbedMessage||(d.wp.receiveEmbedMessage=function(e){var t=e.data;if((t||t.secret||t.message||t.value)&&!/[^a-zA-Z0-9]/.test(t.secret)){for(var s,r,n,a=l.querySelectorAll('iframe[data-secret="'+t.secret+'"]'),o=l.querySelectorAll('blockquote[data-secret="'+t.secret+'"]'),c=new RegExp("^https?:$","i"),i=0;i<o.length;i++)o[i].style.display="none";for(i=0;i<a.length;i++)s=a[i],e.source===s.contentWindow&&(s.removeAttribute("style"),"height"===t.message?(1e3<(r=parseInt(t.value,10))?r=1e3:~~r<200&&(r=200),s.height=r):"link"===t.message&&(r=new URL(s.getAttribute("src")),n=new URL(t.value),c.test(n.protocol))&&n.host===r.host&&l.activeElement===s&&(d.top.location.href=t.value))}},d.addEventListener("message",d.wp.receiveEmbedMessage,!1),l.addEventListener("DOMContentLoaded",function(){for(var e,t,s=l.querySelectorAll("iframe.wp-embedded-content"),r=0;r<s.length;r++)(t=(e=s[r]).getAttribute("data-secret"))||(t=Math.random().toString(36).substring(2,12),e.src+="#?secret="+t,e.setAttribute("data-secret",t)),e.contentWindow.postMessage({message:"ready",secret:t},"*")},!1)))}(window,document);
//# sourceURL=https://www.eldiario.net/portal/wp-includes/js/wp-embed.min.js
</script>

Ni marzo ni junio. El inicio de la eliminatoria sudamericana clasificatoria para la Copa Mundial de la FIFA 2026 estaría fijado para septiembre de 2023, según una conversación que desvela el canal argentino TyC Sports entre su periodista Gastón Edul y el presidente de la Conmebol, Alejandro Domínguez. Durante la alfombra roja de los premios [&hellip;]
