{"version":"1.0","provider_name":"El Diario - Bolivia","provider_url":"https:\/\/www.eldiario.net\/portal","title":"Cardenal Toribio Ticona internado por una ca\u00edda - El Diario - Bolivia","type":"rich","width":600,"height":338,"html":"<blockquote class=\"wp-embedded-content\" data-secret=\"1nE5KBMkgA\"><a href=\"https:\/\/www.eldiario.net\/portal\/2023\/02\/16\/cardenal-toribio-ticona-internado-por-una-caida\/\">Cardenal Toribio Ticona internado por una ca\u00edda<\/a><\/blockquote><iframe sandbox=\"allow-scripts\" security=\"restricted\" src=\"https:\/\/www.eldiario.net\/portal\/2023\/02\/16\/cardenal-toribio-ticona-internado-por-una-caida\/embed\/#?secret=1nE5KBMkgA\" width=\"600\" height=\"338\" title=\"\u00abCardenal Toribio Ticona internado por una ca\u00edda\u00bb \u2014 El Diario - Bolivia\" data-secret=\"1nE5KBMkgA\" frameborder=\"0\" marginwidth=\"0\" marginheight=\"0\" scrolling=\"no\" class=\"wp-embedded-content\"><\/iframe><script>\n\/*! This file is auto-generated *\/\n!function(d,l){\"use strict\";l.querySelector&&d.addEventListener&&\"undefined\"!=typeof URL&&(d.wp=d.wp||{},d.wp.receiveEmbedMessage||(d.wp.receiveEmbedMessage=function(e){var t=e.data;if((t||t.secret||t.message||t.value)&&!\/[^a-zA-Z0-9]\/.test(t.secret)){for(var s,r,n,a=l.querySelectorAll('iframe[data-secret=\"'+t.secret+'\"]'),o=l.querySelectorAll('blockquote[data-secret=\"'+t.secret+'\"]'),c=new RegExp(\"^https?:$\",\"i\"),i=0;i<o.length;i++)o[i].style.display=\"none\";for(i=0;i<a.length;i++)s=a[i],e.source===s.contentWindow&&(s.removeAttribute(\"style\"),\"height\"===t.message?(1e3<(r=parseInt(t.value,10))?r=1e3:~~r<200&&(r=200),s.height=r):\"link\"===t.message&&(r=new URL(s.getAttribute(\"src\")),n=new URL(t.value),c.test(n.protocol))&&n.host===r.host&&l.activeElement===s&&(d.top.location.href=t.value))}},d.addEventListener(\"message\",d.wp.receiveEmbedMessage,!1),l.addEventListener(\"DOMContentLoaded\",function(){for(var e,t,s=l.querySelectorAll(\"iframe.wp-embedded-content\"),r=0;r<s.length;r++)(t=(e=s[r]).getAttribute(\"data-secret\"))||(t=Math.random().toString(36).substring(2,12),e.src+=\"#?secret=\"+t,e.setAttribute(\"data-secret\",t)),e.contentWindow.postMessage({message:\"ready\",secret:t},\"*\")},!1)))}(window,document);\n\/\/# sourceURL=https:\/\/www.eldiario.net\/portal\/wp-includes\/js\/wp-embed.min.js\n<\/script>\n","description":"Tras sufrir una ca\u00edda y, consecuencia de ello fracturas en costillas, el cardenal Toribio Ticona permanece internado en el Hospital Arco Iris de La Paz. De acuerdo con el reporte m\u00e9dico, el sacerdote se encuentra estable y bajo observaci\u00f3n. Al parecer, el cardenal sufri\u00f3 un accidente dom\u00e9stico cuando el pasado lunes cay\u00f3 de su cama [&hellip;]"}

Cardenal Toribio Ticona internado por una caída - El Diario - Bolivia

<blockquote class="wp-embedded-content" data-secret="1nE5KBMkgA"><a href="https://www.eldiario.net/portal/2023/02/16/cardenal-toribio-ticona-internado-por-una-caida/">Cardenal Toribio Ticona internado por una caída</a></blockquote><iframe sandbox="allow-scripts" security="restricted" src="https://www.eldiario.net/portal/2023/02/16/cardenal-toribio-ticona-internado-por-una-caida/embed/#?secret=1nE5KBMkgA" width="600" height="338" title="«Cardenal Toribio Ticona internado por una caída» — El Diario - Bolivia" data-secret="1nE5KBMkgA" frameborder="0" marginwidth="0" marginheight="0" scrolling="no" class="wp-embedded-content"></iframe><script>
/*! This file is auto-generated */
!function(d,l){"use strict";l.querySelector&&d.addEventListener&&"undefined"!=typeof URL&&(d.wp=d.wp||{},d.wp.receiveEmbedMessage||(d.wp.receiveEmbedMessage=function(e){var t=e.data;if((t||t.secret||t.message||t.value)&&!/[^a-zA-Z0-9]/.test(t.secret)){for(var s,r,n,a=l.querySelectorAll('iframe[data-secret="'+t.secret+'"]'),o=l.querySelectorAll('blockquote[data-secret="'+t.secret+'"]'),c=new RegExp("^https?:$","i"),i=0;i<o.length;i++)o[i].style.display="none";for(i=0;i<a.length;i++)s=a[i],e.source===s.contentWindow&&(s.removeAttribute("style"),"height"===t.message?(1e3<(r=parseInt(t.value,10))?r=1e3:~~r<200&&(r=200),s.height=r):"link"===t.message&&(r=new URL(s.getAttribute("src")),n=new URL(t.value),c.test(n.protocol))&&n.host===r.host&&l.activeElement===s&&(d.top.location.href=t.value))}},d.addEventListener("message",d.wp.receiveEmbedMessage,!1),l.addEventListener("DOMContentLoaded",function(){for(var e,t,s=l.querySelectorAll("iframe.wp-embedded-content"),r=0;r<s.length;r++)(t=(e=s[r]).getAttribute("data-secret"))||(t=Math.random().toString(36).substring(2,12),e.src+="#?secret="+t,e.setAttribute("data-secret",t)),e.contentWindow.postMessage({message:"ready",secret:t},"*")},!1)))}(window,document);
//# sourceURL=https://www.eldiario.net/portal/wp-includes/js/wp-embed.min.js
</script>

Tras sufrir una caída y, consecuencia de ello fracturas en costillas, el cardenal Toribio Ticona permanece internado en el Hospital Arco Iris de La Paz. De acuerdo con el reporte médico, el sacerdote se encuentra estable y bajo observación. Al parecer, el cardenal sufrió un accidente doméstico cuando el pasado lunes cayó de su cama [&hellip;]
