{"version":"1.0","provider_name":"El Diario - Bolivia","provider_url":"https:\/\/www.eldiario.net\/portal","title":"Prev\u00e9n declarar estado de emergencia por sequ\u00eda - El Diario - Bolivia","type":"rich","width":600,"height":338,"html":"<blockquote class=\"wp-embedded-content\" data-secret=\"kd1QRhHG95\"><a href=\"https:\/\/www.eldiario.net\/portal\/2023\/01\/26\/preven-declarar-estado-de-emergencia-por-sequia\/\">Prev\u00e9n declarar estado de  emergencia por sequ\u00eda<\/a><\/blockquote><iframe sandbox=\"allow-scripts\" security=\"restricted\" src=\"https:\/\/www.eldiario.net\/portal\/2023\/01\/26\/preven-declarar-estado-de-emergencia-por-sequia\/embed\/#?secret=kd1QRhHG95\" width=\"600\" height=\"338\" title=\"\u00abPrev\u00e9n declarar estado de  emergencia por sequ\u00eda\u00bb \u2014 El Diario - Bolivia\" data-secret=\"kd1QRhHG95\" frameborder=\"0\" marginwidth=\"0\" marginheight=\"0\" scrolling=\"no\" class=\"wp-embedded-content\"><\/iframe><script>\n\/*! This file is auto-generated *\/\n!function(d,l){\"use strict\";l.querySelector&&d.addEventListener&&\"undefined\"!=typeof URL&&(d.wp=d.wp||{},d.wp.receiveEmbedMessage||(d.wp.receiveEmbedMessage=function(e){var t=e.data;if((t||t.secret||t.message||t.value)&&!\/[^a-zA-Z0-9]\/.test(t.secret)){for(var s,r,n,a=l.querySelectorAll('iframe[data-secret=\"'+t.secret+'\"]'),o=l.querySelectorAll('blockquote[data-secret=\"'+t.secret+'\"]'),c=new RegExp(\"^https?:$\",\"i\"),i=0;i<o.length;i++)o[i].style.display=\"none\";for(i=0;i<a.length;i++)s=a[i],e.source===s.contentWindow&&(s.removeAttribute(\"style\"),\"height\"===t.message?(1e3<(r=parseInt(t.value,10))?r=1e3:~~r<200&&(r=200),s.height=r):\"link\"===t.message&&(r=new URL(s.getAttribute(\"src\")),n=new URL(t.value),c.test(n.protocol))&&n.host===r.host&&l.activeElement===s&&(d.top.location.href=t.value))}},d.addEventListener(\"message\",d.wp.receiveEmbedMessage,!1),l.addEventListener(\"DOMContentLoaded\",function(){for(var e,t,s=l.querySelectorAll(\"iframe.wp-embedded-content\"),r=0;r<s.length;r++)(t=(e=s[r]).getAttribute(\"data-secret\"))||(t=Math.random().toString(36).substring(2,12),e.src+=\"#?secret=\"+t,e.setAttribute(\"data-secret\",t)),e.contentWindow.postMessage({message:\"ready\",secret:t},\"*\")},!1)))}(window,document);\n\/\/# sourceURL=https:\/\/www.eldiario.net\/portal\/wp-includes\/js\/wp-embed.min.js\n<\/script>\n","description":"Ante la falta de lluvias y el riesgo de una sequ\u00eda prolongada en los distritos rurales de la urbe alte\u00f1a, la comuna de El Alto declarar\u00e1 estado de emergencia en el municipio para acceder al Plan Plurinacional de Respuesta Inmediata del Gobierno nacional, inform\u00f3 el secretario municipal de Gesti\u00f3n Ambiental y Riesgos, Gabriel Pari. \u201cYa [&hellip;]"}

Prevén declarar estado de emergencia por sequía - El Diario - Bolivia

<blockquote class="wp-embedded-content" data-secret="kd1QRhHG95"><a href="https://www.eldiario.net/portal/2023/01/26/preven-declarar-estado-de-emergencia-por-sequia/">Prevén declarar estado de  emergencia por sequía</a></blockquote><iframe sandbox="allow-scripts" security="restricted" src="https://www.eldiario.net/portal/2023/01/26/preven-declarar-estado-de-emergencia-por-sequia/embed/#?secret=kd1QRhHG95" width="600" height="338" title="«Prevén declarar estado de  emergencia por sequía» — El Diario - Bolivia" data-secret="kd1QRhHG95" frameborder="0" marginwidth="0" marginheight="0" scrolling="no" class="wp-embedded-content"></iframe><script>
/*! This file is auto-generated */
!function(d,l){"use strict";l.querySelector&&d.addEventListener&&"undefined"!=typeof URL&&(d.wp=d.wp||{},d.wp.receiveEmbedMessage||(d.wp.receiveEmbedMessage=function(e){var t=e.data;if((t||t.secret||t.message||t.value)&&!/[^a-zA-Z0-9]/.test(t.secret)){for(var s,r,n,a=l.querySelectorAll('iframe[data-secret="'+t.secret+'"]'),o=l.querySelectorAll('blockquote[data-secret="'+t.secret+'"]'),c=new RegExp("^https?:$","i"),i=0;i<o.length;i++)o[i].style.display="none";for(i=0;i<a.length;i++)s=a[i],e.source===s.contentWindow&&(s.removeAttribute("style"),"height"===t.message?(1e3<(r=parseInt(t.value,10))?r=1e3:~~r<200&&(r=200),s.height=r):"link"===t.message&&(r=new URL(s.getAttribute("src")),n=new URL(t.value),c.test(n.protocol))&&n.host===r.host&&l.activeElement===s&&(d.top.location.href=t.value))}},d.addEventListener("message",d.wp.receiveEmbedMessage,!1),l.addEventListener("DOMContentLoaded",function(){for(var e,t,s=l.querySelectorAll("iframe.wp-embedded-content"),r=0;r<s.length;r++)(t=(e=s[r]).getAttribute("data-secret"))||(t=Math.random().toString(36).substring(2,12),e.src+="#?secret="+t,e.setAttribute("data-secret",t)),e.contentWindow.postMessage({message:"ready",secret:t},"*")},!1)))}(window,document);
//# sourceURL=https://www.eldiario.net/portal/wp-includes/js/wp-embed.min.js
</script>

Ante la falta de lluvias y el riesgo de una sequía prolongada en los distritos rurales de la urbe alteña, la comuna de El Alto declarará estado de emergencia en el municipio para acceder al Plan Plurinacional de Respuesta Inmediata del Gobierno nacional, informó el secretario municipal de Gestión Ambiental y Riesgos, Gabriel Pari. “Ya [&hellip;]
