{"version":"1.0","provider_name":"El Diario - Bolivia","provider_url":"https:\/\/www.eldiario.net\/portal","title":"Sociedades divididas y enfrentadas - El Diario - Bolivia","type":"rich","width":600,"height":338,"html":"<blockquote class=\"wp-embedded-content\" data-secret=\"hf71JTKWR7\"><a href=\"https:\/\/www.eldiario.net\/portal\/2022\/12\/17\/sociedades-divididas-y-enfrentadas\/\">Sociedades divididas y enfrentadas<\/a><\/blockquote><iframe sandbox=\"allow-scripts\" security=\"restricted\" src=\"https:\/\/www.eldiario.net\/portal\/2022\/12\/17\/sociedades-divididas-y-enfrentadas\/embed\/#?secret=hf71JTKWR7\" width=\"600\" height=\"338\" title=\"\u00abSociedades divididas y enfrentadas\u00bb \u2014 El Diario - Bolivia\" data-secret=\"hf71JTKWR7\" frameborder=\"0\" marginwidth=\"0\" marginheight=\"0\" scrolling=\"no\" class=\"wp-embedded-content\"><\/iframe><script>\n\/*! This file is auto-generated *\/\n!function(d,l){\"use strict\";l.querySelector&&d.addEventListener&&\"undefined\"!=typeof URL&&(d.wp=d.wp||{},d.wp.receiveEmbedMessage||(d.wp.receiveEmbedMessage=function(e){var t=e.data;if((t||t.secret||t.message||t.value)&&!\/[^a-zA-Z0-9]\/.test(t.secret)){for(var s,r,n,a=l.querySelectorAll('iframe[data-secret=\"'+t.secret+'\"]'),o=l.querySelectorAll('blockquote[data-secret=\"'+t.secret+'\"]'),c=new RegExp(\"^https?:$\",\"i\"),i=0;i<o.length;i++)o[i].style.display=\"none\";for(i=0;i<a.length;i++)s=a[i],e.source===s.contentWindow&&(s.removeAttribute(\"style\"),\"height\"===t.message?(1e3<(r=parseInt(t.value,10))?r=1e3:~~r<200&&(r=200),s.height=r):\"link\"===t.message&&(r=new URL(s.getAttribute(\"src\")),n=new URL(t.value),c.test(n.protocol))&&n.host===r.host&&l.activeElement===s&&(d.top.location.href=t.value))}},d.addEventListener(\"message\",d.wp.receiveEmbedMessage,!1),l.addEventListener(\"DOMContentLoaded\",function(){for(var e,t,s=l.querySelectorAll(\"iframe.wp-embedded-content\"),r=0;r<s.length;r++)(t=(e=s[r]).getAttribute(\"data-secret\"))||(t=Math.random().toString(36).substring(2,12),e.src+=\"#?secret=\"+t,e.setAttribute(\"data-secret\",t)),e.contentWindow.postMessage({message:\"ready\",secret:t},\"*\")},!1)))}(window,document);\n\/\/# sourceURL=https:\/\/www.eldiario.net\/portal\/wp-includes\/js\/wp-embed.min.js\n<\/script>\n","description":"El ciclo populista neocomunista que hace ya dos d\u00e9cadas se asent\u00f3 en Latinoam\u00e9rica por el influjo del nefasto \u201cchavismo\u201d, se va extendiendo cual una p\u00fastula cancerosa por el cuerpo social de los pueblos indoamericanos, tanto que amenaza la paz, el desarrollo y, fundamentalmente, las libertades democr\u00e1ticas, que hab\u00edan sido conseguidas tras una sacrificada lucha de [&hellip;]"}

El ciclo populista neocomunista que hace ya dos décadas se asentó en Latinoamérica por el influjo del nefasto “chavismo”, se va extendiendo cual una pústula cancerosa por el cuerpo social de los pueblos indoamericanos, tanto que amenaza la paz, el desarrollo y, fundamentalmente, las libertades democráticas, que habían sido conseguidas tras una sacrificada lucha de [&hellip;]
