{"version":"1.0","provider_name":"El Diario - Bolivia","provider_url":"https:\/\/www.eldiario.net\/portal","title":"Alertan posible colapso de \u00c1reas Protegidas - El Diario - Bolivia","type":"rich","width":600,"height":338,"html":"<blockquote class=\"wp-embedded-content\" data-secret=\"1Q3erdXds6\"><a href=\"https:\/\/www.eldiario.net\/portal\/2022\/12\/13\/alertan-posible-colapso-de-areas-protegidas\/\">Alertan posible colapso  de \u00c1reas Protegidas<\/a><\/blockquote><iframe sandbox=\"allow-scripts\" security=\"restricted\" src=\"https:\/\/www.eldiario.net\/portal\/2022\/12\/13\/alertan-posible-colapso-de-areas-protegidas\/embed\/#?secret=1Q3erdXds6\" width=\"600\" height=\"338\" title=\"\u00abAlertan posible colapso  de \u00c1reas Protegidas\u00bb \u2014 El Diario - Bolivia\" data-secret=\"1Q3erdXds6\" frameborder=\"0\" marginwidth=\"0\" marginheight=\"0\" scrolling=\"no\" class=\"wp-embedded-content\"><\/iframe><script>\n\/*! This file is auto-generated *\/\n!function(d,l){\"use strict\";l.querySelector&&d.addEventListener&&\"undefined\"!=typeof URL&&(d.wp=d.wp||{},d.wp.receiveEmbedMessage||(d.wp.receiveEmbedMessage=function(e){var t=e.data;if((t||t.secret||t.message||t.value)&&!\/[^a-zA-Z0-9]\/.test(t.secret)){for(var s,r,n,a=l.querySelectorAll('iframe[data-secret=\"'+t.secret+'\"]'),o=l.querySelectorAll('blockquote[data-secret=\"'+t.secret+'\"]'),c=new RegExp(\"^https?:$\",\"i\"),i=0;i<o.length;i++)o[i].style.display=\"none\";for(i=0;i<a.length;i++)s=a[i],e.source===s.contentWindow&&(s.removeAttribute(\"style\"),\"height\"===t.message?(1e3<(r=parseInt(t.value,10))?r=1e3:~~r<200&&(r=200),s.height=r):\"link\"===t.message&&(r=new URL(s.getAttribute(\"src\")),n=new URL(t.value),c.test(n.protocol))&&n.host===r.host&&l.activeElement===s&&(d.top.location.href=t.value))}},d.addEventListener(\"message\",d.wp.receiveEmbedMessage,!1),l.addEventListener(\"DOMContentLoaded\",function(){for(var e,t,s=l.querySelectorAll(\"iframe.wp-embedded-content\"),r=0;r<s.length;r++)(t=(e=s[r]).getAttribute(\"data-secret\"))||(t=Math.random().toString(36).substring(2,12),e.src+=\"#?secret=\"+t,e.setAttribute(\"data-secret\",t)),e.contentWindow.postMessage({message:\"ready\",secret:t},\"*\")},!1)))}(window,document);\n\/\/# sourceURL=https:\/\/www.eldiario.net\/portal\/wp-includes\/js\/wp-embed.min.js\n<\/script>\n","description":"La presi\u00f3n de la miner\u00eda ilegal, los avasallamientos y los incendios en las reservas y parques naturales est\u00e1 en aumento, alerta Marco Uzquiano, jefe de Protecci\u00f3n de la Reserva Bi\u00f3sfera Biol\u00f3gica del Beni, situaci\u00f3n que es premeditada para generar un colapso del sistema nacional de protecci\u00f3n de las \u00c1reas Protegidas. Uzquiano es un defensor social [&hellip;]"}

Alertan posible colapso de Áreas Protegidas - El Diario - Bolivia

<blockquote class="wp-embedded-content" data-secret="1Q3erdXds6"><a href="https://www.eldiario.net/portal/2022/12/13/alertan-posible-colapso-de-areas-protegidas/">Alertan posible colapso  de Áreas Protegidas</a></blockquote><iframe sandbox="allow-scripts" security="restricted" src="https://www.eldiario.net/portal/2022/12/13/alertan-posible-colapso-de-areas-protegidas/embed/#?secret=1Q3erdXds6" width="600" height="338" title="«Alertan posible colapso  de Áreas Protegidas» — El Diario - Bolivia" data-secret="1Q3erdXds6" frameborder="0" marginwidth="0" marginheight="0" scrolling="no" class="wp-embedded-content"></iframe><script>
/*! This file is auto-generated */
!function(d,l){"use strict";l.querySelector&&d.addEventListener&&"undefined"!=typeof URL&&(d.wp=d.wp||{},d.wp.receiveEmbedMessage||(d.wp.receiveEmbedMessage=function(e){var t=e.data;if((t||t.secret||t.message||t.value)&&!/[^a-zA-Z0-9]/.test(t.secret)){for(var s,r,n,a=l.querySelectorAll('iframe[data-secret="'+t.secret+'"]'),o=l.querySelectorAll('blockquote[data-secret="'+t.secret+'"]'),c=new RegExp("^https?:$","i"),i=0;i<o.length;i++)o[i].style.display="none";for(i=0;i<a.length;i++)s=a[i],e.source===s.contentWindow&&(s.removeAttribute("style"),"height"===t.message?(1e3<(r=parseInt(t.value,10))?r=1e3:~~r<200&&(r=200),s.height=r):"link"===t.message&&(r=new URL(s.getAttribute("src")),n=new URL(t.value),c.test(n.protocol))&&n.host===r.host&&l.activeElement===s&&(d.top.location.href=t.value))}},d.addEventListener("message",d.wp.receiveEmbedMessage,!1),l.addEventListener("DOMContentLoaded",function(){for(var e,t,s=l.querySelectorAll("iframe.wp-embedded-content"),r=0;r<s.length;r++)(t=(e=s[r]).getAttribute("data-secret"))||(t=Math.random().toString(36).substring(2,12),e.src+="#?secret="+t,e.setAttribute("data-secret",t)),e.contentWindow.postMessage({message:"ready",secret:t},"*")},!1)))}(window,document);
//# sourceURL=https://www.eldiario.net/portal/wp-includes/js/wp-embed.min.js
</script>

La presión de la minería ilegal, los avasallamientos y los incendios en las reservas y parques naturales está en aumento, alerta Marco Uzquiano, jefe de Protección de la Reserva Biósfera Biológica del Beni, situación que es premeditada para generar un colapso del sistema nacional de protección de las Áreas Protegidas. Uzquiano es un defensor social [&hellip;]
