{"version":"1.0","provider_name":"El Diario - Bolivia","provider_url":"https:\/\/www.eldiario.net\/portal","title":"Supremo protector - El Diario - Bolivia","type":"rich","width":600,"height":338,"html":"<blockquote class=\"wp-embedded-content\" data-secret=\"2TADxAhFaS\"><a href=\"https:\/\/www.eldiario.net\/portal\/2022\/12\/02\/supremo-protector\/\">Supremo protector<\/a><\/blockquote><iframe sandbox=\"allow-scripts\" security=\"restricted\" src=\"https:\/\/www.eldiario.net\/portal\/2022\/12\/02\/supremo-protector\/embed\/#?secret=2TADxAhFaS\" width=\"600\" height=\"338\" title=\"\u00abSupremo protector\u00bb \u2014 El Diario - Bolivia\" data-secret=\"2TADxAhFaS\" frameborder=\"0\" marginwidth=\"0\" marginheight=\"0\" scrolling=\"no\" class=\"wp-embedded-content\"><\/iframe><script>\n\/*! This file is auto-generated *\/\n!function(d,l){\"use strict\";l.querySelector&&d.addEventListener&&\"undefined\"!=typeof URL&&(d.wp=d.wp||{},d.wp.receiveEmbedMessage||(d.wp.receiveEmbedMessage=function(e){var t=e.data;if((t||t.secret||t.message||t.value)&&!\/[^a-zA-Z0-9]\/.test(t.secret)){for(var s,r,n,a=l.querySelectorAll('iframe[data-secret=\"'+t.secret+'\"]'),o=l.querySelectorAll('blockquote[data-secret=\"'+t.secret+'\"]'),c=new RegExp(\"^https?:$\",\"i\"),i=0;i<o.length;i++)o[i].style.display=\"none\";for(i=0;i<a.length;i++)s=a[i],e.source===s.contentWindow&&(s.removeAttribute(\"style\"),\"height\"===t.message?(1e3<(r=parseInt(t.value,10))?r=1e3:~~r<200&&(r=200),s.height=r):\"link\"===t.message&&(r=new URL(s.getAttribute(\"src\")),n=new URL(t.value),c.test(n.protocol))&&n.host===r.host&&l.activeElement===s&&(d.top.location.href=t.value))}},d.addEventListener(\"message\",d.wp.receiveEmbedMessage,!1),l.addEventListener(\"DOMContentLoaded\",function(){for(var e,t,s=l.querySelectorAll(\"iframe.wp-embedded-content\"),r=0;r<s.length;r++)(t=(e=s[r]).getAttribute(\"data-secret\"))||(t=Math.random().toString(36).substring(2,12),e.src+=\"#?secret=\"+t,e.setAttribute(\"data-secret\",t)),e.contentWindow.postMessage({message:\"ready\",secret:t},\"*\")},!1)))}(window,document);\n\/\/# sourceURL=https:\/\/www.eldiario.net\/portal\/wp-includes\/js\/wp-embed.min.js\n<\/script>\n","description":"Huarina, ubicada a orillas del Lago Titicaca, el 30 de noviembre record\u00f3 un hecho hist\u00f3rico. Se conmemor\u00f3 los 230 a\u00f1os del nacimiento de Andr\u00e9s de Santa Cruz Calahumana, acto que resalt\u00f3 por la presencia de altas autoridades tanto del Per\u00fa como de Bolivia, que a su turno rindieron su homenaje al Supremo protector de la [&hellip;]"}

Huarina, ubicada a orillas del Lago Titicaca, el 30 de noviembre recordó un hecho histórico. Se conmemoró los 230 años del nacimiento de Andrés de Santa Cruz Calahumana, acto que resaltó por la presencia de altas autoridades tanto del Perú como de Bolivia, que a su turno rindieron su homenaje al Supremo protector de la [&hellip;]
