{"version":"1.0","provider_name":"El Diario - Bolivia","provider_url":"https:\/\/www.eldiario.net\/portal","title":"Piel fabulosa gracias al suero facial - El Diario - Bolivia","type":"rich","width":600,"height":338,"html":"<blockquote class=\"wp-embedded-content\" data-secret=\"uwJ9xrKNrQ\"><a href=\"https:\/\/www.eldiario.net\/portal\/2022\/11\/02\/piel-fabulosa-gracias-al-suero-facial\/\">Piel fabulosa gracias al suero facial<\/a><\/blockquote><iframe sandbox=\"allow-scripts\" security=\"restricted\" src=\"https:\/\/www.eldiario.net\/portal\/2022\/11\/02\/piel-fabulosa-gracias-al-suero-facial\/embed\/#?secret=uwJ9xrKNrQ\" width=\"600\" height=\"338\" title=\"\u00abPiel fabulosa gracias al suero facial\u00bb \u2014 El Diario - Bolivia\" data-secret=\"uwJ9xrKNrQ\" frameborder=\"0\" marginwidth=\"0\" marginheight=\"0\" scrolling=\"no\" class=\"wp-embedded-content\"><\/iframe><script>\n\/*! This file is auto-generated *\/\n!function(d,l){\"use strict\";l.querySelector&&d.addEventListener&&\"undefined\"!=typeof URL&&(d.wp=d.wp||{},d.wp.receiveEmbedMessage||(d.wp.receiveEmbedMessage=function(e){var t=e.data;if((t||t.secret||t.message||t.value)&&!\/[^a-zA-Z0-9]\/.test(t.secret)){for(var s,r,n,a=l.querySelectorAll('iframe[data-secret=\"'+t.secret+'\"]'),o=l.querySelectorAll('blockquote[data-secret=\"'+t.secret+'\"]'),c=new RegExp(\"^https?:$\",\"i\"),i=0;i<o.length;i++)o[i].style.display=\"none\";for(i=0;i<a.length;i++)s=a[i],e.source===s.contentWindow&&(s.removeAttribute(\"style\"),\"height\"===t.message?(1e3<(r=parseInt(t.value,10))?r=1e3:~~r<200&&(r=200),s.height=r):\"link\"===t.message&&(r=new URL(s.getAttribute(\"src\")),n=new URL(t.value),c.test(n.protocol))&&n.host===r.host&&l.activeElement===s&&(d.top.location.href=t.value))}},d.addEventListener(\"message\",d.wp.receiveEmbedMessage,!1),l.addEventListener(\"DOMContentLoaded\",function(){for(var e,t,s=l.querySelectorAll(\"iframe.wp-embedded-content\"),r=0;r<s.length;r++)(t=(e=s[r]).getAttribute(\"data-secret\"))||(t=Math.random().toString(36).substring(2,12),e.src+=\"#?secret=\"+t,e.setAttribute(\"data-secret\",t)),e.contentWindow.postMessage({message:\"ready\",secret:t},\"*\")},!1)))}(window,document);\n\/\/# sourceURL=https:\/\/www.eldiario.net\/portal\/wp-includes\/js\/wp-embed.min.js\n<\/script>\n","thumbnail_url":"https:\/\/www.eldiario.net\/portal\/wp-content\/uploads\/2022\/11\/NOTA-3-FOTO-1.jpg","thumbnail_width":387,"thumbnail_height":581,"description":"Por: Susana Guti\u00e9rrez Con 33 a\u00f1os de edad, Mar\u00eda Luisa, sent\u00eda que su rostro se encontraba deshidratado, con arrugas y sin brillo. \u201cDespu\u00e9s de mi \u00faltimo parto me qued\u00e9 con la piel marchita, sin vida\u201d. Por su parte, Esther, de 30 a\u00f1os, estaba buscando algo que, sencillamente, le restaurara el brillo a su cutis, porque [&hellip;]"}

Por: Susana Gutiérrez Con 33 años de edad, María Luisa, sentía que su rostro se encontraba deshidratado, con arrugas y sin brillo. “Después de mi último parto me quedé con la piel marchita, sin vida”. Por su parte, Esther, de 30 años, estaba buscando algo que, sencillamente, le restaurara el brillo a su cutis, porque [&hellip;]
