{"version":"1.0","provider_name":"El Diario - Bolivia","provider_url":"https:\/\/www.eldiario.net\/portal","title":"Philippe Bizot - El Diario - Bolivia","type":"rich","width":600,"height":338,"html":"<blockquote class=\"wp-embedded-content\" data-secret=\"If4PqmqIhc\"><a href=\"https:\/\/www.eldiario.net\/portal\/2022\/10\/17\/philippe-bizot\/\">Philippe Bizot<\/a><\/blockquote><iframe sandbox=\"allow-scripts\" security=\"restricted\" src=\"https:\/\/www.eldiario.net\/portal\/2022\/10\/17\/philippe-bizot\/embed\/#?secret=If4PqmqIhc\" width=\"600\" height=\"338\" title=\"\u00abPhilippe Bizot\u00bb \u2014 El Diario - Bolivia\" data-secret=\"If4PqmqIhc\" frameborder=\"0\" marginwidth=\"0\" marginheight=\"0\" scrolling=\"no\" class=\"wp-embedded-content\"><\/iframe><script>\n\/*! This file is auto-generated *\/\n!function(d,l){\"use strict\";l.querySelector&&d.addEventListener&&\"undefined\"!=typeof URL&&(d.wp=d.wp||{},d.wp.receiveEmbedMessage||(d.wp.receiveEmbedMessage=function(e){var t=e.data;if((t||t.secret||t.message||t.value)&&!\/[^a-zA-Z0-9]\/.test(t.secret)){for(var s,r,n,a=l.querySelectorAll('iframe[data-secret=\"'+t.secret+'\"]'),o=l.querySelectorAll('blockquote[data-secret=\"'+t.secret+'\"]'),c=new RegExp(\"^https?:$\",\"i\"),i=0;i<o.length;i++)o[i].style.display=\"none\";for(i=0;i<a.length;i++)s=a[i],e.source===s.contentWindow&&(s.removeAttribute(\"style\"),\"height\"===t.message?(1e3<(r=parseInt(t.value,10))?r=1e3:~~r<200&&(r=200),s.height=r):\"link\"===t.message&&(r=new URL(s.getAttribute(\"src\")),n=new URL(t.value),c.test(n.protocol))&&n.host===r.host&&l.activeElement===s&&(d.top.location.href=t.value))}},d.addEventListener(\"message\",d.wp.receiveEmbedMessage,!1),l.addEventListener(\"DOMContentLoaded\",function(){for(var e,t,s=l.querySelectorAll(\"iframe.wp-embedded-content\"),r=0;r<s.length;r++)(t=(e=s[r]).getAttribute(\"data-secret\"))||(t=Math.random().toString(36).substring(2,12),e.src+=\"#?secret=\"+t,e.setAttribute(\"data-secret\",t)),e.contentWindow.postMessage({message:\"ready\",secret:t},\"*\")},!1)))}(window,document);\n\/\/# sourceURL=https:\/\/www.eldiario.net\/portal\/wp-includes\/js\/wp-embed.min.js\n<\/script>\n","thumbnail_url":"https:\/\/www.eldiario.net\/portal\/wp-content\/uploads\/2022\/10\/f_2015-08-04_20.jpg","thumbnail_width":600,"thumbnail_height":451,"description":"El invitado de lujo hoy en Cultvral es un maestro pantomima, actor, escritor, pintor y pedagogo que, sin lugar a duda, no necesita mayor presentaci\u00f3n. Su arte de silencio este a\u00f1o celebra los 50 a\u00f1os con una gran gira mundial que inicia por Bolivia gracias al cari\u00f1o especial que tiene el artista franc\u00e9s por nuestro [&hellip;]"}

El invitado de lujo hoy en Cultvral es un maestro pantomima, actor, escritor, pintor y pedagogo que, sin lugar a duda, no necesita mayor presentación. Su arte de silencio este año celebra los 50 años con una gran gira mundial que inicia por Bolivia gracias al cariño especial que tiene el artista francés por nuestro [&hellip;]
