{"version":"1.0","provider_name":"El Diario - Bolivia","provider_url":"https:\/\/www.eldiario.net\/portal","title":"Liberan a los \u00faltimos tripulantes de avi\u00f3n - El Diario - Bolivia","type":"rich","width":600,"height":338,"html":"<blockquote class=\"wp-embedded-content\" data-secret=\"UfnnLhGcZn\"><a href=\"https:\/\/www.eldiario.net\/portal\/2022\/10\/16\/liberan-a-los-ultimos-tripulantes-de-avion\/\">Liberan a los \u00faltimos  tripulantes de avi\u00f3n<\/a><\/blockquote><iframe sandbox=\"allow-scripts\" security=\"restricted\" src=\"https:\/\/www.eldiario.net\/portal\/2022\/10\/16\/liberan-a-los-ultimos-tripulantes-de-avion\/embed\/#?secret=UfnnLhGcZn\" width=\"600\" height=\"338\" title=\"\u00abLiberan a los \u00faltimos  tripulantes de avi\u00f3n\u00bb \u2014 El Diario - Bolivia\" data-secret=\"UfnnLhGcZn\" frameborder=\"0\" marginwidth=\"0\" marginheight=\"0\" scrolling=\"no\" class=\"wp-embedded-content\"><\/iframe><script>\n\/*! This file is auto-generated *\/\n!function(d,l){\"use strict\";l.querySelector&&d.addEventListener&&\"undefined\"!=typeof URL&&(d.wp=d.wp||{},d.wp.receiveEmbedMessage||(d.wp.receiveEmbedMessage=function(e){var t=e.data;if((t||t.secret||t.message||t.value)&&!\/[^a-zA-Z0-9]\/.test(t.secret)){for(var s,r,n,a=l.querySelectorAll('iframe[data-secret=\"'+t.secret+'\"]'),o=l.querySelectorAll('blockquote[data-secret=\"'+t.secret+'\"]'),c=new RegExp(\"^https?:$\",\"i\"),i=0;i<o.length;i++)o[i].style.display=\"none\";for(i=0;i<a.length;i++)s=a[i],e.source===s.contentWindow&&(s.removeAttribute(\"style\"),\"height\"===t.message?(1e3<(r=parseInt(t.value,10))?r=1e3:~~r<200&&(r=200),s.height=r):\"link\"===t.message&&(r=new URL(s.getAttribute(\"src\")),n=new URL(t.value),c.test(n.protocol))&&n.host===r.host&&l.activeElement===s&&(d.top.location.href=t.value))}},d.addEventListener(\"message\",d.wp.receiveEmbedMessage,!1),l.addEventListener(\"DOMContentLoaded\",function(){for(var e,t,s=l.querySelectorAll(\"iframe.wp-embedded-content\"),r=0;r<s.length;r++)(t=(e=s[r]).getAttribute(\"data-secret\"))||(t=Math.random().toString(36).substring(2,12),e.src+=\"#?secret=\"+t,e.setAttribute(\"data-secret\",t)),e.contentWindow.postMessage({message:\"ready\",secret:t},\"*\")},!1)))}(window,document);\n\/\/# sourceURL=https:\/\/www.eldiario.net\/portal\/wp-includes\/js\/wp-embed.min.js\n<\/script>\n","description":"La Justicia argentina ha liberado a los \u00faltimos cinco tripulantes del avi\u00f3n venezolano-iran\u00ed retenido desde junio en el Aeropuerto Internacional de Ezeiza, a las afueras de Buenos Aires. El fallo del juez federal Federico Villena publicado ayer determina que no existen pruebas consistentes para procesarlos por la realizaci\u00f3n de actividades vinculadas al terrorismo. La resoluci\u00f3n [&hellip;]"}

Liberan a los últimos tripulantes de avión - El Diario - Bolivia

<blockquote class="wp-embedded-content" data-secret="UfnnLhGcZn"><a href="https://www.eldiario.net/portal/2022/10/16/liberan-a-los-ultimos-tripulantes-de-avion/">Liberan a los últimos  tripulantes de avión</a></blockquote><iframe sandbox="allow-scripts" security="restricted" src="https://www.eldiario.net/portal/2022/10/16/liberan-a-los-ultimos-tripulantes-de-avion/embed/#?secret=UfnnLhGcZn" width="600" height="338" title="«Liberan a los últimos  tripulantes de avión» — El Diario - Bolivia" data-secret="UfnnLhGcZn" frameborder="0" marginwidth="0" marginheight="0" scrolling="no" class="wp-embedded-content"></iframe><script>
/*! This file is auto-generated */
!function(d,l){"use strict";l.querySelector&&d.addEventListener&&"undefined"!=typeof URL&&(d.wp=d.wp||{},d.wp.receiveEmbedMessage||(d.wp.receiveEmbedMessage=function(e){var t=e.data;if((t||t.secret||t.message||t.value)&&!/[^a-zA-Z0-9]/.test(t.secret)){for(var s,r,n,a=l.querySelectorAll('iframe[data-secret="'+t.secret+'"]'),o=l.querySelectorAll('blockquote[data-secret="'+t.secret+'"]'),c=new RegExp("^https?:$","i"),i=0;i<o.length;i++)o[i].style.display="none";for(i=0;i<a.length;i++)s=a[i],e.source===s.contentWindow&&(s.removeAttribute("style"),"height"===t.message?(1e3<(r=parseInt(t.value,10))?r=1e3:~~r<200&&(r=200),s.height=r):"link"===t.message&&(r=new URL(s.getAttribute("src")),n=new URL(t.value),c.test(n.protocol))&&n.host===r.host&&l.activeElement===s&&(d.top.location.href=t.value))}},d.addEventListener("message",d.wp.receiveEmbedMessage,!1),l.addEventListener("DOMContentLoaded",function(){for(var e,t,s=l.querySelectorAll("iframe.wp-embedded-content"),r=0;r<s.length;r++)(t=(e=s[r]).getAttribute("data-secret"))||(t=Math.random().toString(36).substring(2,12),e.src+="#?secret="+t,e.setAttribute("data-secret",t)),e.contentWindow.postMessage({message:"ready",secret:t},"*")},!1)))}(window,document);
//# sourceURL=https://www.eldiario.net/portal/wp-includes/js/wp-embed.min.js
</script>

La Justicia argentina ha liberado a los últimos cinco tripulantes del avión venezolano-iraní retenido desde junio en el Aeropuerto Internacional de Ezeiza, a las afueras de Buenos Aires. El fallo del juez federal Federico Villena publicado ayer determina que no existen pruebas consistentes para procesarlos por la realización de actividades vinculadas al terrorismo. La resolución [&hellip;]
