{"version":"1.0","provider_name":"El Diario - Bolivia","provider_url":"https:\/\/www.eldiario.net\/portal","title":"Cuceb Piloto - El Diario - Bolivia","type":"rich","width":600,"height":338,"html":"<blockquote class=\"wp-embedded-content\" data-secret=\"OIScTFeGp9\"><a href=\"https:\/\/www.eldiario.net\/portal\/2022\/09\/24\/cuceb-piloto\/\">Cuceb Piloto<\/a><\/blockquote><iframe sandbox=\"allow-scripts\" security=\"restricted\" src=\"https:\/\/www.eldiario.net\/portal\/2022\/09\/24\/cuceb-piloto\/embed\/#?secret=OIScTFeGp9\" width=\"600\" height=\"338\" title=\"\u00abCuceb Piloto\u00bb \u2014 El Diario - Bolivia\" data-secret=\"OIScTFeGp9\" frameborder=\"0\" marginwidth=\"0\" marginheight=\"0\" scrolling=\"no\" class=\"wp-embedded-content\"><\/iframe><script>\n\/*! This file is auto-generated *\/\n!function(d,l){\"use strict\";l.querySelector&&d.addEventListener&&\"undefined\"!=typeof URL&&(d.wp=d.wp||{},d.wp.receiveEmbedMessage||(d.wp.receiveEmbedMessage=function(e){var t=e.data;if((t||t.secret||t.message||t.value)&&!\/[^a-zA-Z0-9]\/.test(t.secret)){for(var s,r,n,a=l.querySelectorAll('iframe[data-secret=\"'+t.secret+'\"]'),o=l.querySelectorAll('blockquote[data-secret=\"'+t.secret+'\"]'),c=new RegExp(\"^https?:$\",\"i\"),i=0;i<o.length;i++)o[i].style.display=\"none\";for(i=0;i<a.length;i++)s=a[i],e.source===s.contentWindow&&(s.removeAttribute(\"style\"),\"height\"===t.message?(1e3<(r=parseInt(t.value,10))?r=1e3:~~r<200&&(r=200),s.height=r):\"link\"===t.message&&(r=new URL(s.getAttribute(\"src\")),n=new URL(t.value),c.test(n.protocol))&&n.host===r.host&&l.activeElement===s&&(d.top.location.href=t.value))}},d.addEventListener(\"message\",d.wp.receiveEmbedMessage,!1),l.addEventListener(\"DOMContentLoaded\",function(){for(var e,t,s=l.querySelectorAll(\"iframe.wp-embedded-content\"),r=0;r<s.length;r++)(t=(e=s[r]).getAttribute(\"data-secret\"))||(t=Math.random().toString(36).substring(2,12),e.src+=\"#?secret=\"+t,e.setAttribute(\"data-secret\",t)),e.contentWindow.postMessage({message:\"ready\",secret:t},\"*\")},!1)))}(window,document);\n\/\/# sourceURL=https:\/\/www.eldiario.net\/portal\/wp-includes\/js\/wp-embed.min.js\n<\/script>\n","thumbnail_url":"https:\/\/www.eldiario.net\/portal\/wp-content\/uploads\/2022\/09\/FB_IMG_1663846581608-scaled-1.jpg","thumbnail_width":2560,"thumbnail_height":2560,"description":"Cada generaci\u00f3n tiene su voz y, Cuceb Piloto, en definitiva, es la voz una nueva generaci\u00f3n del rock mexicano. Adem\u00e1s de todo su trabajo en solitarios, fund\u00f3 una importante banda como es \u201cMir\u00f3\u201d y actualmente tiene una s\u00f3lida carrera como solista. En esta exclusiva para Cvltvral conocemos m\u00e1s de este gran artista de mano de [&hellip;]"}

Cada generación tiene su voz y, Cuceb Piloto, en definitiva, es la voz una nueva generación del rock mexicano. Además de todo su trabajo en solitarios, fundó una importante banda como es “Miró” y actualmente tiene una sólida carrera como solista. En esta exclusiva para Cvltvral conocemos más de este gran artista de mano de [&hellip;]
