{"version":"1.0","provider_name":"El Diario - Bolivia","provider_url":"https:\/\/www.eldiario.net\/portal","title":"Mi patria Bolivia, felicidades - El Diario - Bolivia","type":"rich","width":600,"height":338,"html":"<blockquote class=\"wp-embedded-content\" data-secret=\"4FQfxWzkyZ\"><a href=\"https:\/\/www.eldiario.net\/portal\/2022\/08\/09\/mi-patria-bolivia-felicidades\/\">Mi patria Bolivia, felicidades<\/a><\/blockquote><iframe sandbox=\"allow-scripts\" security=\"restricted\" src=\"https:\/\/www.eldiario.net\/portal\/2022\/08\/09\/mi-patria-bolivia-felicidades\/embed\/#?secret=4FQfxWzkyZ\" width=\"600\" height=\"338\" title=\"\u00abMi patria Bolivia, felicidades\u00bb \u2014 El Diario - Bolivia\" data-secret=\"4FQfxWzkyZ\" frameborder=\"0\" marginwidth=\"0\" marginheight=\"0\" scrolling=\"no\" class=\"wp-embedded-content\"><\/iframe><script>\n\/*! This file is auto-generated *\/\n!function(d,l){\"use strict\";l.querySelector&&d.addEventListener&&\"undefined\"!=typeof URL&&(d.wp=d.wp||{},d.wp.receiveEmbedMessage||(d.wp.receiveEmbedMessage=function(e){var t=e.data;if((t||t.secret||t.message||t.value)&&!\/[^a-zA-Z0-9]\/.test(t.secret)){for(var s,r,n,a=l.querySelectorAll('iframe[data-secret=\"'+t.secret+'\"]'),o=l.querySelectorAll('blockquote[data-secret=\"'+t.secret+'\"]'),c=new RegExp(\"^https?:$\",\"i\"),i=0;i<o.length;i++)o[i].style.display=\"none\";for(i=0;i<a.length;i++)s=a[i],e.source===s.contentWindow&&(s.removeAttribute(\"style\"),\"height\"===t.message?(1e3<(r=parseInt(t.value,10))?r=1e3:~~r<200&&(r=200),s.height=r):\"link\"===t.message&&(r=new URL(s.getAttribute(\"src\")),n=new URL(t.value),c.test(n.protocol))&&n.host===r.host&&l.activeElement===s&&(d.top.location.href=t.value))}},d.addEventListener(\"message\",d.wp.receiveEmbedMessage,!1),l.addEventListener(\"DOMContentLoaded\",function(){for(var e,t,s=l.querySelectorAll(\"iframe.wp-embedded-content\"),r=0;r<s.length;r++)(t=(e=s[r]).getAttribute(\"data-secret\"))||(t=Math.random().toString(36).substring(2,12),e.src+=\"#?secret=\"+t,e.setAttribute(\"data-secret\",t)),e.contentWindow.postMessage({message:\"ready\",secret:t},\"*\")},!1)))}(window,document);\n\/\/# sourceURL=https:\/\/www.eldiario.net\/portal\/wp-includes\/js\/wp-embed.min.js\n<\/script>\n","description":"&nbsp; Bolivia visionaria, penitente, persistente, glosa su himno, tierra inocente y hermosa, tus hijos decimos en un\u00edsono, morir antes que esclavos vivir. Recordamos el 197 aniversario de la vida independiente de la tierra que nos vio nacer, llamada en su fundaci\u00f3n como Rep\u00fablica Bol\u00edvar, en el a\u00f1o 1825, en honor al libertador Sim\u00f3n Bol\u00edvar. El [&hellip;]"}

&nbsp; Bolivia visionaria, penitente, persistente, glosa su himno, tierra inocente y hermosa, tus hijos decimos en unísono, morir antes que esclavos vivir. Recordamos el 197 aniversario de la vida independiente de la tierra que nos vio nacer, llamada en su fundación como República Bolívar, en el año 1825, en honor al libertador Simón Bolívar. El [&hellip;]
