{"version":"1.0","provider_name":"El Diario - Bolivia","provider_url":"https:\/\/www.eldiario.net\/portal","title":"FUERTES, CORTE DE LOS DIRECTORES - El Diario - Bolivia","type":"rich","width":600,"height":338,"html":"<blockquote class=\"wp-embedded-content\" data-secret=\"qLM40OPDXZ\"><a href=\"https:\/\/www.eldiario.net\/portal\/2022\/06\/26\/fuertes-corte-de-los-directores\/\">FUERTES, CORTE DE LOS DIRECTORES<\/a><\/blockquote><iframe sandbox=\"allow-scripts\" security=\"restricted\" src=\"https:\/\/www.eldiario.net\/portal\/2022\/06\/26\/fuertes-corte-de-los-directores\/embed\/#?secret=qLM40OPDXZ\" width=\"600\" height=\"338\" title=\"\u00abFUERTES, CORTE DE LOS DIRECTORES\u00bb \u2014 El Diario - Bolivia\" data-secret=\"qLM40OPDXZ\" frameborder=\"0\" marginwidth=\"0\" marginheight=\"0\" scrolling=\"no\" class=\"wp-embedded-content\"><\/iframe><script>\n\/*! This file is auto-generated *\/\n!function(d,l){\"use strict\";l.querySelector&&d.addEventListener&&\"undefined\"!=typeof URL&&(d.wp=d.wp||{},d.wp.receiveEmbedMessage||(d.wp.receiveEmbedMessage=function(e){var t=e.data;if((t||t.secret||t.message||t.value)&&!\/[^a-zA-Z0-9]\/.test(t.secret)){for(var s,r,n,a=l.querySelectorAll('iframe[data-secret=\"'+t.secret+'\"]'),o=l.querySelectorAll('blockquote[data-secret=\"'+t.secret+'\"]'),c=new RegExp(\"^https?:$\",\"i\"),i=0;i<o.length;i++)o[i].style.display=\"none\";for(i=0;i<a.length;i++)s=a[i],e.source===s.contentWindow&&(s.removeAttribute(\"style\"),\"height\"===t.message?(1e3<(r=parseInt(t.value,10))?r=1e3:~~r<200&&(r=200),s.height=r):\"link\"===t.message&&(r=new URL(s.getAttribute(\"src\")),n=new URL(t.value),c.test(n.protocol))&&n.host===r.host&&l.activeElement===s&&(d.top.location.href=t.value))}},d.addEventListener(\"message\",d.wp.receiveEmbedMessage,!1),l.addEventListener(\"DOMContentLoaded\",function(){for(var e,t,s=l.querySelectorAll(\"iframe.wp-embedded-content\"),r=0;r<s.length;r++)(t=(e=s[r]).getAttribute(\"data-secret\"))||(t=Math.random().toString(36).substring(2,12),e.src+=\"#?secret=\"+t,e.setAttribute(\"data-secret\",t)),e.contentWindow.postMessage({message:\"ready\",secret:t},\"*\")},!1)))}(window,document);\n\/\/# sourceURL=https:\/\/www.eldiario.net\/portal\/wp-includes\/js\/wp-embed.min.js\n<\/script>\n","description":"La pel\u00edcula \u201cFuertes\u201d es una producci\u00f3n cinematogr\u00e1fica que narra parte de la historia de Bolivia, la misma que debemos conocer todos los bolivianos por la connotaci\u00f3n que tiene en la vida de nuestro pa\u00eds, resaltando el film principalmente al equipo atigrado y su protagonismo en hechos relevantes entre el amor, la pasi\u00f3n y la guerra. [&hellip;]"}

La película “Fuertes” es una producción cinematográfica que narra parte de la historia de Bolivia, la misma que debemos conocer todos los bolivianos por la connotación que tiene en la vida de nuestro país, resaltando el film principalmente al equipo atigrado y su protagonismo en hechos relevantes entre el amor, la pasión y la guerra. [&hellip;]
