{"version":"1.0","provider_name":"El Diario - Bolivia","provider_url":"https:\/\/www.eldiario.net\/portal","title":"Realizan inspecci\u00f3n a joyer\u00eda Eurochronos - El Diario - Bolivia","type":"rich","width":600,"height":338,"html":"<blockquote class=\"wp-embedded-content\" data-secret=\"fyYV9jE7BE\"><a href=\"https:\/\/www.eldiario.net\/portal\/2022\/06\/14\/realizan-inspeccion-a-joyeria-eurochronos\/\">Realizan inspecci\u00f3n  a joyer\u00eda Eurochronos<\/a><\/blockquote><iframe sandbox=\"allow-scripts\" security=\"restricted\" src=\"https:\/\/www.eldiario.net\/portal\/2022\/06\/14\/realizan-inspeccion-a-joyeria-eurochronos\/embed\/#?secret=fyYV9jE7BE\" width=\"600\" height=\"338\" title=\"\u00abRealizan inspecci\u00f3n  a joyer\u00eda Eurochronos\u00bb \u2014 El Diario - Bolivia\" data-secret=\"fyYV9jE7BE\" frameborder=\"0\" marginwidth=\"0\" marginheight=\"0\" scrolling=\"no\" class=\"wp-embedded-content\"><\/iframe><script>\n\/*! This file is auto-generated *\/\n!function(d,l){\"use strict\";l.querySelector&&d.addEventListener&&\"undefined\"!=typeof URL&&(d.wp=d.wp||{},d.wp.receiveEmbedMessage||(d.wp.receiveEmbedMessage=function(e){var t=e.data;if((t||t.secret||t.message||t.value)&&!\/[^a-zA-Z0-9]\/.test(t.secret)){for(var s,r,n,a=l.querySelectorAll('iframe[data-secret=\"'+t.secret+'\"]'),o=l.querySelectorAll('blockquote[data-secret=\"'+t.secret+'\"]'),c=new RegExp(\"^https?:$\",\"i\"),i=0;i<o.length;i++)o[i].style.display=\"none\";for(i=0;i<a.length;i++)s=a[i],e.source===s.contentWindow&&(s.removeAttribute(\"style\"),\"height\"===t.message?(1e3<(r=parseInt(t.value,10))?r=1e3:~~r<200&&(r=200),s.height=r):\"link\"===t.message&&(r=new URL(s.getAttribute(\"src\")),n=new URL(t.value),c.test(n.protocol))&&n.host===r.host&&l.activeElement===s&&(d.top.location.href=t.value))}},d.addEventListener(\"message\",d.wp.receiveEmbedMessage,!1),l.addEventListener(\"DOMContentLoaded\",function(){for(var e,t,s=l.querySelectorAll(\"iframe.wp-embedded-content\"),r=0;r<s.length;r++)(t=(e=s[r]).getAttribute(\"data-secret\"))||(t=Math.random().toString(36).substring(2,12),e.src+=\"#?secret=\"+t,e.setAttribute(\"data-secret\",t)),e.contentWindow.postMessage({message:\"ready\",secret:t},\"*\")},!1)))}(window,document);\n\/\/# sourceURL=https:\/\/www.eldiario.net\/portal\/wp-includes\/js\/wp-embed.min.js\n<\/script>\n","description":"A las 9:30 horas de ayer, los acusadores y acusados del caso Eurochronos realizaron una inspecci\u00f3n ocular al lugar de los hechos, donde el 13 de julio de 2017 se registr\u00f3 un asalto armado que dej\u00f3 el saldo de cinco muertos y siete heridos, inform\u00f3 a EL DIARIO el abogado Jorge Santistevan que patrocina a [&hellip;]"}

Realizan inspección a joyería Eurochronos - El Diario - Bolivia

<blockquote class="wp-embedded-content" data-secret="fyYV9jE7BE"><a href="https://www.eldiario.net/portal/2022/06/14/realizan-inspeccion-a-joyeria-eurochronos/">Realizan inspección  a joyería Eurochronos</a></blockquote><iframe sandbox="allow-scripts" security="restricted" src="https://www.eldiario.net/portal/2022/06/14/realizan-inspeccion-a-joyeria-eurochronos/embed/#?secret=fyYV9jE7BE" width="600" height="338" title="«Realizan inspección  a joyería Eurochronos» — El Diario - Bolivia" data-secret="fyYV9jE7BE" frameborder="0" marginwidth="0" marginheight="0" scrolling="no" class="wp-embedded-content"></iframe><script>
/*! This file is auto-generated */
!function(d,l){"use strict";l.querySelector&&d.addEventListener&&"undefined"!=typeof URL&&(d.wp=d.wp||{},d.wp.receiveEmbedMessage||(d.wp.receiveEmbedMessage=function(e){var t=e.data;if((t||t.secret||t.message||t.value)&&!/[^a-zA-Z0-9]/.test(t.secret)){for(var s,r,n,a=l.querySelectorAll('iframe[data-secret="'+t.secret+'"]'),o=l.querySelectorAll('blockquote[data-secret="'+t.secret+'"]'),c=new RegExp("^https?:$","i"),i=0;i<o.length;i++)o[i].style.display="none";for(i=0;i<a.length;i++)s=a[i],e.source===s.contentWindow&&(s.removeAttribute("style"),"height"===t.message?(1e3<(r=parseInt(t.value,10))?r=1e3:~~r<200&&(r=200),s.height=r):"link"===t.message&&(r=new URL(s.getAttribute("src")),n=new URL(t.value),c.test(n.protocol))&&n.host===r.host&&l.activeElement===s&&(d.top.location.href=t.value))}},d.addEventListener("message",d.wp.receiveEmbedMessage,!1),l.addEventListener("DOMContentLoaded",function(){for(var e,t,s=l.querySelectorAll("iframe.wp-embedded-content"),r=0;r<s.length;r++)(t=(e=s[r]).getAttribute("data-secret"))||(t=Math.random().toString(36).substring(2,12),e.src+="#?secret="+t,e.setAttribute("data-secret",t)),e.contentWindow.postMessage({message:"ready",secret:t},"*")},!1)))}(window,document);
//# sourceURL=https://www.eldiario.net/portal/wp-includes/js/wp-embed.min.js
</script>

A las 9:30 horas de ayer, los acusadores y acusados del caso Eurochronos realizaron una inspección ocular al lugar de los hechos, donde el 13 de julio de 2017 se registró un asalto armado que dejó el saldo de cinco muertos y siete heridos, informó a EL DIARIO el abogado Jorge Santistevan que patrocina a [&hellip;]
