{"version":"1.0","provider_name":"El Diario - Bolivia","provider_url":"https:\/\/www.eldiario.net\/portal","title":"Bruselas reactiva proceso contra Reino Unido - El Diario - Bolivia","type":"rich","width":600,"height":338,"html":"<blockquote class=\"wp-embedded-content\" data-secret=\"5GAH0vB5Vo\"><a href=\"https:\/\/www.eldiario.net\/portal\/2022\/06\/14\/bruselas-reactiva-proceso-contra-reino-unido\/\">Bruselas reactiva proceso  contra Reino Unido<\/a><\/blockquote><iframe sandbox=\"allow-scripts\" security=\"restricted\" src=\"https:\/\/www.eldiario.net\/portal\/2022\/06\/14\/bruselas-reactiva-proceso-contra-reino-unido\/embed\/#?secret=5GAH0vB5Vo\" width=\"600\" height=\"338\" title=\"\u00abBruselas reactiva proceso  contra Reino Unido\u00bb \u2014 El Diario - Bolivia\" data-secret=\"5GAH0vB5Vo\" frameborder=\"0\" marginwidth=\"0\" marginheight=\"0\" scrolling=\"no\" class=\"wp-embedded-content\"><\/iframe><script>\n\/*! This file is auto-generated *\/\n!function(d,l){\"use strict\";l.querySelector&&d.addEventListener&&\"undefined\"!=typeof URL&&(d.wp=d.wp||{},d.wp.receiveEmbedMessage||(d.wp.receiveEmbedMessage=function(e){var t=e.data;if((t||t.secret||t.message||t.value)&&!\/[^a-zA-Z0-9]\/.test(t.secret)){for(var s,r,n,a=l.querySelectorAll('iframe[data-secret=\"'+t.secret+'\"]'),o=l.querySelectorAll('blockquote[data-secret=\"'+t.secret+'\"]'),c=new RegExp(\"^https?:$\",\"i\"),i=0;i<o.length;i++)o[i].style.display=\"none\";for(i=0;i<a.length;i++)s=a[i],e.source===s.contentWindow&&(s.removeAttribute(\"style\"),\"height\"===t.message?(1e3<(r=parseInt(t.value,10))?r=1e3:~~r<200&&(r=200),s.height=r):\"link\"===t.message&&(r=new URL(s.getAttribute(\"src\")),n=new URL(t.value),c.test(n.protocol))&&n.host===r.host&&l.activeElement===s&&(d.top.location.href=t.value))}},d.addEventListener(\"message\",d.wp.receiveEmbedMessage,!1),l.addEventListener(\"DOMContentLoaded\",function(){for(var e,t,s=l.querySelectorAll(\"iframe.wp-embedded-content\"),r=0;r<s.length;r++)(t=(e=s[r]).getAttribute(\"data-secret\"))||(t=Math.random().toString(36).substring(2,12),e.src+=\"#?secret=\"+t,e.setAttribute(\"data-secret\",t)),e.contentWindow.postMessage({message:\"ready\",secret:t},\"*\")},!1)))}(window,document);\n\/\/# sourceURL=https:\/\/www.eldiario.net\/portal\/wp-includes\/js\/wp-embed.min.js\n<\/script>\n","description":"Bruselas.- La Comisi\u00f3n Europea reactivar\u00e1 la v\u00eda judicial contra Reino Unido por violar las disposiciones del protocolo para Irlanda del Norte negociado entre las partes para mitigar el impacto del Brexit en el \u00dalster, despu\u00e9s de que el Gobierno de Boris Johnson presentara formalmente este lunes una ley que en la pr\u00e1ctica suspende de manera [&hellip;]"}

Bruselas.- La Comisión Europea reactivará la vía judicial contra Reino Unido por violar las disposiciones del protocolo para Irlanda del Norte negociado entre las partes para mitigar el impacto del Brexit en el Úlster, después de que el Gobierno de Boris Johnson presentara formalmente este lunes una ley que en la práctica suspende de manera [&hellip;]
