{"version":"1.0","provider_name":"El Diario - Bolivia","provider_url":"https:\/\/www.eldiario.net\/portal","title":"Presentan el Polestar 3. - El Diario - Bolivia","type":"rich","width":600,"height":338,"html":"<blockquote class=\"wp-embedded-content\" data-secret=\"d9AmjeRIdY\"><a href=\"https:\/\/www.eldiario.net\/portal\/2022\/06\/13\/presentan-el-polestar-3\/\">Presentan el Polestar 3.<\/a><\/blockquote><iframe sandbox=\"allow-scripts\" security=\"restricted\" src=\"https:\/\/www.eldiario.net\/portal\/2022\/06\/13\/presentan-el-polestar-3\/embed\/#?secret=d9AmjeRIdY\" width=\"600\" height=\"338\" title=\"\u00abPresentan el Polestar 3.\u00bb \u2014 El Diario - Bolivia\" data-secret=\"d9AmjeRIdY\" frameborder=\"0\" marginwidth=\"0\" marginheight=\"0\" scrolling=\"no\" class=\"wp-embedded-content\"><\/iframe><script>\n\/*! This file is auto-generated *\/\n!function(d,l){\"use strict\";l.querySelector&&d.addEventListener&&\"undefined\"!=typeof URL&&(d.wp=d.wp||{},d.wp.receiveEmbedMessage||(d.wp.receiveEmbedMessage=function(e){var t=e.data;if((t||t.secret||t.message||t.value)&&!\/[^a-zA-Z0-9]\/.test(t.secret)){for(var s,r,n,a=l.querySelectorAll('iframe[data-secret=\"'+t.secret+'\"]'),o=l.querySelectorAll('blockquote[data-secret=\"'+t.secret+'\"]'),c=new RegExp(\"^https?:$\",\"i\"),i=0;i<o.length;i++)o[i].style.display=\"none\";for(i=0;i<a.length;i++)s=a[i],e.source===s.contentWindow&&(s.removeAttribute(\"style\"),\"height\"===t.message?(1e3<(r=parseInt(t.value,10))?r=1e3:~~r<200&&(r=200),s.height=r):\"link\"===t.message&&(r=new URL(s.getAttribute(\"src\")),n=new URL(t.value),c.test(n.protocol))&&n.host===r.host&&l.activeElement===s&&(d.top.location.href=t.value))}},d.addEventListener(\"message\",d.wp.receiveEmbedMessage,!1),l.addEventListener(\"DOMContentLoaded\",function(){for(var e,t,s=l.querySelectorAll(\"iframe.wp-embedded-content\"),r=0;r<s.length;r++)(t=(e=s[r]).getAttribute(\"data-secret\"))||(t=Math.random().toString(36).substring(2,12),e.src+=\"#?secret=\"+t,e.setAttribute(\"data-secret\",t)),e.contentWindow.postMessage({message:\"ready\",secret:t},\"*\")},!1)))}(window,document);\n\/\/# sourceURL=https:\/\/www.eldiario.net\/portal\/wp-includes\/js\/wp-embed.min.js\n<\/script>\n","description":"La compa\u00f1\u00eda sueca Polestar acaba de presentar el que ser\u00e1 su primer SUV el\u00e9ctrico. Se trata del Polestar 3, un modelo de bater\u00eda del cual Polestar acaba de ense\u00f1ar su primera imagen al descubierto. Adem\u00e1s, la marca ha aprovechado para anunciar los primeros datos t\u00e9cnicos del Polestar 3, incluida la primera pista sobre su autonom\u00eda. [&hellip;]"}

La compañía sueca Polestar acaba de presentar el que será su primer SUV eléctrico. Se trata del Polestar 3, un modelo de batería del cual Polestar acaba de enseñar su primera imagen al descubierto. Además, la marca ha aprovechado para anunciar los primeros datos técnicos del Polestar 3, incluida la primera pista sobre su autonomía. [&hellip;]
