{"version":"1.0","provider_name":"El Diario - Bolivia","provider_url":"https:\/\/www.eldiario.net\/portal","title":"Rock en la Sangre - El Diario - Bolivia","type":"rich","width":600,"height":338,"html":"<blockquote class=\"wp-embedded-content\" data-secret=\"VOaiXE6CRa\"><a href=\"https:\/\/www.eldiario.net\/portal\/2022\/06\/08\/rock-en-la-sangre\/\">Rock en la Sangre<\/a><\/blockquote><iframe sandbox=\"allow-scripts\" security=\"restricted\" src=\"https:\/\/www.eldiario.net\/portal\/2022\/06\/08\/rock-en-la-sangre\/embed\/#?secret=VOaiXE6CRa\" width=\"600\" height=\"338\" title=\"\u00abRock en la Sangre\u00bb \u2014 El Diario - Bolivia\" data-secret=\"VOaiXE6CRa\" frameborder=\"0\" marginwidth=\"0\" marginheight=\"0\" scrolling=\"no\" class=\"wp-embedded-content\"><\/iframe><script>\n\/*! This file is auto-generated *\/\n!function(d,l){\"use strict\";l.querySelector&&d.addEventListener&&\"undefined\"!=typeof URL&&(d.wp=d.wp||{},d.wp.receiveEmbedMessage||(d.wp.receiveEmbedMessage=function(e){var t=e.data;if((t||t.secret||t.message||t.value)&&!\/[^a-zA-Z0-9]\/.test(t.secret)){for(var s,r,n,a=l.querySelectorAll('iframe[data-secret=\"'+t.secret+'\"]'),o=l.querySelectorAll('blockquote[data-secret=\"'+t.secret+'\"]'),c=new RegExp(\"^https?:$\",\"i\"),i=0;i<o.length;i++)o[i].style.display=\"none\";for(i=0;i<a.length;i++)s=a[i],e.source===s.contentWindow&&(s.removeAttribute(\"style\"),\"height\"===t.message?(1e3<(r=parseInt(t.value,10))?r=1e3:~~r<200&&(r=200),s.height=r):\"link\"===t.message&&(r=new URL(s.getAttribute(\"src\")),n=new URL(t.value),c.test(n.protocol))&&n.host===r.host&&l.activeElement===s&&(d.top.location.href=t.value))}},d.addEventListener(\"message\",d.wp.receiveEmbedMessage,!1),l.addEventListener(\"DOMContentLoaded\",function(){for(var e,t,s=l.querySelectorAll(\"iframe.wp-embedded-content\"),r=0;r<s.length;r++)(t=(e=s[r]).getAttribute(\"data-secret\"))||(t=Math.random().toString(36).substring(2,12),e.src+=\"#?secret=\"+t,e.setAttribute(\"data-secret\",t)),e.contentWindow.postMessage({message:\"ready\",secret:t},\"*\")},!1)))}(window,document);\n\/\/# sourceURL=https:\/\/www.eldiario.net\/portal\/wp-includes\/js\/wp-embed.min.js\n<\/script>\n","description":"Eximio guitarrista y artista renombrado por donde va. As\u00ed podr\u00edamos presentar al invitado de lujo hoy en Cvltvral, cuyo talento en la guitarra no es un misterio para nadie, y, actualmente, est\u00e1 promocionando una presentaci\u00f3n algo m\u00e1s rockera. En esta exclusiva tenemos los detalles\u2026 Sean todos bienvenidos al show. \u00bfDesde cu\u00e1ndo se viene gestando esta [&hellip;]"}

Eximio guitarrista y artista renombrado por donde va. Así podríamos presentar al invitado de lujo hoy en Cvltvral, cuyo talento en la guitarra no es un misterio para nadie, y, actualmente, está promocionando una presentación algo más rockera. En esta exclusiva tenemos los detalles… Sean todos bienvenidos al show. ¿Desde cuándo se viene gestando esta [&hellip;]
