{"version":"1.0","provider_name":"El Diario - Bolivia","provider_url":"https:\/\/www.eldiario.net\/portal","title":"Macron asume segundo mandato - El Diario - Bolivia","type":"rich","width":600,"height":338,"html":"<blockquote class=\"wp-embedded-content\" data-secret=\"GexoSPbOLT\"><a href=\"https:\/\/www.eldiario.net\/portal\/2022\/05\/08\/macron-asume-segundo-mandato\/\">Macron asume segundo mandato<\/a><\/blockquote><iframe sandbox=\"allow-scripts\" security=\"restricted\" src=\"https:\/\/www.eldiario.net\/portal\/2022\/05\/08\/macron-asume-segundo-mandato\/embed\/#?secret=GexoSPbOLT\" width=\"600\" height=\"338\" title=\"\u00abMacron asume segundo mandato\u00bb \u2014 El Diario - Bolivia\" data-secret=\"GexoSPbOLT\" frameborder=\"0\" marginwidth=\"0\" marginheight=\"0\" scrolling=\"no\" class=\"wp-embedded-content\"><\/iframe><script>\n\/*! This file is auto-generated *\/\n!function(d,l){\"use strict\";l.querySelector&&d.addEventListener&&\"undefined\"!=typeof URL&&(d.wp=d.wp||{},d.wp.receiveEmbedMessage||(d.wp.receiveEmbedMessage=function(e){var t=e.data;if((t||t.secret||t.message||t.value)&&!\/[^a-zA-Z0-9]\/.test(t.secret)){for(var s,r,n,a=l.querySelectorAll('iframe[data-secret=\"'+t.secret+'\"]'),o=l.querySelectorAll('blockquote[data-secret=\"'+t.secret+'\"]'),c=new RegExp(\"^https?:$\",\"i\"),i=0;i<o.length;i++)o[i].style.display=\"none\";for(i=0;i<a.length;i++)s=a[i],e.source===s.contentWindow&&(s.removeAttribute(\"style\"),\"height\"===t.message?(1e3<(r=parseInt(t.value,10))?r=1e3:~~r<200&&(r=200),s.height=r):\"link\"===t.message&&(r=new URL(s.getAttribute(\"src\")),n=new URL(t.value),c.test(n.protocol))&&n.host===r.host&&l.activeElement===s&&(d.top.location.href=t.value))}},d.addEventListener(\"message\",d.wp.receiveEmbedMessage,!1),l.addEventListener(\"DOMContentLoaded\",function(){for(var e,t,s=l.querySelectorAll(\"iframe.wp-embedded-content\"),r=0;r<s.length;r++)(t=(e=s[r]).getAttribute(\"data-secret\"))||(t=Math.random().toString(36).substring(2,12),e.src+=\"#?secret=\"+t,e.setAttribute(\"data-secret\",t)),e.contentWindow.postMessage({message:\"ready\",secret:t},\"*\")},!1)))}(window,document);\n\/\/# sourceURL=https:\/\/www.eldiario.net\/portal\/wp-includes\/js\/wp-embed.min.js\n<\/script>\n","description":"Par\u00eds.- El franc\u00e9s Emmanuel Macron jur\u00f3 ayer su segundo mandato como presidente, prometiendo dirigir el pa\u00eds con un \u201cnuevo m\u00e9todo\u201d, mientras sus rivales pol\u00edticos iniciaban la campa\u00f1a para las elecciones legislativas del pr\u00f3ximo mes. En un pa\u00eds donde los presidentes rara vez son reelegidos, Macron obtuvo el 58,5 % de los votos en la segunda [&hellip;]"}

París.- El francés Emmanuel Macron juró ayer su segundo mandato como presidente, prometiendo dirigir el país con un “nuevo método”, mientras sus rivales políticos iniciaban la campaña para las elecciones legislativas del próximo mes. En un país donde los presidentes rara vez son reelegidos, Macron obtuvo el 58,5 % de los votos en la segunda [&hellip;]
