{"version":"1.0","provider_name":"El Diario - Bolivia","provider_url":"https:\/\/www.eldiario.net\/portal","title":"Estado fallido - El Diario - Bolivia","type":"rich","width":600,"height":338,"html":"<blockquote class=\"wp-embedded-content\" data-secret=\"x5iJwD4II5\"><a href=\"https:\/\/www.eldiario.net\/portal\/2022\/04\/29\/estado-fallido\/\">Estado fallido<\/a><\/blockquote><iframe sandbox=\"allow-scripts\" security=\"restricted\" src=\"https:\/\/www.eldiario.net\/portal\/2022\/04\/29\/estado-fallido\/embed\/#?secret=x5iJwD4II5\" width=\"600\" height=\"338\" title=\"\u00abEstado fallido\u00bb \u2014 El Diario - Bolivia\" data-secret=\"x5iJwD4II5\" frameborder=\"0\" marginwidth=\"0\" marginheight=\"0\" scrolling=\"no\" class=\"wp-embedded-content\"><\/iframe><script>\n\/*! This file is auto-generated *\/\n!function(d,l){\"use strict\";l.querySelector&&d.addEventListener&&\"undefined\"!=typeof URL&&(d.wp=d.wp||{},d.wp.receiveEmbedMessage||(d.wp.receiveEmbedMessage=function(e){var t=e.data;if((t||t.secret||t.message||t.value)&&!\/[^a-zA-Z0-9]\/.test(t.secret)){for(var s,r,n,a=l.querySelectorAll('iframe[data-secret=\"'+t.secret+'\"]'),o=l.querySelectorAll('blockquote[data-secret=\"'+t.secret+'\"]'),c=new RegExp(\"^https?:$\",\"i\"),i=0;i<o.length;i++)o[i].style.display=\"none\";for(i=0;i<a.length;i++)s=a[i],e.source===s.contentWindow&&(s.removeAttribute(\"style\"),\"height\"===t.message?(1e3<(r=parseInt(t.value,10))?r=1e3:~~r<200&&(r=200),s.height=r):\"link\"===t.message&&(r=new URL(s.getAttribute(\"src\")),n=new URL(t.value),c.test(n.protocol))&&n.host===r.host&&l.activeElement===s&&(d.top.location.href=t.value))}},d.addEventListener(\"message\",d.wp.receiveEmbedMessage,!1),l.addEventListener(\"DOMContentLoaded\",function(){for(var e,t,s=l.querySelectorAll(\"iframe.wp-embedded-content\"),r=0;r<s.length;r++)(t=(e=s[r]).getAttribute(\"data-secret\"))||(t=Math.random().toString(36).substring(2,12),e.src+=\"#?secret=\"+t,e.setAttribute(\"data-secret\",t)),e.contentWindow.postMessage({message:\"ready\",secret:t},\"*\")},!1)))}(window,document);\n\/\/# sourceURL=https:\/\/www.eldiario.net\/portal\/wp-includes\/js\/wp-embed.min.js\n<\/script>\n","description":"A punto de ser reemplazada por otro masista, la actual Defensora del Pueblo decidi\u00f3 denunciar por lo menos un hecho, de los cientos que hay, cometido por el Gobierno. Las estad\u00edsticas dicen que en los \u00faltimos diez a\u00f1os, las importaciones de dragas para explotaci\u00f3n minera pasaron de una a 900 toneladas por a\u00f1o. Por otro [&hellip;]"}

A punto de ser reemplazada por otro masista, la actual Defensora del Pueblo decidió denunciar por lo menos un hecho, de los cientos que hay, cometido por el Gobierno. Las estadísticas dicen que en los últimos diez años, las importaciones de dragas para explotación minera pasaron de una a 900 toneladas por año. Por otro [&hellip;]
