{"version":"1.0","provider_name":"El Diario - Bolivia","provider_url":"https:\/\/www.eldiario.net\/portal","title":"Refuerzan protecci\u00f3n a serran\u00eda de Lawi Lawi - El Diario - Bolivia","type":"rich","width":600,"height":338,"html":"<blockquote class=\"wp-embedded-content\" data-secret=\"Fh9HCqBH6V\"><a href=\"https:\/\/www.eldiario.net\/portal\/2022\/03\/13\/refuerzan-proteccion-a-serrania-de-lawi-lawi\/\">Refuerzan protecci\u00f3n a  serran\u00eda de Lawi Lawi<\/a><\/blockquote><iframe sandbox=\"allow-scripts\" security=\"restricted\" src=\"https:\/\/www.eldiario.net\/portal\/2022\/03\/13\/refuerzan-proteccion-a-serrania-de-lawi-lawi\/embed\/#?secret=Fh9HCqBH6V\" width=\"600\" height=\"338\" title=\"\u00abRefuerzan protecci\u00f3n a  serran\u00eda de Lawi Lawi\u00bb \u2014 El Diario - Bolivia\" data-secret=\"Fh9HCqBH6V\" frameborder=\"0\" marginwidth=\"0\" marginheight=\"0\" scrolling=\"no\" class=\"wp-embedded-content\"><\/iframe><script>\n\/*! This file is auto-generated *\/\n!function(d,l){\"use strict\";l.querySelector&&d.addEventListener&&\"undefined\"!=typeof URL&&(d.wp=d.wp||{},d.wp.receiveEmbedMessage||(d.wp.receiveEmbedMessage=function(e){var t=e.data;if((t||t.secret||t.message||t.value)&&!\/[^a-zA-Z0-9]\/.test(t.secret)){for(var s,r,n,a=l.querySelectorAll('iframe[data-secret=\"'+t.secret+'\"]'),o=l.querySelectorAll('blockquote[data-secret=\"'+t.secret+'\"]'),c=new RegExp(\"^https?:$\",\"i\"),i=0;i<o.length;i++)o[i].style.display=\"none\";for(i=0;i<a.length;i++)s=a[i],e.source===s.contentWindow&&(s.removeAttribute(\"style\"),\"height\"===t.message?(1e3<(r=parseInt(t.value,10))?r=1e3:~~r<200&&(r=200),s.height=r):\"link\"===t.message&&(r=new URL(s.getAttribute(\"src\")),n=new URL(t.value),c.test(n.protocol))&&n.host===r.host&&l.activeElement===s&&(d.top.location.href=t.value))}},d.addEventListener(\"message\",d.wp.receiveEmbedMessage,!1),l.addEventListener(\"DOMContentLoaded\",function(){for(var e,t,s=l.querySelectorAll(\"iframe.wp-embedded-content\"),r=0;r<s.length;r++)(t=(e=s[r]).getAttribute(\"data-secret\"))||(t=Math.random().toString(36).substring(2,12),e.src+=\"#?secret=\"+t,e.setAttribute(\"data-secret\",t)),e.contentWindow.postMessage({message:\"ready\",secret:t},\"*\")},!1)))}(window,document);\n\/\/# sourceURL=https:\/\/www.eldiario.net\/portal\/wp-includes\/js\/wp-embed.min.js\n<\/script>\n","description":"Con la finalidad de resguardar la serran\u00eda de Lawi Lawi del cerro de San Pedro, considerada \u00e1rea protegida, personal de Medio Ambiente de la Alcald\u00eda de Cochabamba ingres\u00f3 con maquinaria pesada para realizar trabajos de \u201cperfilado\u201d que impedir\u00e1n el loteamiento o avasallamiento de la zona. La jefa de Gesti\u00f3n de Recursos Naturales, Vania Herbas, explic\u00f3 [&hellip;]"}

Refuerzan protección a serranía de Lawi Lawi - El Diario - Bolivia

<blockquote class="wp-embedded-content" data-secret="Fh9HCqBH6V"><a href="https://www.eldiario.net/portal/2022/03/13/refuerzan-proteccion-a-serrania-de-lawi-lawi/">Refuerzan protección a  serranía de Lawi Lawi</a></blockquote><iframe sandbox="allow-scripts" security="restricted" src="https://www.eldiario.net/portal/2022/03/13/refuerzan-proteccion-a-serrania-de-lawi-lawi/embed/#?secret=Fh9HCqBH6V" width="600" height="338" title="«Refuerzan protección a  serranía de Lawi Lawi» — El Diario - Bolivia" data-secret="Fh9HCqBH6V" frameborder="0" marginwidth="0" marginheight="0" scrolling="no" class="wp-embedded-content"></iframe><script>
/*! This file is auto-generated */
!function(d,l){"use strict";l.querySelector&&d.addEventListener&&"undefined"!=typeof URL&&(d.wp=d.wp||{},d.wp.receiveEmbedMessage||(d.wp.receiveEmbedMessage=function(e){var t=e.data;if((t||t.secret||t.message||t.value)&&!/[^a-zA-Z0-9]/.test(t.secret)){for(var s,r,n,a=l.querySelectorAll('iframe[data-secret="'+t.secret+'"]'),o=l.querySelectorAll('blockquote[data-secret="'+t.secret+'"]'),c=new RegExp("^https?:$","i"),i=0;i<o.length;i++)o[i].style.display="none";for(i=0;i<a.length;i++)s=a[i],e.source===s.contentWindow&&(s.removeAttribute("style"),"height"===t.message?(1e3<(r=parseInt(t.value,10))?r=1e3:~~r<200&&(r=200),s.height=r):"link"===t.message&&(r=new URL(s.getAttribute("src")),n=new URL(t.value),c.test(n.protocol))&&n.host===r.host&&l.activeElement===s&&(d.top.location.href=t.value))}},d.addEventListener("message",d.wp.receiveEmbedMessage,!1),l.addEventListener("DOMContentLoaded",function(){for(var e,t,s=l.querySelectorAll("iframe.wp-embedded-content"),r=0;r<s.length;r++)(t=(e=s[r]).getAttribute("data-secret"))||(t=Math.random().toString(36).substring(2,12),e.src+="#?secret="+t,e.setAttribute("data-secret",t)),e.contentWindow.postMessage({message:"ready",secret:t},"*")},!1)))}(window,document);
//# sourceURL=https://www.eldiario.net/portal/wp-includes/js/wp-embed.min.js
</script>

Con la finalidad de resguardar la serranía de Lawi Lawi del cerro de San Pedro, considerada área protegida, personal de Medio Ambiente de la Alcaldía de Cochabamba ingresó con maquinaria pesada para realizar trabajos de “perfilado” que impedirán el loteamiento o avasallamiento de la zona. La jefa de Gestión de Recursos Naturales, Vania Herbas, explicó [&hellip;]
