{"version":"1.0","provider_name":"El Diario - Bolivia","provider_url":"https:\/\/www.eldiario.net\/portal","title":"Alcaldesa Copa anuncia ley seca para Carnaval - El Diario - Bolivia","type":"rich","width":600,"height":338,"html":"<blockquote class=\"wp-embedded-content\" data-secret=\"JgMjbCfQ5f\"><a href=\"https:\/\/www.eldiario.net\/portal\/2022\/02\/24\/alcaldesa-copa-anuncia-ley-seca-para-carnaval\/\">Alcaldesa Copa anuncia  ley seca para Carnaval<\/a><\/blockquote><iframe sandbox=\"allow-scripts\" security=\"restricted\" src=\"https:\/\/www.eldiario.net\/portal\/2022\/02\/24\/alcaldesa-copa-anuncia-ley-seca-para-carnaval\/embed\/#?secret=JgMjbCfQ5f\" width=\"600\" height=\"338\" title=\"\u00abAlcaldesa Copa anuncia  ley seca para Carnaval\u00bb \u2014 El Diario - Bolivia\" data-secret=\"JgMjbCfQ5f\" frameborder=\"0\" marginwidth=\"0\" marginheight=\"0\" scrolling=\"no\" class=\"wp-embedded-content\"><\/iframe><script>\n\/*! This file is auto-generated *\/\n!function(d,l){\"use strict\";l.querySelector&&d.addEventListener&&\"undefined\"!=typeof URL&&(d.wp=d.wp||{},d.wp.receiveEmbedMessage||(d.wp.receiveEmbedMessage=function(e){var t=e.data;if((t||t.secret||t.message||t.value)&&!\/[^a-zA-Z0-9]\/.test(t.secret)){for(var s,r,n,a=l.querySelectorAll('iframe[data-secret=\"'+t.secret+'\"]'),o=l.querySelectorAll('blockquote[data-secret=\"'+t.secret+'\"]'),c=new RegExp(\"^https?:$\",\"i\"),i=0;i<o.length;i++)o[i].style.display=\"none\";for(i=0;i<a.length;i++)s=a[i],e.source===s.contentWindow&&(s.removeAttribute(\"style\"),\"height\"===t.message?(1e3<(r=parseInt(t.value,10))?r=1e3:~~r<200&&(r=200),s.height=r):\"link\"===t.message&&(r=new URL(s.getAttribute(\"src\")),n=new URL(t.value),c.test(n.protocol))&&n.host===r.host&&l.activeElement===s&&(d.top.location.href=t.value))}},d.addEventListener(\"message\",d.wp.receiveEmbedMessage,!1),l.addEventListener(\"DOMContentLoaded\",function(){for(var e,t,s=l.querySelectorAll(\"iframe.wp-embedded-content\"),r=0;r<s.length;r++)(t=(e=s[r]).getAttribute(\"data-secret\"))||(t=Math.random().toString(36).substring(2,12),e.src+=\"#?secret=\"+t,e.setAttribute(\"data-secret\",t)),e.contentWindow.postMessage({message:\"ready\",secret:t},\"*\")},!1)))}(window,document);\n\/\/# sourceURL=https:\/\/www.eldiario.net\/portal\/wp-includes\/js\/wp-embed.min.js\n<\/script>\n","thumbnail_url":"https:\/\/www.eldiario.net\/portal\/wp-content\/uploads\/2022\/02\/Ley-foto.jpg","thumbnail_width":1000,"thumbnail_height":640,"description":"La alcaldesa de la ciudad de El Alto, Eva Copa, anunci\u00f3 que existe la posibilidad de dictar una ley seca para los d\u00edas del festejo de Carnaval, de esta forma evitar el consumo de bebidas alcoh\u00f3licas, adem\u00e1s de la implementaci\u00f3n estricta de las normas de bioseguridad. Esta ley podr\u00eda tener una duraci\u00f3n de 10 d\u00edas, [&hellip;]"}

La alcaldesa de la ciudad de El Alto, Eva Copa, anunció que existe la posibilidad de dictar una ley seca para los días del festejo de Carnaval, de esta forma evitar el consumo de bebidas alcohólicas, además de la implementación estricta de las normas de bioseguridad. Esta ley podría tener una duración de 10 días, [&hellip;]
