{"version":"1.0","provider_name":"El Diario - Bolivia","provider_url":"https:\/\/www.eldiario.net\/portal","title":"Cuestionan tardanza en elecci\u00f3n de nuevo Defensor - El Diario - Bolivia","type":"rich","width":600,"height":338,"html":"<blockquote class=\"wp-embedded-content\" data-secret=\"Yzl6oypypR\"><a href=\"https:\/\/www.eldiario.net\/portal\/2022\/02\/16\/cuestionan-tardanza-en-eleccion-de-nuevo-defensor\/\">Cuestionan tardanza en  elecci\u00f3n de nuevo Defensor<\/a><\/blockquote><iframe sandbox=\"allow-scripts\" security=\"restricted\" src=\"https:\/\/www.eldiario.net\/portal\/2022\/02\/16\/cuestionan-tardanza-en-eleccion-de-nuevo-defensor\/embed\/#?secret=Yzl6oypypR\" width=\"600\" height=\"338\" title=\"\u00abCuestionan tardanza en  elecci\u00f3n de nuevo Defensor\u00bb \u2014 El Diario - Bolivia\" data-secret=\"Yzl6oypypR\" frameborder=\"0\" marginwidth=\"0\" marginheight=\"0\" scrolling=\"no\" class=\"wp-embedded-content\"><\/iframe><script>\n\/*! This file is auto-generated *\/\n!function(d,l){\"use strict\";l.querySelector&&d.addEventListener&&\"undefined\"!=typeof URL&&(d.wp=d.wp||{},d.wp.receiveEmbedMessage||(d.wp.receiveEmbedMessage=function(e){var t=e.data;if((t||t.secret||t.message||t.value)&&!\/[^a-zA-Z0-9]\/.test(t.secret)){for(var s,r,n,a=l.querySelectorAll('iframe[data-secret=\"'+t.secret+'\"]'),o=l.querySelectorAll('blockquote[data-secret=\"'+t.secret+'\"]'),c=new RegExp(\"^https?:$\",\"i\"),i=0;i<o.length;i++)o[i].style.display=\"none\";for(i=0;i<a.length;i++)s=a[i],e.source===s.contentWindow&&(s.removeAttribute(\"style\"),\"height\"===t.message?(1e3<(r=parseInt(t.value,10))?r=1e3:~~r<200&&(r=200),s.height=r):\"link\"===t.message&&(r=new URL(s.getAttribute(\"src\")),n=new URL(t.value),c.test(n.protocol))&&n.host===r.host&&l.activeElement===s&&(d.top.location.href=t.value))}},d.addEventListener(\"message\",d.wp.receiveEmbedMessage,!1),l.addEventListener(\"DOMContentLoaded\",function(){for(var e,t,s=l.querySelectorAll(\"iframe.wp-embedded-content\"),r=0;r<s.length;r++)(t=(e=s[r]).getAttribute(\"data-secret\"))||(t=Math.random().toString(36).substring(2,12),e.src+=\"#?secret=\"+t,e.setAttribute(\"data-secret\",t)),e.contentWindow.postMessage({message:\"ready\",secret:t},\"*\")},!1)))}(window,document);\n\/\/# sourceURL=https:\/\/www.eldiario.net\/portal\/wp-includes\/js\/wp-embed.min.js\n<\/script>\n","description":"El diputado por Comunidad Ciudadana (CC), Alejandro Reyes, cuestion\u00f3 la tardanza en la designaci\u00f3n de un nuevo titular en la Defensor\u00eda del Pueblo se\u00f1alando que la convocatoria para este cargo no es una prioridad para el Movimiento al Socialismo (MAS) ya que la actual direcci\u00f3n de esta entidad es funcional al oficialismo. Reyes reproch\u00f3 que [&hellip;]"}

Cuestionan tardanza en elección de nuevo Defensor - El Diario - Bolivia

<blockquote class="wp-embedded-content" data-secret="Yzl6oypypR"><a href="https://www.eldiario.net/portal/2022/02/16/cuestionan-tardanza-en-eleccion-de-nuevo-defensor/">Cuestionan tardanza en  elección de nuevo Defensor</a></blockquote><iframe sandbox="allow-scripts" security="restricted" src="https://www.eldiario.net/portal/2022/02/16/cuestionan-tardanza-en-eleccion-de-nuevo-defensor/embed/#?secret=Yzl6oypypR" width="600" height="338" title="«Cuestionan tardanza en  elección de nuevo Defensor» — El Diario - Bolivia" data-secret="Yzl6oypypR" frameborder="0" marginwidth="0" marginheight="0" scrolling="no" class="wp-embedded-content"></iframe><script>
/*! This file is auto-generated */
!function(d,l){"use strict";l.querySelector&&d.addEventListener&&"undefined"!=typeof URL&&(d.wp=d.wp||{},d.wp.receiveEmbedMessage||(d.wp.receiveEmbedMessage=function(e){var t=e.data;if((t||t.secret||t.message||t.value)&&!/[^a-zA-Z0-9]/.test(t.secret)){for(var s,r,n,a=l.querySelectorAll('iframe[data-secret="'+t.secret+'"]'),o=l.querySelectorAll('blockquote[data-secret="'+t.secret+'"]'),c=new RegExp("^https?:$","i"),i=0;i<o.length;i++)o[i].style.display="none";for(i=0;i<a.length;i++)s=a[i],e.source===s.contentWindow&&(s.removeAttribute("style"),"height"===t.message?(1e3<(r=parseInt(t.value,10))?r=1e3:~~r<200&&(r=200),s.height=r):"link"===t.message&&(r=new URL(s.getAttribute("src")),n=new URL(t.value),c.test(n.protocol))&&n.host===r.host&&l.activeElement===s&&(d.top.location.href=t.value))}},d.addEventListener("message",d.wp.receiveEmbedMessage,!1),l.addEventListener("DOMContentLoaded",function(){for(var e,t,s=l.querySelectorAll("iframe.wp-embedded-content"),r=0;r<s.length;r++)(t=(e=s[r]).getAttribute("data-secret"))||(t=Math.random().toString(36).substring(2,12),e.src+="#?secret="+t,e.setAttribute("data-secret",t)),e.contentWindow.postMessage({message:"ready",secret:t},"*")},!1)))}(window,document);
//# sourceURL=https://www.eldiario.net/portal/wp-includes/js/wp-embed.min.js
</script>

El diputado por Comunidad Ciudadana (CC), Alejandro Reyes, cuestionó la tardanza en la designación de un nuevo titular en la Defensoría del Pueblo señalando que la convocatoria para este cargo no es una prioridad para el Movimiento al Socialismo (MAS) ya que la actual dirección de esta entidad es funcional al oficialismo. Reyes reprochó que [&hellip;]
