{"version":"1.0","provider_name":"El Diario - Bolivia","provider_url":"https:\/\/www.eldiario.net\/portal","title":"Pablo Iturry - El Diario - Bolivia","type":"rich","width":600,"height":338,"html":"<blockquote class=\"wp-embedded-content\" data-secret=\"YMtBzwOHGx\"><a href=\"https:\/\/www.eldiario.net\/portal\/2022\/02\/11\/pablo-iturry\/\">Pablo Iturry<\/a><\/blockquote><iframe sandbox=\"allow-scripts\" security=\"restricted\" src=\"https:\/\/www.eldiario.net\/portal\/2022\/02\/11\/pablo-iturry\/embed\/#?secret=YMtBzwOHGx\" width=\"600\" height=\"338\" title=\"\u00abPablo Iturry\u00bb \u2014 El Diario - Bolivia\" data-secret=\"YMtBzwOHGx\" frameborder=\"0\" marginwidth=\"0\" marginheight=\"0\" scrolling=\"no\" class=\"wp-embedded-content\"><\/iframe><script>\n\/*! This file is auto-generated *\/\n!function(d,l){\"use strict\";l.querySelector&&d.addEventListener&&\"undefined\"!=typeof URL&&(d.wp=d.wp||{},d.wp.receiveEmbedMessage||(d.wp.receiveEmbedMessage=function(e){var t=e.data;if((t||t.secret||t.message||t.value)&&!\/[^a-zA-Z0-9]\/.test(t.secret)){for(var s,r,n,a=l.querySelectorAll('iframe[data-secret=\"'+t.secret+'\"]'),o=l.querySelectorAll('blockquote[data-secret=\"'+t.secret+'\"]'),c=new RegExp(\"^https?:$\",\"i\"),i=0;i<o.length;i++)o[i].style.display=\"none\";for(i=0;i<a.length;i++)s=a[i],e.source===s.contentWindow&&(s.removeAttribute(\"style\"),\"height\"===t.message?(1e3<(r=parseInt(t.value,10))?r=1e3:~~r<200&&(r=200),s.height=r):\"link\"===t.message&&(r=new URL(s.getAttribute(\"src\")),n=new URL(t.value),c.test(n.protocol))&&n.host===r.host&&l.activeElement===s&&(d.top.location.href=t.value))}},d.addEventListener(\"message\",d.wp.receiveEmbedMessage,!1),l.addEventListener(\"DOMContentLoaded\",function(){for(var e,t,s=l.querySelectorAll(\"iframe.wp-embedded-content\"),r=0;r<s.length;r++)(t=(e=s[r]).getAttribute(\"data-secret\"))||(t=Math.random().toString(36).substring(2,12),e.src+=\"#?secret=\"+t,e.setAttribute(\"data-secret\",t)),e.contentWindow.postMessage({message:\"ready\",secret:t},\"*\")},!1)))}(window,document);\n\/\/# sourceURL=https:\/\/www.eldiario.net\/portal\/wp-includes\/js\/wp-embed.min.js\n<\/script>\n","thumbnail_url":"https:\/\/www.eldiario.net\/portal\/wp-content\/uploads\/2022\/02\/251809100_407968774206413_424490258451073620_n.jpg","thumbnail_width":945,"thumbnail_height":953,"description":"El invitado de turno hoy en Cvltvral es un dedicado m\u00fasico especializado en las percusiones, cuyo recorrido profesional lo han llevado a ser parte fundamental de las orquestas m\u00e1s importantes del pa\u00eds as\u00ed como de Noruega, donde tuvo un paso importante teniendo varios logros como artista. Hoy tendr\u00e1 lugar una presentaci\u00f3n sin mucho precedente en [&hellip;]"}

El invitado de turno hoy en Cvltvral es un dedicado músico especializado en las percusiones, cuyo recorrido profesional lo han llevado a ser parte fundamental de las orquestas más importantes del país así como de Noruega, donde tuvo un paso importante teniendo varios logros como artista. Hoy tendrá lugar una presentación sin mucho precedente en [&hellip;]
