{"version":"1.0","provider_name":"El Diario - Bolivia","provider_url":"https:\/\/www.eldiario.net\/portal","title":"Gremiales alte\u00f1os retoman  protestas contra Ley 1386 - El Diario - Bolivia","type":"rich","width":600,"height":338,"html":"<blockquote class=\"wp-embedded-content\" data-secret=\"dRfiaWjYdF\"><a href=\"https:\/\/www.eldiario.net\/portal\/2021\/11\/10\/gremiales-altenos-retoman-protestas-contra-ley-1386\/\">Gremiales alte\u00f1os retoman   protestas contra Ley 1386<\/a><\/blockquote><iframe sandbox=\"allow-scripts\" security=\"restricted\" src=\"https:\/\/www.eldiario.net\/portal\/2021\/11\/10\/gremiales-altenos-retoman-protestas-contra-ley-1386\/embed\/#?secret=dRfiaWjYdF\" width=\"600\" height=\"338\" title=\"\u00abGremiales alte\u00f1os retoman   protestas contra Ley 1386\u00bb \u2014 El Diario - Bolivia\" data-secret=\"dRfiaWjYdF\" frameborder=\"0\" marginwidth=\"0\" marginheight=\"0\" scrolling=\"no\" class=\"wp-embedded-content\"><\/iframe><script>\n\/*! This file is auto-generated *\/\n!function(d,l){\"use strict\";l.querySelector&&d.addEventListener&&\"undefined\"!=typeof URL&&(d.wp=d.wp||{},d.wp.receiveEmbedMessage||(d.wp.receiveEmbedMessage=function(e){var t=e.data;if((t||t.secret||t.message||t.value)&&!\/[^a-zA-Z0-9]\/.test(t.secret)){for(var s,r,n,a=l.querySelectorAll('iframe[data-secret=\"'+t.secret+'\"]'),o=l.querySelectorAll('blockquote[data-secret=\"'+t.secret+'\"]'),c=new RegExp(\"^https?:$\",\"i\"),i=0;i<o.length;i++)o[i].style.display=\"none\";for(i=0;i<a.length;i++)s=a[i],e.source===s.contentWindow&&(s.removeAttribute(\"style\"),\"height\"===t.message?(1e3<(r=parseInt(t.value,10))?r=1e3:~~r<200&&(r=200),s.height=r):\"link\"===t.message&&(r=new URL(s.getAttribute(\"src\")),n=new URL(t.value),c.test(n.protocol))&&n.host===r.host&&l.activeElement===s&&(d.top.location.href=t.value))}},d.addEventListener(\"message\",d.wp.receiveEmbedMessage,!1),l.addEventListener(\"DOMContentLoaded\",function(){for(var e,t,s=l.querySelectorAll(\"iframe.wp-embedded-content\"),r=0;r<s.length;r++)(t=(e=s[r]).getAttribute(\"data-secret\"))||(t=Math.random().toString(36).substring(2,12),e.src+=\"#?secret=\"+t,e.setAttribute(\"data-secret\",t)),e.contentWindow.postMessage({message:\"ready\",secret:t},\"*\")},!1)))}(window,document);\n\/\/# sourceURL=https:\/\/www.eldiario.net\/portal\/wp-includes\/js\/wp-embed.min.js\n<\/script>\n","description":"El dirigente de los gremiales de la ciudad de El Alto, To\u00f1o Si\u00f1ani, asegur\u00f3 ayer que luego del cuarto intermedio de su sector en las movilizaciones del paro indefinido contra la Ley 1386 ser\u00e1n retomadas hoy nuevamente con otras estrategias de lucha. Luego del primer d\u00eda de movilizaci\u00f3n de uno de los sectores m\u00e1s representativos [&hellip;]"}

Gremiales alteños retoman  protestas contra Ley 1386 - El Diario - Bolivia

<blockquote class="wp-embedded-content" data-secret="dRfiaWjYdF"><a href="https://www.eldiario.net/portal/2021/11/10/gremiales-altenos-retoman-protestas-contra-ley-1386/">Gremiales alteños retoman   protestas contra Ley 1386</a></blockquote><iframe sandbox="allow-scripts" security="restricted" src="https://www.eldiario.net/portal/2021/11/10/gremiales-altenos-retoman-protestas-contra-ley-1386/embed/#?secret=dRfiaWjYdF" width="600" height="338" title="«Gremiales alteños retoman   protestas contra Ley 1386» — El Diario - Bolivia" data-secret="dRfiaWjYdF" frameborder="0" marginwidth="0" marginheight="0" scrolling="no" class="wp-embedded-content"></iframe><script>
/*! This file is auto-generated */
!function(d,l){"use strict";l.querySelector&&d.addEventListener&&"undefined"!=typeof URL&&(d.wp=d.wp||{},d.wp.receiveEmbedMessage||(d.wp.receiveEmbedMessage=function(e){var t=e.data;if((t||t.secret||t.message||t.value)&&!/[^a-zA-Z0-9]/.test(t.secret)){for(var s,r,n,a=l.querySelectorAll('iframe[data-secret="'+t.secret+'"]'),o=l.querySelectorAll('blockquote[data-secret="'+t.secret+'"]'),c=new RegExp("^https?:$","i"),i=0;i<o.length;i++)o[i].style.display="none";for(i=0;i<a.length;i++)s=a[i],e.source===s.contentWindow&&(s.removeAttribute("style"),"height"===t.message?(1e3<(r=parseInt(t.value,10))?r=1e3:~~r<200&&(r=200),s.height=r):"link"===t.message&&(r=new URL(s.getAttribute("src")),n=new URL(t.value),c.test(n.protocol))&&n.host===r.host&&l.activeElement===s&&(d.top.location.href=t.value))}},d.addEventListener("message",d.wp.receiveEmbedMessage,!1),l.addEventListener("DOMContentLoaded",function(){for(var e,t,s=l.querySelectorAll("iframe.wp-embedded-content"),r=0;r<s.length;r++)(t=(e=s[r]).getAttribute("data-secret"))||(t=Math.random().toString(36).substring(2,12),e.src+="#?secret="+t,e.setAttribute("data-secret",t)),e.contentWindow.postMessage({message:"ready",secret:t},"*")},!1)))}(window,document);
//# sourceURL=https://www.eldiario.net/portal/wp-includes/js/wp-embed.min.js
</script>

El dirigente de los gremiales de la ciudad de El Alto, Toño Siñani, aseguró ayer que luego del cuarto intermedio de su sector en las movilizaciones del paro indefinido contra la Ley 1386 serán retomadas hoy nuevamente con otras estrategias de lucha. Luego del primer día de movilización de uno de los sectores más representativos [&hellip;]
