{"version":"1.0","provider_name":"El Diario - Bolivia","provider_url":"https:\/\/www.eldiario.net\/portal","title":"Reflexiones en torno a noviembre de 2019 - El Diario - Bolivia","type":"rich","width":600,"height":338,"html":"<blockquote class=\"wp-embedded-content\" data-secret=\"mwBXiMcbZW\"><a href=\"https:\/\/www.eldiario.net\/portal\/2021\/10\/29\/reflexiones-en-torno-a-noviembre-de-2019\/\">Reflexiones en torno a noviembre de 2019<\/a><\/blockquote><iframe sandbox=\"allow-scripts\" security=\"restricted\" src=\"https:\/\/www.eldiario.net\/portal\/2021\/10\/29\/reflexiones-en-torno-a-noviembre-de-2019\/embed\/#?secret=mwBXiMcbZW\" width=\"600\" height=\"338\" title=\"\u00abReflexiones en torno a noviembre de 2019\u00bb \u2014 El Diario - Bolivia\" data-secret=\"mwBXiMcbZW\" frameborder=\"0\" marginwidth=\"0\" marginheight=\"0\" scrolling=\"no\" class=\"wp-embedded-content\"><\/iframe><script>\n\/*! This file is auto-generated *\/\n!function(d,l){\"use strict\";l.querySelector&&d.addEventListener&&\"undefined\"!=typeof URL&&(d.wp=d.wp||{},d.wp.receiveEmbedMessage||(d.wp.receiveEmbedMessage=function(e){var t=e.data;if((t||t.secret||t.message||t.value)&&!\/[^a-zA-Z0-9]\/.test(t.secret)){for(var s,r,n,a=l.querySelectorAll('iframe[data-secret=\"'+t.secret+'\"]'),o=l.querySelectorAll('blockquote[data-secret=\"'+t.secret+'\"]'),c=new RegExp(\"^https?:$\",\"i\"),i=0;i<o.length;i++)o[i].style.display=\"none\";for(i=0;i<a.length;i++)s=a[i],e.source===s.contentWindow&&(s.removeAttribute(\"style\"),\"height\"===t.message?(1e3<(r=parseInt(t.value,10))?r=1e3:~~r<200&&(r=200),s.height=r):\"link\"===t.message&&(r=new URL(s.getAttribute(\"src\")),n=new URL(t.value),c.test(n.protocol))&&n.host===r.host&&l.activeElement===s&&(d.top.location.href=t.value))}},d.addEventListener(\"message\",d.wp.receiveEmbedMessage,!1),l.addEventListener(\"DOMContentLoaded\",function(){for(var e,t,s=l.querySelectorAll(\"iframe.wp-embedded-content\"),r=0;r<s.length;r++)(t=(e=s[r]).getAttribute(\"data-secret\"))||(t=Math.random().toString(36).substring(2,12),e.src+=\"#?secret=\"+t,e.setAttribute(\"data-secret\",t)),e.contentWindow.postMessage({message:\"ready\",secret:t},\"*\")},!1)))}(window,document);\n\/\/# sourceURL=https:\/\/www.eldiario.net\/portal\/wp-includes\/js\/wp-embed.min.js\n<\/script>\n","description":"Cundi\u00f3 el malestar p\u00fablico desde que el presidente del Estado no reconoci\u00f3 su derrota en el refer\u00e9ndum de febrero de 2019, evento convocado para habilitar una cuarta reelecci\u00f3n presidencial. El resultado del refer\u00e9ndum neg\u00f3 a Evo Morales una nueva postulaci\u00f3n. \u00c9ste recurri\u00f3 al Tribunal Constitucional, fallando a su favor con el argumento de que la [&hellip;]"}

Cundió el malestar público desde que el presidente del Estado no reconoció su derrota en el referéndum de febrero de 2019, evento convocado para habilitar una cuarta reelección presidencial. El resultado del referéndum negó a Evo Morales una nueva postulación. Éste recurrió al Tribunal Constitucional, fallando a su favor con el argumento de que la [&hellip;]
