{"version":"1.0","provider_name":"El Diario - Bolivia","provider_url":"https:\/\/www.eldiario.net\/portal","title":"La labor del intelectual - El Diario - Bolivia","type":"rich","width":600,"height":338,"html":"<blockquote class=\"wp-embedded-content\" data-secret=\"NNIpYzrgbo\"><a href=\"https:\/\/www.eldiario.net\/portal\/2021\/10\/29\/la-labor-del-intelectual\/\">La labor del intelectual<\/a><\/blockquote><iframe sandbox=\"allow-scripts\" security=\"restricted\" src=\"https:\/\/www.eldiario.net\/portal\/2021\/10\/29\/la-labor-del-intelectual\/embed\/#?secret=NNIpYzrgbo\" width=\"600\" height=\"338\" title=\"\u00abLa labor del intelectual\u00bb \u2014 El Diario - Bolivia\" data-secret=\"NNIpYzrgbo\" frameborder=\"0\" marginwidth=\"0\" marginheight=\"0\" scrolling=\"no\" class=\"wp-embedded-content\"><\/iframe><script>\n\/*! This file is auto-generated *\/\n!function(d,l){\"use strict\";l.querySelector&&d.addEventListener&&\"undefined\"!=typeof URL&&(d.wp=d.wp||{},d.wp.receiveEmbedMessage||(d.wp.receiveEmbedMessage=function(e){var t=e.data;if((t||t.secret||t.message||t.value)&&!\/[^a-zA-Z0-9]\/.test(t.secret)){for(var s,r,n,a=l.querySelectorAll('iframe[data-secret=\"'+t.secret+'\"]'),o=l.querySelectorAll('blockquote[data-secret=\"'+t.secret+'\"]'),c=new RegExp(\"^https?:$\",\"i\"),i=0;i<o.length;i++)o[i].style.display=\"none\";for(i=0;i<a.length;i++)s=a[i],e.source===s.contentWindow&&(s.removeAttribute(\"style\"),\"height\"===t.message?(1e3<(r=parseInt(t.value,10))?r=1e3:~~r<200&&(r=200),s.height=r):\"link\"===t.message&&(r=new URL(s.getAttribute(\"src\")),n=new URL(t.value),c.test(n.protocol))&&n.host===r.host&&l.activeElement===s&&(d.top.location.href=t.value))}},d.addEventListener(\"message\",d.wp.receiveEmbedMessage,!1),l.addEventListener(\"DOMContentLoaded\",function(){for(var e,t,s=l.querySelectorAll(\"iframe.wp-embedded-content\"),r=0;r<s.length;r++)(t=(e=s[r]).getAttribute(\"data-secret\"))||(t=Math.random().toString(36).substring(2,12),e.src+=\"#?secret=\"+t,e.setAttribute(\"data-secret\",t)),e.contentWindow.postMessage({message:\"ready\",secret:t},\"*\")},!1)))}(window,document);\n\/\/# sourceURL=https:\/\/www.eldiario.net\/portal\/wp-includes\/js\/wp-embed.min.js\n<\/script>\n","thumbnail_url":"https:\/\/www.eldiario.net\/portal\/wp-content\/uploads\/2021\/05\/Ignacio-Vera-de-Rada.jpg","thumbnail_width":1200,"thumbnail_height":628,"description":"Primero definamos brevemente qu\u00e9 es el intelectual. Para ello, combinar\u00e9 las definiciones que dos intelectuales dan sobre este t\u00e9rmino. El fil\u00f3sofo Felipe Mansilla, por una parte, dice que el intelectual es un individuo \u2014cuyo antecedente m\u00e1s lejano podr\u00eda encontrarse en los profetas de la Biblia\u2014 que tiene la misi\u00f3n de deshacer entuertos y denunciar extrav\u00edos [&hellip;]"}

Primero definamos brevemente qué es el intelectual. Para ello, combinaré las definiciones que dos intelectuales dan sobre este término. El filósofo Felipe Mansilla, por una parte, dice que el intelectual es un individuo —cuyo antecedente más lejano podría encontrarse en los profetas de la Biblia— que tiene la misión de deshacer entuertos y denunciar extravíos [&hellip;]
