{"version":"1.0","provider_name":"El Diario - Bolivia","provider_url":"https:\/\/www.eldiario.net\/portal","title":"Militares que capturaron al Che son homenajeados - El Diario - Bolivia","type":"rich","width":600,"height":338,"html":"<blockquote class=\"wp-embedded-content\" data-secret=\"eKvlVkGA95\"><a href=\"https:\/\/www.eldiario.net\/portal\/2021\/10\/09\/militares-que-capturaron-al-che-son-homenajeados\/\">Militares que capturaron  al Che son homenajeados<\/a><\/blockquote><iframe sandbox=\"allow-scripts\" security=\"restricted\" src=\"https:\/\/www.eldiario.net\/portal\/2021\/10\/09\/militares-que-capturaron-al-che-son-homenajeados\/embed\/#?secret=eKvlVkGA95\" width=\"600\" height=\"338\" title=\"\u00abMilitares que capturaron  al Che son homenajeados\u00bb \u2014 El Diario - Bolivia\" data-secret=\"eKvlVkGA95\" frameborder=\"0\" marginwidth=\"0\" marginheight=\"0\" scrolling=\"no\" class=\"wp-embedded-content\"><\/iframe><script>\n\/*! This file is auto-generated *\/\n!function(d,l){\"use strict\";l.querySelector&&d.addEventListener&&\"undefined\"!=typeof URL&&(d.wp=d.wp||{},d.wp.receiveEmbedMessage||(d.wp.receiveEmbedMessage=function(e){var t=e.data;if((t||t.secret||t.message||t.value)&&!\/[^a-zA-Z0-9]\/.test(t.secret)){for(var s,r,n,a=l.querySelectorAll('iframe[data-secret=\"'+t.secret+'\"]'),o=l.querySelectorAll('blockquote[data-secret=\"'+t.secret+'\"]'),c=new RegExp(\"^https?:$\",\"i\"),i=0;i<o.length;i++)o[i].style.display=\"none\";for(i=0;i<a.length;i++)s=a[i],e.source===s.contentWindow&&(s.removeAttribute(\"style\"),\"height\"===t.message?(1e3<(r=parseInt(t.value,10))?r=1e3:~~r<200&&(r=200),s.height=r):\"link\"===t.message&&(r=new URL(s.getAttribute(\"src\")),n=new URL(t.value),c.test(n.protocol))&&n.host===r.host&&l.activeElement===s&&(d.top.location.href=t.value))}},d.addEventListener(\"message\",d.wp.receiveEmbedMessage,!1),l.addEventListener(\"DOMContentLoaded\",function(){for(var e,t,s=l.querySelectorAll(\"iframe.wp-embedded-content\"),r=0;r<s.length;r++)(t=(e=s[r]).getAttribute(\"data-secret\"))||(t=Math.random().toString(36).substring(2,12),e.src+=\"#?secret=\"+t,e.setAttribute(\"data-secret\",t)),e.contentWindow.postMessage({message:\"ready\",secret:t},\"*\")},!1)))}(window,document);\n\/\/# sourceURL=https:\/\/www.eldiario.net\/portal\/wp-includes\/js\/wp-embed.min.js\n<\/script>\n","description":"Los militares del servicio pasivo de Santa Cruz rindieron homenaje ayer a los Benem\u00e9ritos de \u00d1ancahuaz\u00fa, como h\u00e9roes del grupo militar que hace 54 a\u00f1os captur\u00f3 al revolucionario Ernesto \u201cChe\u201d Guevara. \u201cHoy es un d\u00eda especial, en el que vale la pena testimoniar nuestra admiraci\u00f3n, hacia nuestros h\u00e9roes nacionales, quienes simbolizan templanza, firmeza y lealtad [&hellip;]"}

Los militares del servicio pasivo de Santa Cruz rindieron homenaje ayer a los Beneméritos de Ñancahuazú, como héroes del grupo militar que hace 54 años capturó al revolucionario Ernesto “Che” Guevara. “Hoy es un día especial, en el que vale la pena testimoniar nuestra admiración, hacia nuestros héroes nacionales, quienes simbolizan templanza, firmeza y lealtad [&hellip;]
