{"version":"1.0","provider_name":"El Diario - Bolivia","provider_url":"https:\/\/www.eldiario.net\/portal","title":"Yassir Molina de la RCJ continuar\u00e1 encarcelado - El Diario - Bolivia","type":"rich","width":600,"height":338,"html":"<blockquote class=\"wp-embedded-content\" data-secret=\"1QyswZLuqa\"><a href=\"https:\/\/www.eldiario.net\/portal\/2021\/10\/02\/yassir-molina-de-la-rcj-continuara-encarcelado\/\">Yassir Molina de la RCJ continuar\u00e1 encarcelado<\/a><\/blockquote><iframe sandbox=\"allow-scripts\" security=\"restricted\" src=\"https:\/\/www.eldiario.net\/portal\/2021\/10\/02\/yassir-molina-de-la-rcj-continuara-encarcelado\/embed\/#?secret=1QyswZLuqa\" width=\"600\" height=\"338\" title=\"\u00abYassir Molina de la RCJ continuar\u00e1 encarcelado\u00bb \u2014 El Diario - Bolivia\" data-secret=\"1QyswZLuqa\" frameborder=\"0\" marginwidth=\"0\" marginheight=\"0\" scrolling=\"no\" class=\"wp-embedded-content\"><\/iframe><script>\n\/*! This file is auto-generated *\/\n!function(d,l){\"use strict\";l.querySelector&&d.addEventListener&&\"undefined\"!=typeof URL&&(d.wp=d.wp||{},d.wp.receiveEmbedMessage||(d.wp.receiveEmbedMessage=function(e){var t=e.data;if((t||t.secret||t.message||t.value)&&!\/[^a-zA-Z0-9]\/.test(t.secret)){for(var s,r,n,a=l.querySelectorAll('iframe[data-secret=\"'+t.secret+'\"]'),o=l.querySelectorAll('blockquote[data-secret=\"'+t.secret+'\"]'),c=new RegExp(\"^https?:$\",\"i\"),i=0;i<o.length;i++)o[i].style.display=\"none\";for(i=0;i<a.length;i++)s=a[i],e.source===s.contentWindow&&(s.removeAttribute(\"style\"),\"height\"===t.message?(1e3<(r=parseInt(t.value,10))?r=1e3:~~r<200&&(r=200),s.height=r):\"link\"===t.message&&(r=new URL(s.getAttribute(\"src\")),n=new URL(t.value),c.test(n.protocol))&&n.host===r.host&&l.activeElement===s&&(d.top.location.href=t.value))}},d.addEventListener(\"message\",d.wp.receiveEmbedMessage,!1),l.addEventListener(\"DOMContentLoaded\",function(){for(var e,t,s=l.querySelectorAll(\"iframe.wp-embedded-content\"),r=0;r<s.length;r++)(t=(e=s[r]).getAttribute(\"data-secret\"))||(t=Math.random().toString(36).substring(2,12),e.src+=\"#?secret=\"+t,e.setAttribute(\"data-secret\",t)),e.contentWindow.postMessage({message:\"ready\",secret:t},\"*\")},!1)))}(window,document);\n\/\/# sourceURL=https:\/\/www.eldiario.net\/portal\/wp-includes\/js\/wp-embed.min.js\n<\/script>\n","description":"La justicia determin\u00f3 ayer ampliar por dos meses la detenci\u00f3n preventiva del l\u00edder de la Resistencia Juvenil Cochala (RJC), Yassir Molina, quien se encuentra imputado por presuntos destrozos en la Fiscal\u00eda General de Sucre. Molina est\u00e1 privado de libertad desde marzo, primero en la c\u00e1rcel de San Roque de Sucre y luego trasladado al penal [&hellip;]"}

Yassir Molina de la RCJ continuará encarcelado - El Diario - Bolivia

<blockquote class="wp-embedded-content" data-secret="1QyswZLuqa"><a href="https://www.eldiario.net/portal/2021/10/02/yassir-molina-de-la-rcj-continuara-encarcelado/">Yassir Molina de la RCJ continuará encarcelado</a></blockquote><iframe sandbox="allow-scripts" security="restricted" src="https://www.eldiario.net/portal/2021/10/02/yassir-molina-de-la-rcj-continuara-encarcelado/embed/#?secret=1QyswZLuqa" width="600" height="338" title="«Yassir Molina de la RCJ continuará encarcelado» — El Diario - Bolivia" data-secret="1QyswZLuqa" frameborder="0" marginwidth="0" marginheight="0" scrolling="no" class="wp-embedded-content"></iframe><script>
/*! This file is auto-generated */
!function(d,l){"use strict";l.querySelector&&d.addEventListener&&"undefined"!=typeof URL&&(d.wp=d.wp||{},d.wp.receiveEmbedMessage||(d.wp.receiveEmbedMessage=function(e){var t=e.data;if((t||t.secret||t.message||t.value)&&!/[^a-zA-Z0-9]/.test(t.secret)){for(var s,r,n,a=l.querySelectorAll('iframe[data-secret="'+t.secret+'"]'),o=l.querySelectorAll('blockquote[data-secret="'+t.secret+'"]'),c=new RegExp("^https?:$","i"),i=0;i<o.length;i++)o[i].style.display="none";for(i=0;i<a.length;i++)s=a[i],e.source===s.contentWindow&&(s.removeAttribute("style"),"height"===t.message?(1e3<(r=parseInt(t.value,10))?r=1e3:~~r<200&&(r=200),s.height=r):"link"===t.message&&(r=new URL(s.getAttribute("src")),n=new URL(t.value),c.test(n.protocol))&&n.host===r.host&&l.activeElement===s&&(d.top.location.href=t.value))}},d.addEventListener("message",d.wp.receiveEmbedMessage,!1),l.addEventListener("DOMContentLoaded",function(){for(var e,t,s=l.querySelectorAll("iframe.wp-embedded-content"),r=0;r<s.length;r++)(t=(e=s[r]).getAttribute("data-secret"))||(t=Math.random().toString(36).substring(2,12),e.src+="#?secret="+t,e.setAttribute("data-secret",t)),e.contentWindow.postMessage({message:"ready",secret:t},"*")},!1)))}(window,document);
//# sourceURL=https://www.eldiario.net/portal/wp-includes/js/wp-embed.min.js
</script>

La justicia determinó ayer ampliar por dos meses la detención preventiva del líder de la Resistencia Juvenil Cochala (RJC), Yassir Molina, quien se encuentra imputado por presuntos destrozos en la Fiscalía General de Sucre. Molina está privado de libertad desde marzo, primero en la cárcel de San Roque de Sucre y luego trasladado al penal [&hellip;]
