{"version":"1.0","provider_name":"El Diario - Bolivia","provider_url":"https:\/\/www.eldiario.net\/portal","title":"Ratifican arraigo para Alcalde de La Paz - El Diario - Bolivia","type":"rich","width":600,"height":338,"html":"<blockquote class=\"wp-embedded-content\" data-secret=\"Ddv7nbwAbI\"><a href=\"https:\/\/www.eldiario.net\/portal\/2021\/08\/21\/ratifican-arraigo-para-alcalde-de-la-paz\/\">Ratifican arraigo para Alcalde de La Paz<\/a><\/blockquote><iframe sandbox=\"allow-scripts\" security=\"restricted\" src=\"https:\/\/www.eldiario.net\/portal\/2021\/08\/21\/ratifican-arraigo-para-alcalde-de-la-paz\/embed\/#?secret=Ddv7nbwAbI\" width=\"600\" height=\"338\" title=\"\u00abRatifican arraigo para Alcalde de La Paz\u00bb \u2014 El Diario - Bolivia\" data-secret=\"Ddv7nbwAbI\" frameborder=\"0\" marginwidth=\"0\" marginheight=\"0\" scrolling=\"no\" class=\"wp-embedded-content\"><\/iframe><script>\n\/*! This file is auto-generated *\/\n!function(d,l){\"use strict\";l.querySelector&&d.addEventListener&&\"undefined\"!=typeof URL&&(d.wp=d.wp||{},d.wp.receiveEmbedMessage||(d.wp.receiveEmbedMessage=function(e){var t=e.data;if((t||t.secret||t.message||t.value)&&!\/[^a-zA-Z0-9]\/.test(t.secret)){for(var s,r,n,a=l.querySelectorAll('iframe[data-secret=\"'+t.secret+'\"]'),o=l.querySelectorAll('blockquote[data-secret=\"'+t.secret+'\"]'),c=new RegExp(\"^https?:$\",\"i\"),i=0;i<o.length;i++)o[i].style.display=\"none\";for(i=0;i<a.length;i++)s=a[i],e.source===s.contentWindow&&(s.removeAttribute(\"style\"),\"height\"===t.message?(1e3<(r=parseInt(t.value,10))?r=1e3:~~r<200&&(r=200),s.height=r):\"link\"===t.message&&(r=new URL(s.getAttribute(\"src\")),n=new URL(t.value),c.test(n.protocol))&&n.host===r.host&&l.activeElement===s&&(d.top.location.href=t.value))}},d.addEventListener(\"message\",d.wp.receiveEmbedMessage,!1),l.addEventListener(\"DOMContentLoaded\",function(){for(var e,t,s=l.querySelectorAll(\"iframe.wp-embedded-content\"),r=0;r<s.length;r++)(t=(e=s[r]).getAttribute(\"data-secret\"))||(t=Math.random().toString(36).substring(2,12),e.src+=\"#?secret=\"+t,e.setAttribute(\"data-secret\",t)),e.contentWindow.postMessage({message:\"ready\",secret:t},\"*\")},!1)))}(window,document);\n\/\/# sourceURL=https:\/\/www.eldiario.net\/portal\/wp-includes\/js\/wp-embed.min.js\n<\/script>\n","description":"La Sala Penal Segunda de La Paz ratific\u00f3 ayer el pago de fianza de 30 mil bolivianos, arraigo y presentaci\u00f3n cada 15 d\u00edas ante la Fiscal\u00eda contra el alcalde de La Paz, Iv\u00e1n Arias, quien est\u00e1 imputado por el presunto nombramiento irregular de un trabajador cuando era ministro de Obras P\u00fablicas en 2020. La vocal [&hellip;]"}

La Sala Penal Segunda de La Paz ratificó ayer el pago de fianza de 30 mil bolivianos, arraigo y presentación cada 15 días ante la Fiscalía contra el alcalde de La Paz, Iván Arias, quien está imputado por el presunto nombramiento irregular de un trabajador cuando era ministro de Obras Públicas en 2020. La vocal [&hellip;]
