{"version":"1.0","provider_name":"El Diario - Bolivia","provider_url":"https:\/\/www.eldiario.net\/portal","title":"POA 2022 ser\u00e1 consensuado con organizaciones sociales - El Diario - Bolivia","type":"rich","width":600,"height":338,"html":"<blockquote class=\"wp-embedded-content\" data-secret=\"TNURTqBWSr\"><a href=\"https:\/\/www.eldiario.net\/portal\/2021\/08\/16\/poa-2022-sera-consensuado-con-organizaciones-sociales\/\">POA 2022 ser\u00e1 consensuado con organizaciones sociales<\/a><\/blockquote><iframe sandbox=\"allow-scripts\" security=\"restricted\" src=\"https:\/\/www.eldiario.net\/portal\/2021\/08\/16\/poa-2022-sera-consensuado-con-organizaciones-sociales\/embed\/#?secret=TNURTqBWSr\" width=\"600\" height=\"338\" title=\"\u00abPOA 2022 ser\u00e1 consensuado con organizaciones sociales\u00bb \u2014 El Diario - Bolivia\" data-secret=\"TNURTqBWSr\" frameborder=\"0\" marginwidth=\"0\" marginheight=\"0\" scrolling=\"no\" class=\"wp-embedded-content\"><\/iframe><script>\n\/*! This file is auto-generated *\/\n!function(d,l){\"use strict\";l.querySelector&&d.addEventListener&&\"undefined\"!=typeof URL&&(d.wp=d.wp||{},d.wp.receiveEmbedMessage||(d.wp.receiveEmbedMessage=function(e){var t=e.data;if((t||t.secret||t.message||t.value)&&!\/[^a-zA-Z0-9]\/.test(t.secret)){for(var s,r,n,a=l.querySelectorAll('iframe[data-secret=\"'+t.secret+'\"]'),o=l.querySelectorAll('blockquote[data-secret=\"'+t.secret+'\"]'),c=new RegExp(\"^https?:$\",\"i\"),i=0;i<o.length;i++)o[i].style.display=\"none\";for(i=0;i<a.length;i++)s=a[i],e.source===s.contentWindow&&(s.removeAttribute(\"style\"),\"height\"===t.message?(1e3<(r=parseInt(t.value,10))?r=1e3:~~r<200&&(r=200),s.height=r):\"link\"===t.message&&(r=new URL(s.getAttribute(\"src\")),n=new URL(t.value),c.test(n.protocol))&&n.host===r.host&&l.activeElement===s&&(d.top.location.href=t.value))}},d.addEventListener(\"message\",d.wp.receiveEmbedMessage,!1),l.addEventListener(\"DOMContentLoaded\",function(){for(var e,t,s=l.querySelectorAll(\"iframe.wp-embedded-content\"),r=0;r<s.length;r++)(t=(e=s[r]).getAttribute(\"data-secret\"))||(t=Math.random().toString(36).substring(2,12),e.src+=\"#?secret=\"+t,e.setAttribute(\"data-secret\",t)),e.contentWindow.postMessage({message:\"ready\",secret:t},\"*\")},!1)))}(window,document);\n\/\/# sourceURL=https:\/\/www.eldiario.net\/portal\/wp-includes\/js\/wp-embed.min.js\n<\/script>\n","description":"El director de la Unidad de Atenci\u00f3n Ciudadana del Gobierno municipal de El Alto, Jos\u00e9 Camayo, asegur\u00f3 que el Plan Operativo Anual (POA), de la gesti\u00f3n 2022, ser\u00e1 consensuado en ampliados distritales y en presencia de las diferentes organizaciones sociales. De acuerdo con el encargado de este trabajo municipal, en favor de las diferentes zonas [&hellip;]"}

POA 2022 será consensuado con organizaciones sociales - El Diario - Bolivia

<blockquote class="wp-embedded-content" data-secret="TNURTqBWSr"><a href="https://www.eldiario.net/portal/2021/08/16/poa-2022-sera-consensuado-con-organizaciones-sociales/">POA 2022 será consensuado con organizaciones sociales</a></blockquote><iframe sandbox="allow-scripts" security="restricted" src="https://www.eldiario.net/portal/2021/08/16/poa-2022-sera-consensuado-con-organizaciones-sociales/embed/#?secret=TNURTqBWSr" width="600" height="338" title="«POA 2022 será consensuado con organizaciones sociales» — El Diario - Bolivia" data-secret="TNURTqBWSr" frameborder="0" marginwidth="0" marginheight="0" scrolling="no" class="wp-embedded-content"></iframe><script>
/*! This file is auto-generated */
!function(d,l){"use strict";l.querySelector&&d.addEventListener&&"undefined"!=typeof URL&&(d.wp=d.wp||{},d.wp.receiveEmbedMessage||(d.wp.receiveEmbedMessage=function(e){var t=e.data;if((t||t.secret||t.message||t.value)&&!/[^a-zA-Z0-9]/.test(t.secret)){for(var s,r,n,a=l.querySelectorAll('iframe[data-secret="'+t.secret+'"]'),o=l.querySelectorAll('blockquote[data-secret="'+t.secret+'"]'),c=new RegExp("^https?:$","i"),i=0;i<o.length;i++)o[i].style.display="none";for(i=0;i<a.length;i++)s=a[i],e.source===s.contentWindow&&(s.removeAttribute("style"),"height"===t.message?(1e3<(r=parseInt(t.value,10))?r=1e3:~~r<200&&(r=200),s.height=r):"link"===t.message&&(r=new URL(s.getAttribute("src")),n=new URL(t.value),c.test(n.protocol))&&n.host===r.host&&l.activeElement===s&&(d.top.location.href=t.value))}},d.addEventListener("message",d.wp.receiveEmbedMessage,!1),l.addEventListener("DOMContentLoaded",function(){for(var e,t,s=l.querySelectorAll("iframe.wp-embedded-content"),r=0;r<s.length;r++)(t=(e=s[r]).getAttribute("data-secret"))||(t=Math.random().toString(36).substring(2,12),e.src+="#?secret="+t,e.setAttribute("data-secret",t)),e.contentWindow.postMessage({message:"ready",secret:t},"*")},!1)))}(window,document);
//# sourceURL=https://www.eldiario.net/portal/wp-includes/js/wp-embed.min.js
</script>

El director de la Unidad de Atención Ciudadana del Gobierno municipal de El Alto, José Camayo, aseguró que el Plan Operativo Anual (POA), de la gestión 2022, será consensuado en ampliados distritales y en presencia de las diferentes organizaciones sociales. De acuerdo con el encargado de este trabajo municipal, en favor de las diferentes zonas [&hellip;]
