{"version":"1.0","provider_name":"El Diario - Bolivia","provider_url":"https:\/\/www.eldiario.net\/portal","title":"Autoridad municipal realz\u00f3 aniversario 36 de Futecra - El Diario - Bolivia","type":"rich","width":600,"height":338,"html":"<blockquote class=\"wp-embedded-content\" data-secret=\"h4zo4YbSZd\"><a href=\"https:\/\/www.eldiario.net\/portal\/2021\/08\/16\/autoridad-municipal-realzo-aniversario-36-de-futecra\/\">Autoridad municipal realz\u00f3  aniversario 36 de Futecra<\/a><\/blockquote><iframe sandbox=\"allow-scripts\" security=\"restricted\" src=\"https:\/\/www.eldiario.net\/portal\/2021\/08\/16\/autoridad-municipal-realzo-aniversario-36-de-futecra\/embed\/#?secret=h4zo4YbSZd\" width=\"600\" height=\"338\" title=\"\u00abAutoridad municipal realz\u00f3  aniversario 36 de Futecra\u00bb \u2014 El Diario - Bolivia\" data-secret=\"h4zo4YbSZd\" frameborder=\"0\" marginwidth=\"0\" marginheight=\"0\" scrolling=\"no\" class=\"wp-embedded-content\"><\/iframe><script>\n\/*! This file is auto-generated *\/\n!function(d,l){\"use strict\";l.querySelector&&d.addEventListener&&\"undefined\"!=typeof URL&&(d.wp=d.wp||{},d.wp.receiveEmbedMessage||(d.wp.receiveEmbedMessage=function(e){var t=e.data;if((t||t.secret||t.message||t.value)&&!\/[^a-zA-Z0-9]\/.test(t.secret)){for(var s,r,n,a=l.querySelectorAll('iframe[data-secret=\"'+t.secret+'\"]'),o=l.querySelectorAll('blockquote[data-secret=\"'+t.secret+'\"]'),c=new RegExp(\"^https?:$\",\"i\"),i=0;i<o.length;i++)o[i].style.display=\"none\";for(i=0;i<a.length;i++)s=a[i],e.source===s.contentWindow&&(s.removeAttribute(\"style\"),\"height\"===t.message?(1e3<(r=parseInt(t.value,10))?r=1e3:~~r<200&&(r=200),s.height=r):\"link\"===t.message&&(r=new URL(s.getAttribute(\"src\")),n=new URL(t.value),c.test(n.protocol))&&n.host===r.host&&l.activeElement===s&&(d.top.location.href=t.value))}},d.addEventListener(\"message\",d.wp.receiveEmbedMessage,!1),l.addEventListener(\"DOMContentLoaded\",function(){for(var e,t,s=l.querySelectorAll(\"iframe.wp-embedded-content\"),r=0;r<s.length;r++)(t=(e=s[r]).getAttribute(\"data-secret\"))||(t=Math.random().toString(36).substring(2,12),e.src+=\"#?secret=\"+t,e.setAttribute(\"data-secret\",t)),e.contentWindow.postMessage({message:\"ready\",secret:t},\"*\")},!1)))}(window,document);\n\/\/# sourceURL=https:\/\/www.eldiario.net\/portal\/wp-includes\/js\/wp-embed.min.js\n<\/script>\n","thumbnail_url":"https:\/\/www.eldiario.net\/portal\/wp-content\/uploads\/2021\/08\/4AL-1.jpg","thumbnail_width":1024,"thumbnail_height":678,"description":"La Federaci\u00f3n \u00danica de Trabajadores en Carne y Ramas Anexas (Futecra) de la ciudad de El Alto celebr\u00f3 el domingo su trig\u00e9simo sexto aniversario con la participaci\u00f3n de la alcaldesa Eva Copa. \u201cEn 36 a\u00f1os de aniversario, Futecra ha sido una de las organizaciones que no ha dejado que nadie los divida, han mantenido unida [&hellip;]"}

Autoridad municipal realzó aniversario 36 de Futecra - El Diario - Bolivia

<blockquote class="wp-embedded-content" data-secret="h4zo4YbSZd"><a href="https://www.eldiario.net/portal/2021/08/16/autoridad-municipal-realzo-aniversario-36-de-futecra/">Autoridad municipal realzó  aniversario 36 de Futecra</a></blockquote><iframe sandbox="allow-scripts" security="restricted" src="https://www.eldiario.net/portal/2021/08/16/autoridad-municipal-realzo-aniversario-36-de-futecra/embed/#?secret=h4zo4YbSZd" width="600" height="338" title="«Autoridad municipal realzó  aniversario 36 de Futecra» — El Diario - Bolivia" data-secret="h4zo4YbSZd" frameborder="0" marginwidth="0" marginheight="0" scrolling="no" class="wp-embedded-content"></iframe><script>
/*! This file is auto-generated */
!function(d,l){"use strict";l.querySelector&&d.addEventListener&&"undefined"!=typeof URL&&(d.wp=d.wp||{},d.wp.receiveEmbedMessage||(d.wp.receiveEmbedMessage=function(e){var t=e.data;if((t||t.secret||t.message||t.value)&&!/[^a-zA-Z0-9]/.test(t.secret)){for(var s,r,n,a=l.querySelectorAll('iframe[data-secret="'+t.secret+'"]'),o=l.querySelectorAll('blockquote[data-secret="'+t.secret+'"]'),c=new RegExp("^https?:$","i"),i=0;i<o.length;i++)o[i].style.display="none";for(i=0;i<a.length;i++)s=a[i],e.source===s.contentWindow&&(s.removeAttribute("style"),"height"===t.message?(1e3<(r=parseInt(t.value,10))?r=1e3:~~r<200&&(r=200),s.height=r):"link"===t.message&&(r=new URL(s.getAttribute("src")),n=new URL(t.value),c.test(n.protocol))&&n.host===r.host&&l.activeElement===s&&(d.top.location.href=t.value))}},d.addEventListener("message",d.wp.receiveEmbedMessage,!1),l.addEventListener("DOMContentLoaded",function(){for(var e,t,s=l.querySelectorAll("iframe.wp-embedded-content"),r=0;r<s.length;r++)(t=(e=s[r]).getAttribute("data-secret"))||(t=Math.random().toString(36).substring(2,12),e.src+="#?secret="+t,e.setAttribute("data-secret",t)),e.contentWindow.postMessage({message:"ready",secret:t},"*")},!1)))}(window,document);
//# sourceURL=https://www.eldiario.net/portal/wp-includes/js/wp-embed.min.js
</script>

La Federación Única de Trabajadores en Carne y Ramas Anexas (Futecra) de la ciudad de El Alto celebró el domingo su trigésimo sexto aniversario con la participación de la alcaldesa Eva Copa. “En 36 años de aniversario, Futecra ha sido una de las organizaciones que no ha dejado que nadie los divida, han mantenido unida [&hellip;]
