{"version":"1.0","provider_name":"El Diario - Bolivia","provider_url":"https:\/\/www.eldiario.net\/portal","title":"Las derrotas del MAS - El Diario - Bolivia","type":"rich","width":600,"height":338,"html":"<blockquote class=\"wp-embedded-content\" data-secret=\"Lut7yWPFRJ\"><a href=\"https:\/\/www.eldiario.net\/portal\/2021\/08\/15\/las-derrotas-del-mas\/\">Las derrotas del MAS<\/a><\/blockquote><iframe sandbox=\"allow-scripts\" security=\"restricted\" src=\"https:\/\/www.eldiario.net\/portal\/2021\/08\/15\/las-derrotas-del-mas\/embed\/#?secret=Lut7yWPFRJ\" width=\"600\" height=\"338\" title=\"\u00abLas derrotas del MAS\u00bb \u2014 El Diario - Bolivia\" data-secret=\"Lut7yWPFRJ\" frameborder=\"0\" marginwidth=\"0\" marginheight=\"0\" scrolling=\"no\" class=\"wp-embedded-content\"><\/iframe><script>\n\/*! This file is auto-generated *\/\n!function(d,l){\"use strict\";l.querySelector&&d.addEventListener&&\"undefined\"!=typeof URL&&(d.wp=d.wp||{},d.wp.receiveEmbedMessage||(d.wp.receiveEmbedMessage=function(e){var t=e.data;if((t||t.secret||t.message||t.value)&&!\/[^a-zA-Z0-9]\/.test(t.secret)){for(var s,r,n,a=l.querySelectorAll('iframe[data-secret=\"'+t.secret+'\"]'),o=l.querySelectorAll('blockquote[data-secret=\"'+t.secret+'\"]'),c=new RegExp(\"^https?:$\",\"i\"),i=0;i<o.length;i++)o[i].style.display=\"none\";for(i=0;i<a.length;i++)s=a[i],e.source===s.contentWindow&&(s.removeAttribute(\"style\"),\"height\"===t.message?(1e3<(r=parseInt(t.value,10))?r=1e3:~~r<200&&(r=200),s.height=r):\"link\"===t.message&&(r=new URL(s.getAttribute(\"src\")),n=new URL(t.value),c.test(n.protocol))&&n.host===r.host&&l.activeElement===s&&(d.top.location.href=t.value))}},d.addEventListener(\"message\",d.wp.receiveEmbedMessage,!1),l.addEventListener(\"DOMContentLoaded\",function(){for(var e,t,s=l.querySelectorAll(\"iframe.wp-embedded-content\"),r=0;r<s.length;r++)(t=(e=s[r]).getAttribute(\"data-secret\"))||(t=Math.random().toString(36).substring(2,12),e.src+=\"#?secret=\"+t,e.setAttribute(\"data-secret\",t)),e.contentWindow.postMessage({message:\"ready\",secret:t},\"*\")},!1)))}(window,document);\n\/\/# sourceURL=https:\/\/www.eldiario.net\/portal\/wp-includes\/js\/wp-embed.min.js\n<\/script>\n","description":"En el curso de una semana, la OEA (35 pa\u00edses) y la Uni\u00f3n Europea (27 pa\u00edses) ratificaron su condena al fraude electoral de 2019. Adem\u00e1s, la Corte Interamericana de Derechos Humanos confirm\u00f3, como todos lo sospech\u00e1bamos, que la reelecci\u00f3n indefinida no es un \u00abderecho humano\u00bb. El pronunciamiento de la OEA fue lapidario, porque defini\u00f3 aquel [&hellip;]"}

En el curso de una semana, la OEA (35 países) y la Unión Europea (27 países) ratificaron su condena al fraude electoral de 2019. Además, la Corte Interamericana de Derechos Humanos confirmó, como todos lo sospechábamos, que la reelección indefinida no es un «derecho humano». El pronunciamiento de la OEA fue lapidario, porque definió aquel [&hellip;]
