{"version":"1.0","provider_name":"El Diario - Bolivia","provider_url":"https:\/\/www.eldiario.net\/portal","title":"La informalidad en Bolivia - El Diario - Bolivia","type":"rich","width":600,"height":338,"html":"<blockquote class=\"wp-embedded-content\" data-secret=\"E6zUMSNDaN\"><a href=\"https:\/\/www.eldiario.net\/portal\/2021\/08\/15\/la-informalidad-en-bolivia\/\">La informalidad en Bolivia<\/a><\/blockquote><iframe sandbox=\"allow-scripts\" security=\"restricted\" src=\"https:\/\/www.eldiario.net\/portal\/2021\/08\/15\/la-informalidad-en-bolivia\/embed\/#?secret=E6zUMSNDaN\" width=\"600\" height=\"338\" title=\"\u00abLa informalidad en Bolivia\u00bb \u2014 El Diario - Bolivia\" data-secret=\"E6zUMSNDaN\" frameborder=\"0\" marginwidth=\"0\" marginheight=\"0\" scrolling=\"no\" class=\"wp-embedded-content\"><\/iframe><script>\n\/*! This file is auto-generated *\/\n!function(d,l){\"use strict\";l.querySelector&&d.addEventListener&&\"undefined\"!=typeof URL&&(d.wp=d.wp||{},d.wp.receiveEmbedMessage||(d.wp.receiveEmbedMessage=function(e){var t=e.data;if((t||t.secret||t.message||t.value)&&!\/[^a-zA-Z0-9]\/.test(t.secret)){for(var s,r,n,a=l.querySelectorAll('iframe[data-secret=\"'+t.secret+'\"]'),o=l.querySelectorAll('blockquote[data-secret=\"'+t.secret+'\"]'),c=new RegExp(\"^https?:$\",\"i\"),i=0;i<o.length;i++)o[i].style.display=\"none\";for(i=0;i<a.length;i++)s=a[i],e.source===s.contentWindow&&(s.removeAttribute(\"style\"),\"height\"===t.message?(1e3<(r=parseInt(t.value,10))?r=1e3:~~r<200&&(r=200),s.height=r):\"link\"===t.message&&(r=new URL(s.getAttribute(\"src\")),n=new URL(t.value),c.test(n.protocol))&&n.host===r.host&&l.activeElement===s&&(d.top.location.href=t.value))}},d.addEventListener(\"message\",d.wp.receiveEmbedMessage,!1),l.addEventListener(\"DOMContentLoaded\",function(){for(var e,t,s=l.querySelectorAll(\"iframe.wp-embedded-content\"),r=0;r<s.length;r++)(t=(e=s[r]).getAttribute(\"data-secret\"))||(t=Math.random().toString(36).substring(2,12),e.src+=\"#?secret=\"+t,e.setAttribute(\"data-secret\",t)),e.contentWindow.postMessage({message:\"ready\",secret:t},\"*\")},!1)))}(window,document);\n\/\/# sourceURL=https:\/\/www.eldiario.net\/portal\/wp-includes\/js\/wp-embed.min.js\n<\/script>\n","thumbnail_url":"https:\/\/www.eldiario.net\/portal\/wp-content\/uploads\/2021\/05\/Rolando-Kempff-Bacigalupo.jpg","thumbnail_width":1200,"thumbnail_height":628,"description":"Nuestro pa\u00eds encabeza el ranking de empleos en el sector informal de su econom\u00eda. Seg\u00fan un reporte de la Organizaci\u00f3n Internacional del Trabajo (OIT), con datos oficiales del Instituto Nacional de Estad\u00edstica (INE), existe casi 85% de informalidad laboral en Bolivia. Es cierto que todos los pa\u00edses tienen actividades econ\u00f3micas informales, pero en el nuestro, [&hellip;]"}

Nuestro país encabeza el ranking de empleos en el sector informal de su economía. Según un reporte de la Organización Internacional del Trabajo (OIT), con datos oficiales del Instituto Nacional de Estadística (INE), existe casi 85% de informalidad laboral en Bolivia. Es cierto que todos los países tienen actividades económicas informales, pero en el nuestro, [&hellip;]
