{"version":"1.0","provider_name":"El Diario - Bolivia","provider_url":"https:\/\/www.eldiario.net\/portal","title":"Opositores exigen iniciar juicio contra Evo Morales - El Diario - Bolivia","type":"rich","width":600,"height":338,"html":"<blockquote class=\"wp-embedded-content\" data-secret=\"Rnjng0zwRM\"><a href=\"https:\/\/www.eldiario.net\/portal\/2021\/08\/14\/opositores-exigen-iniciar-juicio-contra-evo-morales\/\">Opositores exigen iniciar juicio contra Evo Morales<\/a><\/blockquote><iframe sandbox=\"allow-scripts\" security=\"restricted\" src=\"https:\/\/www.eldiario.net\/portal\/2021\/08\/14\/opositores-exigen-iniciar-juicio-contra-evo-morales\/embed\/#?secret=Rnjng0zwRM\" width=\"600\" height=\"338\" title=\"\u00abOpositores exigen iniciar juicio contra Evo Morales\u00bb \u2014 El Diario - Bolivia\" data-secret=\"Rnjng0zwRM\" frameborder=\"0\" marginwidth=\"0\" marginheight=\"0\" scrolling=\"no\" class=\"wp-embedded-content\"><\/iframe><script>\n\/*! This file is auto-generated *\/\n!function(d,l){\"use strict\";l.querySelector&&d.addEventListener&&\"undefined\"!=typeof URL&&(d.wp=d.wp||{},d.wp.receiveEmbedMessage||(d.wp.receiveEmbedMessage=function(e){var t=e.data;if((t||t.secret||t.message||t.value)&&!\/[^a-zA-Z0-9]\/.test(t.secret)){for(var s,r,n,a=l.querySelectorAll('iframe[data-secret=\"'+t.secret+'\"]'),o=l.querySelectorAll('blockquote[data-secret=\"'+t.secret+'\"]'),c=new RegExp(\"^https?:$\",\"i\"),i=0;i<o.length;i++)o[i].style.display=\"none\";for(i=0;i<a.length;i++)s=a[i],e.source===s.contentWindow&&(s.removeAttribute(\"style\"),\"height\"===t.message?(1e3<(r=parseInt(t.value,10))?r=1e3:~~r<200&&(r=200),s.height=r):\"link\"===t.message&&(r=new URL(s.getAttribute(\"src\")),n=new URL(t.value),c.test(n.protocol))&&n.host===r.host&&l.activeElement===s&&(d.top.location.href=t.value))}},d.addEventListener(\"message\",d.wp.receiveEmbedMessage,!1),l.addEventListener(\"DOMContentLoaded\",function(){for(var e,t,s=l.querySelectorAll(\"iframe.wp-embedded-content\"),r=0;r<s.length;r++)(t=(e=s[r]).getAttribute(\"data-secret\"))||(t=Math.random().toString(36).substring(2,12),e.src+=\"#?secret=\"+t,e.setAttribute(\"data-secret\",t)),e.contentWindow.postMessage({message:\"ready\",secret:t},\"*\")},!1)))}(window,document);\n\/\/# sourceURL=https:\/\/www.eldiario.net\/portal\/wp-includes\/js\/wp-embed.min.js\n<\/script>\n","description":"Tras determinaci\u00f3n de la Corte Interamericana de Derechos Humanos (C-IDH) en la que se niega que la reelecci\u00f3n presidencial indefinida sea un derecho humano, legisladores de oposici\u00f3n exigen que se inicie un juicio de responsabilidades en contra del expresidente Evo Morales por violar la Constituci\u00f3n Pol\u00edtica del Estado para prorrogarse en el poder. El diputado [&hellip;]"}

Tras determinación de la Corte Interamericana de Derechos Humanos (C-IDH) en la que se niega que la reelección presidencial indefinida sea un derecho humano, legisladores de oposición exigen que se inicie un juicio de responsabilidades en contra del expresidente Evo Morales por violar la Constitución Política del Estado para prorrogarse en el poder. El diputado [&hellip;]
