{"version":"1.0","provider_name":"El Diario - Bolivia","provider_url":"https:\/\/www.eldiario.net\/portal","title":"Anuncian procesos penales contra Gustavo Torrico - El Diario - Bolivia","type":"rich","width":600,"height":338,"html":"<blockquote class=\"wp-embedded-content\" data-secret=\"r01AfaPKCC\"><a href=\"https:\/\/www.eldiario.net\/portal\/2021\/08\/07\/anuncian-procesos-penales-contra-gustavo-torrico\/\">Anuncian procesos penales  contra Gustavo Torrico<\/a><\/blockquote><iframe sandbox=\"allow-scripts\" security=\"restricted\" src=\"https:\/\/www.eldiario.net\/portal\/2021\/08\/07\/anuncian-procesos-penales-contra-gustavo-torrico\/embed\/#?secret=r01AfaPKCC\" width=\"600\" height=\"338\" title=\"\u00abAnuncian procesos penales  contra Gustavo Torrico\u00bb \u2014 El Diario - Bolivia\" data-secret=\"r01AfaPKCC\" frameborder=\"0\" marginwidth=\"0\" marginheight=\"0\" scrolling=\"no\" class=\"wp-embedded-content\"><\/iframe><script>\n\/*! This file is auto-generated *\/\n!function(d,l){\"use strict\";l.querySelector&&d.addEventListener&&\"undefined\"!=typeof URL&&(d.wp=d.wp||{},d.wp.receiveEmbedMessage||(d.wp.receiveEmbedMessage=function(e){var t=e.data;if((t||t.secret||t.message||t.value)&&!\/[^a-zA-Z0-9]\/.test(t.secret)){for(var s,r,n,a=l.querySelectorAll('iframe[data-secret=\"'+t.secret+'\"]'),o=l.querySelectorAll('blockquote[data-secret=\"'+t.secret+'\"]'),c=new RegExp(\"^https?:$\",\"i\"),i=0;i<o.length;i++)o[i].style.display=\"none\";for(i=0;i<a.length;i++)s=a[i],e.source===s.contentWindow&&(s.removeAttribute(\"style\"),\"height\"===t.message?(1e3<(r=parseInt(t.value,10))?r=1e3:~~r<200&&(r=200),s.height=r):\"link\"===t.message&&(r=new URL(s.getAttribute(\"src\")),n=new URL(t.value),c.test(n.protocol))&&n.host===r.host&&l.activeElement===s&&(d.top.location.href=t.value))}},d.addEventListener(\"message\",d.wp.receiveEmbedMessage,!1),l.addEventListener(\"DOMContentLoaded\",function(){for(var e,t,s=l.querySelectorAll(\"iframe.wp-embedded-content\"),r=0;r<s.length;r++)(t=(e=s[r]).getAttribute(\"data-secret\"))||(t=Math.random().toString(36).substring(2,12),e.src+=\"#?secret=\"+t,e.setAttribute(\"data-secret\",t)),e.contentWindow.postMessage({message:\"ready\",secret:t},\"*\")},!1)))}(window,document);\n\/\/# sourceURL=https:\/\/www.eldiario.net\/portal\/wp-includes\/js\/wp-embed.min.js\n<\/script>\n","description":"La mujer activista que fue agredida f\u00edsicamente por grupos afines al Movimiento al Socialismo (MAS), durante una concentraci\u00f3n por la defensa de la democracia, anunci\u00f3 que iniciar\u00e1 procesos legales por violencia contra la mujer y robo de sus pertenencias, contra el ex asamble\u00edsta departamental Gustavo Torrico. La persona agredida se\u00f1al\u00f3 que asisti\u00f3 a la convocatoria [&hellip;]"}

La mujer activista que fue agredida físicamente por grupos afines al Movimiento al Socialismo (MAS), durante una concentración por la defensa de la democracia, anunció que iniciará procesos legales por violencia contra la mujer y robo de sus pertenencias, contra el ex asambleísta departamental Gustavo Torrico. La persona agredida señaló que asistió a la convocatoria [&hellip;]
