{"version":"1.0","provider_name":"El Diario - Bolivia","provider_url":"https:\/\/www.eldiario.net\/portal","title":"Microempresas compiten para participar en Expocruz - El Diario - Bolivia","type":"rich","width":600,"height":338,"html":"<blockquote class=\"wp-embedded-content\" data-secret=\"h0ZGxLDCNM\"><a href=\"https:\/\/www.eldiario.net\/portal\/2021\/08\/03\/microempresas-compiten-para-participar-en-expocruz\/\">Microempresas compiten  para participar en Expocruz<\/a><\/blockquote><iframe sandbox=\"allow-scripts\" security=\"restricted\" src=\"https:\/\/www.eldiario.net\/portal\/2021\/08\/03\/microempresas-compiten-para-participar-en-expocruz\/embed\/#?secret=h0ZGxLDCNM\" width=\"600\" height=\"338\" title=\"\u00abMicroempresas compiten  para participar en Expocruz\u00bb \u2014 El Diario - Bolivia\" data-secret=\"h0ZGxLDCNM\" frameborder=\"0\" marginwidth=\"0\" marginheight=\"0\" scrolling=\"no\" class=\"wp-embedded-content\"><\/iframe><script>\n\/*! This file is auto-generated *\/\n!function(d,l){\"use strict\";l.querySelector&&d.addEventListener&&\"undefined\"!=typeof URL&&(d.wp=d.wp||{},d.wp.receiveEmbedMessage||(d.wp.receiveEmbedMessage=function(e){var t=e.data;if((t||t.secret||t.message||t.value)&&!\/[^a-zA-Z0-9]\/.test(t.secret)){for(var s,r,n,a=l.querySelectorAll('iframe[data-secret=\"'+t.secret+'\"]'),o=l.querySelectorAll('blockquote[data-secret=\"'+t.secret+'\"]'),c=new RegExp(\"^https?:$\",\"i\"),i=0;i<o.length;i++)o[i].style.display=\"none\";for(i=0;i<a.length;i++)s=a[i],e.source===s.contentWindow&&(s.removeAttribute(\"style\"),\"height\"===t.message?(1e3<(r=parseInt(t.value,10))?r=1e3:~~r<200&&(r=200),s.height=r):\"link\"===t.message&&(r=new URL(s.getAttribute(\"src\")),n=new URL(t.value),c.test(n.protocol))&&n.host===r.host&&l.activeElement===s&&(d.top.location.href=t.value))}},d.addEventListener(\"message\",d.wp.receiveEmbedMessage,!1),l.addEventListener(\"DOMContentLoaded\",function(){for(var e,t,s=l.querySelectorAll(\"iframe.wp-embedded-content\"),r=0;r<s.length;r++)(t=(e=s[r]).getAttribute(\"data-secret\"))||(t=Math.random().toString(36).substring(2,12),e.src+=\"#?secret=\"+t,e.setAttribute(\"data-secret\",t)),e.contentWindow.postMessage({message:\"ready\",secret:t},\"*\")},!1)))}(window,document);\n\/\/# sourceURL=https:\/\/www.eldiario.net\/portal\/wp-includes\/js\/wp-embed.min.js\n<\/script>\n","thumbnail_url":"https:\/\/www.eldiario.net\/portal\/wp-content\/uploads\/2021\/08\/EL-ALTO-Microempresas-compiten.jpg","thumbnail_width":1024,"thumbnail_height":705,"description":"La Secretar\u00eda de Desarrollo Econ\u00f3mico del Gobierno Municipal de El Alto anunci\u00f3 que m\u00e1s de 30 empresarios de esa urbe compiten para ser tomados en cuenta entre los 10 representantes que asistir\u00e1n a la Expocruz, evento que se realizar\u00e1 en la ciudad de Santa Cruz de la Sierra del 17 al 26 de septiembre. La [&hellip;]"}

La Secretaría de Desarrollo Económico del Gobierno Municipal de El Alto anunció que más de 30 empresarios de esa urbe compiten para ser tomados en cuenta entre los 10 representantes que asistirán a la Expocruz, evento que se realizará en la ciudad de Santa Cruz de la Sierra del 17 al 26 de septiembre. La [&hellip;]
