{"version":"1.0","provider_name":"El Diario - Bolivia","provider_url":"https:\/\/www.eldiario.net\/portal","title":"Responsabilizan a ministro Del Castillo por altercados - El Diario - Bolivia","type":"rich","width":600,"height":338,"html":"<blockquote class=\"wp-embedded-content\" data-secret=\"MZMNtUDSsP\"><a href=\"https:\/\/www.eldiario.net\/portal\/2021\/06\/11\/responsabilizan-a-ministro-del-castillo-por-altercados\/\">Responsabilizan a ministro Del Castillo por altercados<\/a><\/blockquote><iframe sandbox=\"allow-scripts\" security=\"restricted\" src=\"https:\/\/www.eldiario.net\/portal\/2021\/06\/11\/responsabilizan-a-ministro-del-castillo-por-altercados\/embed\/#?secret=MZMNtUDSsP\" width=\"600\" height=\"338\" title=\"\u00abResponsabilizan a ministro Del Castillo por altercados\u00bb \u2014 El Diario - Bolivia\" data-secret=\"MZMNtUDSsP\" frameborder=\"0\" marginwidth=\"0\" marginheight=\"0\" scrolling=\"no\" class=\"wp-embedded-content\"><\/iframe><script>\n\/*! This file is auto-generated *\/\n!function(d,l){\"use strict\";l.querySelector&&d.addEventListener&&\"undefined\"!=typeof URL&&(d.wp=d.wp||{},d.wp.receiveEmbedMessage||(d.wp.receiveEmbedMessage=function(e){var t=e.data;if((t||t.secret||t.message||t.value)&&!\/[^a-zA-Z0-9]\/.test(t.secret)){for(var s,r,n,a=l.querySelectorAll('iframe[data-secret=\"'+t.secret+'\"]'),o=l.querySelectorAll('blockquote[data-secret=\"'+t.secret+'\"]'),c=new RegExp(\"^https?:$\",\"i\"),i=0;i<o.length;i++)o[i].style.display=\"none\";for(i=0;i<a.length;i++)s=a[i],e.source===s.contentWindow&&(s.removeAttribute(\"style\"),\"height\"===t.message?(1e3<(r=parseInt(t.value,10))?r=1e3:~~r<200&&(r=200),s.height=r):\"link\"===t.message&&(r=new URL(s.getAttribute(\"src\")),n=new URL(t.value),c.test(n.protocol))&&n.host===r.host&&l.activeElement===s&&(d.top.location.href=t.value))}},d.addEventListener(\"message\",d.wp.receiveEmbedMessage,!1),l.addEventListener(\"DOMContentLoaded\",function(){for(var e,t,s=l.querySelectorAll(\"iframe.wp-embedded-content\"),r=0;r<s.length;r++)(t=(e=s[r]).getAttribute(\"data-secret\"))||(t=Math.random().toString(36).substring(2,12),e.src+=\"#?secret=\"+t,e.setAttribute(\"data-secret\",t)),e.contentWindow.postMessage({message:\"ready\",secret:t},\"*\")},!1)))}(window,document);\n\/\/# sourceURL=https:\/\/www.eldiario.net\/portal\/wp-includes\/js\/wp-embed.min.js\n<\/script>\n","thumbnail_url":"https:\/\/www.eldiario.net\/portal\/wp-content\/uploads\/2021\/06\/Pol-100.jpg","thumbnail_width":810,"thumbnail_height":540,"description":"Tras los incidentes registrados en instalaciones de la Asamblea Legislativa Plurinacional (ALP) durante la interpelaci\u00f3n al ministro de Gobierno, Eduardo del Castillo, el diputado por la agrupaci\u00f3n Comunidad Ciudadana (CC) Alberto Astorga pidi\u00f3 que la autoridad d\u00e9 un paso al costado por ser el principal responsable de los altercados y las aglomeraciones que se produjeron [&hellip;]"}

Tras los incidentes registrados en instalaciones de la Asamblea Legislativa Plurinacional (ALP) durante la interpelación al ministro de Gobierno, Eduardo del Castillo, el diputado por la agrupación Comunidad Ciudadana (CC) Alberto Astorga pidió que la autoridad dé un paso al costado por ser el principal responsable de los altercados y las aglomeraciones que se produjeron [&hellip;]
